{"id":9995,"date":"2024-10-11T22:42:29","date_gmt":"2024-10-11T22:42:29","guid":{"rendered":"https:\/\/site.astrofoto.com.pt\/welcome\/?post_type=product&#038;p=9995"},"modified":"2024-10-11T22:45:24","modified_gmt":"2024-10-11T22:45:24","slug":"camara-starlight-xpress-oculus-180","status":"publish","type":"product","link":"https:\/\/site.astrofoto.com.pt\/welcome\/produto\/camara-starlight-xpress-oculus-180\/","title":{"rendered":"Camara Starlight Xpress OCULUS 180"},"content":{"rendered":"<p><strong>Camara Starlight Xpress OCULUS 180<\/strong><\/p>\n<p>Oculus \u00e9 o novo padr\u00e3o para monitorar o c\u00e9u:\u00a0 meteoros e b\u00f3lides \u00e0 vista &#8211; tamb\u00e9m ideal para observat\u00f3rios remotos!<\/p>\n<p>Um sensor CCD da Sony \u00e9 usado nesta c\u00e2mara, que apresenta baixo ru\u00eddo e um obturador eletr\u00f4nico muito r\u00e1pido.<br \/>\nA lente olho de peixe tem uma r\u00e1pida rela\u00e7\u00e3o focal de f\/2 e um campo de vis\u00e3o completo de 180\u00b0 de horizonte a horizonte.<\/p>\n<p>A c\u00e2mara est\u00e1 alojada sob uma pequena c\u00fapula de policarbonato, tornando-a \u00e0 prova de intemp\u00e9ries. A posi\u00e7\u00e3o da c\u00e2mara sob a c\u00fapula altamente polida foi escolhida para que quaisquer distor\u00e7\u00f5es sejam minimizadas. Uma placa de montagem em L com montagem de trip\u00e9 de 1\/4&#8243; vem inclu\u00edda. A placa tamb\u00e9m permite que a c\u00e2mara seja montada em um edif\u00edcio ou observat\u00f3rio.<br \/>\nA c\u00e2mara Oculus \u00e9 alimentada por meio de USB, como \u00e9 comum com outras c\u00e2maras CCD de astronomia. Ela tamb\u00e9m tem uma ficha de 12 V para o aquecedor embutido que protege a c\u00e2mara da forma\u00e7\u00e3o de orvalho.<br \/>\nO software incluido permite uma s\u00e9rie de imagens que podem ser combinadas em um v\u00eddeo AVI para mostrar os eventos da noite.<br \/>\nA Starlight Xpress usa at\u00e9 mesmo chips CCD de qualidade grade 1 ou superior exclusivamente para esta c\u00e2mara!<\/p>\n<p>Megapixel: 1,45<br \/>\nSensor:Chip CCD (Sony ICX205AL)<br \/>\nAnti-blooming<br \/>\nRu\u00eddo do leitor:7<br \/>\nFull Well Capacity:15000<br \/>\nDark current: 0,1<br \/>\nBITS: 16bits<br \/>\nInterfaces: USB 2.0<br \/>\nAlimenta\u00e7\u00e3o: 12V<br \/>\nAmperagem: 1000mA<br \/>\nEfici\u00eancia qu\u00e2ntica: 50% @500nm<br \/>\nChip &#8211; Diagonal: 8mm<br \/>\nTamanho do chip 6,4 x 4,75mm<br \/>\nDi\u00e2metro: 95mm<br \/>\nAltura: 150mm<\/p>\n","protected":false},"excerpt":{"rendered":"<p>Camara Starlight Xpress OCULUS 180 Oculus \u00e9 o novo padr\u00e3o para monitorar o c\u00e9u:\u00a0 meteoros e b\u00f3lides \u00e0 vista &#8211; tamb\u00e9m ideal para observat\u00f3rios remotos! Um sensor CCD da Sony \u00e9 usado nesta c\u00e2mara, que apresenta baixo ru\u00eddo e um obturador eletr\u00f4nico muito r\u00e1pido. A lente olho de peixe tem uma r\u00e1pida rela\u00e7\u00e3o focal de<\/p>\n<div class=\"more-link\">\n\t\t\t\t <a href=\"https:\/\/site.astrofoto.com.pt\/welcome\/produto\/camara-starlight-xpress-oculus-180\/\" class=\"btn theme-btn inverted\"><span>Continuar a Ler <\/span><\/a>\n\t\t\t<\/div>\n","protected":false},"featured_media":9997,"comment_status":"closed","ping_status":"closed","template":"","meta":[],"product_brand":[],"product_cat":[24],"product_tag":[],"class_list":{"0":"post-9995","1":"product","2":"type-product","3":"status-publish","4":"has-post-thumbnail","6":"product_cat-fotografia-astronomica","8":"first","9":"onbackorder","10":"sale","11":"shipping-taxable","12":"purchasable","13":"product-type-simple"},"_links":{"self":[{"href":"https:\/\/site.astrofoto.com.pt\/welcome\/wp-json\/wp\/v2\/product\/9995","targetHints":{"allow":["GET"]}}],"collection":[{"href":"https:\/\/site.astrofoto.com.pt\/welcome\/wp-json\/wp\/v2\/product"}],"about":[{"href":"https:\/\/site.astrofoto.com.pt\/welcome\/wp-json\/wp\/v2\/types\/product"}],"replies":[{"embeddable":true,"href":"https:\/\/site.astrofoto.com.pt\/welcome\/wp-json\/wp\/v2\/comments?post=9995"}],"wp:featuredmedia":[{"embeddable":true,"href":"https:\/\/site.astrofoto.com.pt\/welcome\/wp-json\/wp\/v2\/media\/9997"}],"wp:attachment":[{"href":"https:\/\/site.astrofoto.com.pt\/welcome\/wp-json\/wp\/v2\/media?parent=9995"}],"wp:term":[{"taxonomy":"product_brand","embeddable":true,"href":"https:\/\/site.astrofoto.com.pt\/welcome\/wp-json\/wp\/v2\/product_brand?post=9995"},{"taxonomy":"product_cat","embeddable":true,"href":"https:\/\/site.astrofoto.com.pt\/welcome\/wp-json\/wp\/v2\/product_cat?post=9995"},{"taxonomy":"product_tag","embeddable":true,"href":"https:\/\/site.astrofoto.com.pt\/welcome\/wp-json\/wp\/v2\/product_tag?post=9995"}],"curies":[{"name":"wp","href":"https:\/\/api.w.org\/{rel}","templated":true}]}}