{"id":9985,"date":"2024-10-11T21:36:12","date_gmt":"2024-10-11T21:36:12","guid":{"rendered":"https:\/\/site.astrofoto.com.pt\/welcome\/?post_type=product&#038;p=9985"},"modified":"2024-10-11T21:47:12","modified_gmt":"2024-10-11T21:47:12","slug":"telescopio-celestron-astrograph-s-203-400-rasa-800-ota","status":"publish","type":"product","link":"https:\/\/site.astrofoto.com.pt\/welcome\/produto\/telescopio-celestron-astrograph-s-203-400-rasa-800-ota\/","title":{"rendered":"Telescopio Celestron Astrograph S 203\/400 RASA 800 OTA"},"content":{"rendered":"<p><strong>Telescopio Celestron Astrograph S 203\/400 RASA 800 OTA <\/strong><\/p>\n<p>Este astr\u00f3grafo torna muito f\u00e1cil criar fotos com uma DSLR moderna ou c\u00e2mara CCD. O novo design \u00f3ptico tem um corretor de quatro lentes, incorporando vidro de alta qualidade, que suprime aberra\u00e7\u00f5es crom\u00e1ticas e outros problemas como coma e curvatura de campo. Nunca antes um astr\u00f3grafo nessa faixa de pre\u00e7o produziu tal qualidade \u00f3ptica e tamanho pontual em todo o campo da imagem. O design tamb\u00e9m permite uma vinhetagem muito baixa.<\/p>\n<p>\u00d3ptica super-r\u00e1pida de 11&#8243; f2.2 &#8211; imagens n\u00edtidas no formato APS e \u00e9 otimizada at\u00e9 mesmo para tamanhos de sensor de at\u00e9 70 mm na diagonal do campo.<br \/>\nTempos de exposi\u00e7\u00e3o extremamente curtos &#8211; o RASA Astrograph adquire imagens vinte vezes mais r\u00e1pido do que em f10! Trinta segundos em f2.2 correspondem a dez minutos em f10 &#8211; o controle de seguimento \u00e9, portanto, sup\u00e9rfluo!<br \/>\nGrande campo de vis\u00e3o &#8211; com uma dist\u00e2ncia focal de 620 mm, torna as fotos em grande angular muito f\u00e1ceis e voc\u00ea sempre tem uma vis\u00e3o geral<br \/>\nExcelente mecanismo de foco &#8211; novos rolamentos de bronze reduzem o deslocamento da imagem, o microfocador FeatherTouch 10:1 permite foco altamente preciso!<br \/>\nRecursos inovadores &#8211; O ventilador MagLev de 12 V mais silencioso reduz a fase de resfriamento, mant\u00e9m a poeira afastada e permite a circula\u00e7\u00e3o de ar ideal no OTA. V\u00e1rios adaptadores para marcas populares de c\u00e2meras est\u00e3o inclu\u00eddos. Foco traseiro para os adaptadores fornecidos pela c\u00e2mera: 55 mm, foco traseiro para o grupo de lentes frontal: 69,26 mm<\/p>\n<p>RASA significa Rowe-Ackermann-Schmidt Astrograph &#8211; Dave Rowe e Mark Ackermann s\u00e3o renomados designers de instrumentos \u00f3pticos. Juntos, eles det\u00eam in\u00fameras patentes sobre suas inven\u00e7\u00f5es.<\/p>\n<p>Nota: O RASA 800 n\u00e3o funciona com c\u00e2maras DSLR comuns (por causa de um curto backfocus). \u00c9 recomendado usar o RASA 800 com c\u00e2meras sem espelho ou pequenas c\u00e2maras astron\u00f4micas CCD ou CMOS dedicadas.<\/p>\n<p>Reflector Astrograph<br \/>\nAbertura: 203mm<br \/>\nDist\u00e2ncia Focal: 400mm<br \/>\nRaz\u00e3o Focal: f\/2<br \/>\nResolu\u00e7\u00e3o:0,68<br \/>\nLight gathering capacity:843<br \/>\nComprimento do Tubo:628mm<br \/>\nCoating: Starbright XLT<br \/>\nMaterial do Tubo:Aluminium<br \/>\nPeso do Tubo: 7,9Kg<br \/>\nMagnitude m\u00e1xiam:13,3<br \/>\nDi^`ametro do Tubo:235mm<br \/>\nTube construction<br \/>\nObstru\u00e7\u00e3o do secund\u00e1rio:46<br \/>\nDi\u00e2metro do secund\u00e1rio:93mm<br \/>\nVentila\u00e7\u00e3odo prim\u00e1rio<br \/>\nFocador Crayford (Backfocus: 29mm &amp; 25mm)<br \/>\nDupla velocidade 1:10<\/p>\n<p>Acessorios incluidos:<br \/>\nDovetail tipo Losmandi<br \/>\nSauda para c\u00e2mara: M42 &amp; C-mount<br \/>\nCamera adaptor<br \/>\nM42 &amp; C-Mount<br \/>\nCompartimento de baterias (AA, LR6)<br \/>\nPega de transporte<\/p>\n","protected":false},"excerpt":{"rendered":"<p>Telescopio Celestron Astrograph S 203\/400 RASA 800 OTA Este astr\u00f3grafo torna muito f\u00e1cil criar fotos com uma DSLR moderna ou c\u00e2mara CCD. O novo design \u00f3ptico tem um corretor de quatro lentes, incorporando vidro de alta qualidade, que suprime aberra\u00e7\u00f5es crom\u00e1ticas e outros problemas como coma e curvatura de campo. Nunca antes um astr\u00f3grafo nessa<\/p>\n<div class=\"more-link\">\n\t\t\t\t <a href=\"https:\/\/site.astrofoto.com.pt\/welcome\/produto\/telescopio-celestron-astrograph-s-203-400-rasa-800-ota\/\" class=\"btn theme-btn inverted\"><span>Continuar a Ler <\/span><\/a>\n\t\t\t<\/div>\n","protected":false},"featured_media":9993,"comment_status":"closed","ping_status":"closed","template":"","meta":[],"product_brand":[],"product_cat":[24,16],"product_tag":[],"class_list":{"0":"post-9985","1":"product","2":"type-product","3":"status-publish","4":"has-post-thumbnail","6":"product_cat-fotografia-astronomica","7":"product_cat-telescopios-refractores","9":"first","10":"onbackorder","11":"shipping-taxable","12":"purchasable","13":"product-type-simple"},"_links":{"self":[{"href":"https:\/\/site.astrofoto.com.pt\/welcome\/wp-json\/wp\/v2\/product\/9985","targetHints":{"allow":["GET"]}}],"collection":[{"href":"https:\/\/site.astrofoto.com.pt\/welcome\/wp-json\/wp\/v2\/product"}],"about":[{"href":"https:\/\/site.astrofoto.com.pt\/welcome\/wp-json\/wp\/v2\/types\/product"}],"replies":[{"embeddable":true,"href":"https:\/\/site.astrofoto.com.pt\/welcome\/wp-json\/wp\/v2\/comments?post=9985"}],"wp:featuredmedia":[{"embeddable":true,"href":"https:\/\/site.astrofoto.com.pt\/welcome\/wp-json\/wp\/v2\/media\/9993"}],"wp:attachment":[{"href":"https:\/\/site.astrofoto.com.pt\/welcome\/wp-json\/wp\/v2\/media?parent=9985"}],"wp:term":[{"taxonomy":"product_brand","embeddable":true,"href":"https:\/\/site.astrofoto.com.pt\/welcome\/wp-json\/wp\/v2\/product_brand?post=9985"},{"taxonomy":"product_cat","embeddable":true,"href":"https:\/\/site.astrofoto.com.pt\/welcome\/wp-json\/wp\/v2\/product_cat?post=9985"},{"taxonomy":"product_tag","embeddable":true,"href":"https:\/\/site.astrofoto.com.pt\/welcome\/wp-json\/wp\/v2\/product_tag?post=9985"}],"curies":[{"name":"wp","href":"https:\/\/api.w.org\/{rel}","templated":true}]}}