{"id":9926,"date":"2024-09-09T11:04:00","date_gmt":"2024-09-09T11:04:00","guid":{"rendered":"https:\/\/site.astrofoto.com.pt\/welcome\/?post_type=product&#038;p=9926"},"modified":"2024-09-09T11:51:35","modified_gmt":"2024-09-09T11:51:35","slug":"camara-zwo-asi-2600-mc-pro-color","status":"publish","type":"product","link":"https:\/\/site.astrofoto.com.pt\/welcome\/produto\/camara-zwo-asi-2600-mc-pro-color\/","title":{"rendered":"Camara ZWO ASI 2600 MC Pro Color"},"content":{"rendered":"<p><strong>Camara ZWO ASI 2600 MC Pro Color <\/strong><\/p>\n<p>Sensor: CMOS Chip Sony IMX571<br \/>\nTamanho do Chip: 23,5 x 15,7mm<br \/>\nMegapixel 26Mp<br \/>\nPixel size 3.76\u00b5<br \/>\nResolution Photograph 6248 x 4176 pixeis<br \/>\n16 Bits<br \/>\nArrefecimento activo<br \/>\nTempos de exposi\u00e7\u00e3o: \u00a032us &#8211; 2000s<br \/>\nInterfaces USB 3.0 &amp; USB 2.0<br \/>\nLiga\u00e7\u00e3o ao Telescopio: T2 femea <span class=\"PBLongTxt PBItemDesc ng-scope ng-isolate-scope c-app-product-tabs c-app-product-tabs--tabs c-app-product-tabs--horizontal c-app-product-tabs--left\">+ 50.8mm<\/span><br \/>\nDimens\u00f5es: 7.68 mm x 4.32 mm<br \/>\nTamanho do pixel: 3,76<br \/>\nCamara a cores<br \/>\nTemperatura de opera\u00e7\u00e3o -5\u00ba a 45\u00ba<br \/>\nMax. arrefecimento em rela\u00e7\u00e3o ao ambiente: 35\u00ba<br \/>\nImagens por Segundo 3,5<br \/>\nReading noise 1,0 \u2013 3,3<br \/>\nFull Well Capacity 50.000<br \/>\nFlange focal distance 17,5mm<br \/>\nAlimenta\u00e7\u00e3o: 12 (3A)<br \/>\nChip \u2013 Diagonal 28,3mm<br \/>\nbuffer da memoria: 256MB<br \/>\nMemoria interna: DDR3 RAM<br \/>\nPeso 700g<br \/>\nDiametro: 90mm<br \/>\nComprimento: 97mm<\/p>\n<p>&nbsp;<\/p>\n","protected":false},"excerpt":{"rendered":"<p>Camara ZWO ASI 2600 MC Pro Color Sensor: CMOS Chip Sony IMX571 Tamanho do Chip: 23,5 x 15,7mm Megapixel 26Mp Pixel size 3.76\u00b5 Resolution Photograph 6248 x 4176 pixeis 16 Bits Arrefecimento activo Tempos de exposi\u00e7\u00e3o: \u00a032us &#8211; 2000s Interfaces USB 3.0 &amp; USB 2.0 Liga\u00e7\u00e3o ao Telescopio: T2 femea + 50.8mm Dimens\u00f5es: 7.68 mm<\/p>\n<div class=\"more-link\">\n\t\t\t\t <a href=\"https:\/\/site.astrofoto.com.pt\/welcome\/produto\/camara-zwo-asi-2600-mc-pro-color\/\" class=\"btn theme-btn inverted\"><span>Continuar a Ler <\/span><\/a>\n\t\t\t<\/div>\n","protected":false},"featured_media":9931,"comment_status":"closed","ping_status":"closed","template":"","meta":[],"product_brand":[],"product_cat":[24],"product_tag":[],"class_list":{"0":"post-9926","1":"product","2":"type-product","3":"status-publish","4":"has-post-thumbnail","6":"product_cat-fotografia-astronomica","8":"first","9":"onbackorder","10":"sale","11":"shipping-taxable","12":"purchasable","13":"product-type-simple"},"_links":{"self":[{"href":"https:\/\/site.astrofoto.com.pt\/welcome\/wp-json\/wp\/v2\/product\/9926","targetHints":{"allow":["GET"]}}],"collection":[{"href":"https:\/\/site.astrofoto.com.pt\/welcome\/wp-json\/wp\/v2\/product"}],"about":[{"href":"https:\/\/site.astrofoto.com.pt\/welcome\/wp-json\/wp\/v2\/types\/product"}],"replies":[{"embeddable":true,"href":"https:\/\/site.astrofoto.com.pt\/welcome\/wp-json\/wp\/v2\/comments?post=9926"}],"wp:featuredmedia":[{"embeddable":true,"href":"https:\/\/site.astrofoto.com.pt\/welcome\/wp-json\/wp\/v2\/media\/9931"}],"wp:attachment":[{"href":"https:\/\/site.astrofoto.com.pt\/welcome\/wp-json\/wp\/v2\/media?parent=9926"}],"wp:term":[{"taxonomy":"product_brand","embeddable":true,"href":"https:\/\/site.astrofoto.com.pt\/welcome\/wp-json\/wp\/v2\/product_brand?post=9926"},{"taxonomy":"product_cat","embeddable":true,"href":"https:\/\/site.astrofoto.com.pt\/welcome\/wp-json\/wp\/v2\/product_cat?post=9926"},{"taxonomy":"product_tag","embeddable":true,"href":"https:\/\/site.astrofoto.com.pt\/welcome\/wp-json\/wp\/v2\/product_tag?post=9926"}],"curies":[{"name":"wp","href":"https:\/\/api.w.org\/{rel}","templated":true}]}}