{"id":9766,"date":"2024-06-12T11:01:51","date_gmt":"2024-06-12T11:01:51","guid":{"rendered":"https:\/\/site.astrofoto.com.pt\/welcome\/?post_type=product&#038;p=9766"},"modified":"2024-06-12T12:31:41","modified_gmt":"2024-06-12T12:31:41","slug":"vixen-polarie-star-tracker-usada","status":"publish","type":"product","link":"https:\/\/site.astrofoto.com.pt\/welcome\/produto\/vixen-polarie-star-tracker-usada\/","title":{"rendered":"Vixen Polarie Star Tracker usada"},"content":{"rendered":"<p><strong>Vixen Polarie Star Tracker usada<\/strong><\/p>\n<p><em>\u25baAs negocia\u00e7\u00f5es ser\u00e3o diretas entre vendedor e comprador<\/em><br \/>\n<em>Apenas garantimos o estado do equipamento e, neste caso, a idoneidade do vendedor.<\/em><br \/>\n<em>\u25baN\u00e3o\u00a0 efetue pagamentos antes da conclus\u00e3o das negocia\u00e7\u00f5es<\/em><\/p>\n<p>Tens\u00e3o de alimenta\u00e7\u00e3o: 3V<br \/>\nTemperatura de opera\u00e7\u00e3o:0 &#8211; 40<br \/>\nTipo de Baterias: 2xAA (n\u00e3o inclu\u00eddas).<br \/>\nCapacidade de carga: 2Kg<br \/>\nLiga\u00e7\u00e3o ao trip\u00e9:1\/4&#8243; e 3\/8&#8243;<br \/>\nMaterial: Aluminio<\/p>\n<p>\u25ba um &#8220;seguidor&#8221; dos astros para a sua c\u00e2mara. Simples e leve para poder viajar.<\/p>\n<p>#HM<\/p>\n","protected":false},"excerpt":{"rendered":"<p>Vixen Polarie Star Tracker usada \u25baAs negocia\u00e7\u00f5es ser\u00e3o diretas entre vendedor e comprador Apenas garantimos o estado do equipamento e, neste caso, a idoneidade do vendedor. \u25baN\u00e3o\u00a0 efetue pagamentos antes da conclus\u00e3o das negocia\u00e7\u00f5es Tens\u00e3o de alimenta\u00e7\u00e3o: 3V Temperatura de opera\u00e7\u00e3o:0 &#8211; 40 Tipo de Baterias: 2xAA (n\u00e3o inclu\u00eddas). Capacidade de carga: 2Kg Liga\u00e7\u00e3o ao<\/p>\n<div class=\"more-link\">\n\t\t\t\t <a href=\"https:\/\/site.astrofoto.com.pt\/welcome\/produto\/vixen-polarie-star-tracker-usada\/\" class=\"btn theme-btn inverted\"><span>Continuar a Ler <\/span><\/a>\n\t\t\t<\/div>\n","protected":false},"featured_media":9775,"comment_status":"closed","ping_status":"closed","template":"","meta":[],"product_brand":[],"product_cat":[24,46],"product_tag":[],"class_list":{"0":"post-9766","1":"product","2":"type-product","3":"status-publish","4":"has-post-thumbnail","6":"product_cat-fotografia-astronomica","7":"product_cat-usados","9":"first","10":"onbackorder","11":"sale","12":"shipping-taxable","13":"purchasable","14":"product-type-simple"},"_links":{"self":[{"href":"https:\/\/site.astrofoto.com.pt\/welcome\/wp-json\/wp\/v2\/product\/9766","targetHints":{"allow":["GET"]}}],"collection":[{"href":"https:\/\/site.astrofoto.com.pt\/welcome\/wp-json\/wp\/v2\/product"}],"about":[{"href":"https:\/\/site.astrofoto.com.pt\/welcome\/wp-json\/wp\/v2\/types\/product"}],"replies":[{"embeddable":true,"href":"https:\/\/site.astrofoto.com.pt\/welcome\/wp-json\/wp\/v2\/comments?post=9766"}],"wp:featuredmedia":[{"embeddable":true,"href":"https:\/\/site.astrofoto.com.pt\/welcome\/wp-json\/wp\/v2\/media\/9775"}],"wp:attachment":[{"href":"https:\/\/site.astrofoto.com.pt\/welcome\/wp-json\/wp\/v2\/media?parent=9766"}],"wp:term":[{"taxonomy":"product_brand","embeddable":true,"href":"https:\/\/site.astrofoto.com.pt\/welcome\/wp-json\/wp\/v2\/product_brand?post=9766"},{"taxonomy":"product_cat","embeddable":true,"href":"https:\/\/site.astrofoto.com.pt\/welcome\/wp-json\/wp\/v2\/product_cat?post=9766"},{"taxonomy":"product_tag","embeddable":true,"href":"https:\/\/site.astrofoto.com.pt\/welcome\/wp-json\/wp\/v2\/product_tag?post=9766"}],"curies":[{"name":"wp","href":"https:\/\/api.w.org\/{rel}","templated":true}]}}