{"id":9486,"date":"2024-02-09T15:26:25","date_gmt":"2024-02-09T15:26:25","guid":{"rendered":"https:\/\/site.astrofoto.com.pt\/welcome\/?post_type=product&#038;p=9486"},"modified":"2024-07-23T12:06:33","modified_gmt":"2024-07-23T12:06:33","slug":"camara-zwo-asi-662mc-cor","status":"publish","type":"product","link":"https:\/\/site.astrofoto.com.pt\/welcome\/produto\/camara-zwo-asi-662mc-cor\/","title":{"rendered":"Camara ZWO ASI 662MC Cor"},"content":{"rendered":"<p><strong>Camara ZWO ASI 662MC Cor<\/strong><\/p>\n<p>\u2022 Sensor: CMOS Sony IMX662<br \/>\n\u2022 Megapixel: 2,1<br \/>\n\u2022 Resolu\u00e7\u00e3o: 1920 x 1080 px<br \/>\n\u2022 Tamanho de pixel: 2,9 x 2,9 \u00b5m<br \/>\n\u2022 USB 3.0<br \/>\n\u2022 Bit: 12<br \/>\n\u2022 Temperatura de funcionamento: -5\u00ba a +45\u00ba<br \/>\n\u2022 Tempo de exposi\u00e7\u00e3o m\u00e1xima: 2000s<br \/>\n\u2022 Tempo de exposi\u00e7\u00e3o min.: 32 \u00b5s<br \/>\n\u2022 Imagens por segundo: 107<br \/>\n\u2022 Chip \u2013 Diagonal: 12,84 mm<br \/>\n\u2022 Tamanho do chip: 5,6 x 3,1 mm<br \/>\n\u2022 Autoguider: RJ12 compativel ST4<br \/>\n\u2022 Alimenta\u00e7\u00e3o 5v (USB)<br \/>\n\u2022 Entrada (Telescopio): T2<br \/>\n\u2022 Peso: 126gr<\/p>\n","protected":false},"excerpt":{"rendered":"<p>Camara ZWO ASI 662MC Cor \u2022 Sensor: CMOS Sony IMX662 \u2022 Megapixel: 2,1 \u2022 Resolu\u00e7\u00e3o: 1920 x 1080 px \u2022 Tamanho de pixel: 2,9 x 2,9 \u00b5m \u2022 USB 3.0 \u2022 Bit: 12 \u2022 Temperatura de funcionamento: -5\u00ba a +45\u00ba \u2022 Tempo de exposi\u00e7\u00e3o m\u00e1xima: 2000s \u2022 Tempo de exposi\u00e7\u00e3o min.: 32 \u00b5s \u2022 Imagens<\/p>\n<div class=\"more-link\">\n\t\t\t\t <a href=\"https:\/\/site.astrofoto.com.pt\/welcome\/produto\/camara-zwo-asi-662mc-cor\/\" class=\"btn theme-btn inverted\"><span>Continuar a Ler <\/span><\/a>\n\t\t\t<\/div>\n","protected":false},"featured_media":9487,"comment_status":"closed","ping_status":"closed","template":"","meta":[],"product_brand":[],"product_cat":[24],"product_tag":[],"class_list":{"0":"post-9486","1":"product","2":"type-product","3":"status-publish","4":"has-post-thumbnail","6":"product_cat-fotografia-astronomica","8":"first","9":"onbackorder","10":"sale","11":"shipping-taxable","12":"purchasable","13":"product-type-simple"},"_links":{"self":[{"href":"https:\/\/site.astrofoto.com.pt\/welcome\/wp-json\/wp\/v2\/product\/9486","targetHints":{"allow":["GET"]}}],"collection":[{"href":"https:\/\/site.astrofoto.com.pt\/welcome\/wp-json\/wp\/v2\/product"}],"about":[{"href":"https:\/\/site.astrofoto.com.pt\/welcome\/wp-json\/wp\/v2\/types\/product"}],"replies":[{"embeddable":true,"href":"https:\/\/site.astrofoto.com.pt\/welcome\/wp-json\/wp\/v2\/comments?post=9486"}],"wp:featuredmedia":[{"embeddable":true,"href":"https:\/\/site.astrofoto.com.pt\/welcome\/wp-json\/wp\/v2\/media\/9487"}],"wp:attachment":[{"href":"https:\/\/site.astrofoto.com.pt\/welcome\/wp-json\/wp\/v2\/media?parent=9486"}],"wp:term":[{"taxonomy":"product_brand","embeddable":true,"href":"https:\/\/site.astrofoto.com.pt\/welcome\/wp-json\/wp\/v2\/product_brand?post=9486"},{"taxonomy":"product_cat","embeddable":true,"href":"https:\/\/site.astrofoto.com.pt\/welcome\/wp-json\/wp\/v2\/product_cat?post=9486"},{"taxonomy":"product_tag","embeddable":true,"href":"https:\/\/site.astrofoto.com.pt\/welcome\/wp-json\/wp\/v2\/product_tag?post=9486"}],"curies":[{"name":"wp","href":"https:\/\/api.w.org\/{rel}","templated":true}]}}