{"id":9475,"date":"2024-02-06T13:58:44","date_gmt":"2024-02-06T13:58:44","guid":{"rendered":"https:\/\/site.astrofoto.com.pt\/welcome\/?post_type=product&#038;p=9475"},"modified":"2024-07-15T18:37:50","modified_gmt":"2024-07-15T18:37:50","slug":"colimador-tsoptics-led-para-ritchey-chretien","status":"publish","type":"product","link":"https:\/\/site.astrofoto.com.pt\/welcome\/produto\/colimador-tsoptics-led-para-ritchey-chretien\/","title":{"rendered":"Colimador TSoptics LED 2&#8243; para Ritchey Chretien"},"content":{"rendered":"<p><strong>Colimador LED 2&#8243; TSoptics para Ritchey Chretien<\/strong><\/p>\n<p>O colimador TSRCKOLLI foi desenvolvido para telesc\u00f3pios Ritchey-Chr\u00e9tien, mas tamb\u00e9m para todos os outros tipos de telesc\u00f3pios, como refratores, Newtonianos ou SC.<\/p>\n<p>O corretor permite a colima\u00e7\u00e3o de quase todos os sistemas \u00f3pticos com alta precis\u00e3o. Adequado para todos as saidas de 2&#8243; feito com precis\u00e3o para evitar inclina\u00e7\u00e3o Os LEDs s\u00e3o alimentados por uma bateria de l\u00edtio padr\u00e3o (bateria n\u00e3o inclu\u00edda)<br \/>\nRecomendamos o colimador principalmente para telesc\u00f3pios RC, Cassegrains e Schmidt Cassegrains, desde que tenham uma <strong>marca central no espelho secund\u00e1rio<\/strong><br \/>\nAssim, um estado de colima\u00e7\u00e3o m\u00e1ximo do telesc\u00f3pio pode ser alcan\u00e7ado mesmo \u00e0 luz do dia.<\/p>\n<p>\u25ba Criado especialmente para a colima\u00e7\u00e3o dos Telescopios Ritchey-Chretien, mas pode ser usado em S\/C e Maksutov<br \/>\n\u2022 Para 2&#8243; sem folgas<br \/>\n\u2022 LEDs alimentados por bateria LED (n\u00e3o incluidas)<br \/>\n\u25ba Opera\u00e7\u00e3o possivel mesmo de dia<\/p>\n","protected":false},"excerpt":{"rendered":"<p>Colimador LED 2&#8243; TSoptics para Ritchey Chretien O colimador TSRCKOLLI foi desenvolvido para telesc\u00f3pios Ritchey-Chr\u00e9tien, mas tamb\u00e9m para todos os outros tipos de telesc\u00f3pios, como refratores, Newtonianos ou SC. O corretor permite a colima\u00e7\u00e3o de quase todos os sistemas \u00f3pticos com alta precis\u00e3o. Adequado para todos as saidas de 2&#8243; feito com precis\u00e3o para evitar<\/p>\n<div class=\"more-link\">\n\t\t\t\t <a href=\"https:\/\/site.astrofoto.com.pt\/welcome\/produto\/colimador-tsoptics-led-para-ritchey-chretien\/\" class=\"btn theme-btn inverted\"><span>Continuar a Ler <\/span><\/a>\n\t\t\t<\/div>\n","protected":false},"featured_media":9477,"comment_status":"closed","ping_status":"closed","template":"","meta":[],"product_brand":[],"product_cat":[51,78],"product_tag":[],"class_list":{"0":"post-9475","1":"product","2":"type-product","3":"status-publish","4":"has-post-thumbnail","6":"product_cat-acessorios-para-telescopios","7":"product_cat-colimacao","9":"first","10":"onbackorder","11":"shipping-taxable","12":"purchasable","13":"product-type-simple"},"_links":{"self":[{"href":"https:\/\/site.astrofoto.com.pt\/welcome\/wp-json\/wp\/v2\/product\/9475","targetHints":{"allow":["GET"]}}],"collection":[{"href":"https:\/\/site.astrofoto.com.pt\/welcome\/wp-json\/wp\/v2\/product"}],"about":[{"href":"https:\/\/site.astrofoto.com.pt\/welcome\/wp-json\/wp\/v2\/types\/product"}],"replies":[{"embeddable":true,"href":"https:\/\/site.astrofoto.com.pt\/welcome\/wp-json\/wp\/v2\/comments?post=9475"}],"wp:featuredmedia":[{"embeddable":true,"href":"https:\/\/site.astrofoto.com.pt\/welcome\/wp-json\/wp\/v2\/media\/9477"}],"wp:attachment":[{"href":"https:\/\/site.astrofoto.com.pt\/welcome\/wp-json\/wp\/v2\/media?parent=9475"}],"wp:term":[{"taxonomy":"product_brand","embeddable":true,"href":"https:\/\/site.astrofoto.com.pt\/welcome\/wp-json\/wp\/v2\/product_brand?post=9475"},{"taxonomy":"product_cat","embeddable":true,"href":"https:\/\/site.astrofoto.com.pt\/welcome\/wp-json\/wp\/v2\/product_cat?post=9475"},{"taxonomy":"product_tag","embeddable":true,"href":"https:\/\/site.astrofoto.com.pt\/welcome\/wp-json\/wp\/v2\/product_tag?post=9475"}],"curies":[{"name":"wp","href":"https:\/\/api.w.org\/{rel}","templated":true}]}}