{"id":9275,"date":"2023-10-09T13:05:45","date_gmt":"2023-10-09T13:05:45","guid":{"rendered":"https:\/\/site.astrofoto.com.pt\/welcome\/?post_type=product&#038;p=9275"},"modified":"2023-11-21T10:38:28","modified_gmt":"2023-11-21T10:38:28","slug":"9275","status":"publish","type":"product","link":"https:\/\/site.astrofoto.com.pt\/welcome\/produto\/9275\/","title":{"rendered":"Camara ZWO ASI 533 MC Cor"},"content":{"rendered":"<p>&nbsp;<\/p>\n<p><strong>Camara ZWO ASI 533 MC Cor<\/strong><\/p>\n<p>\u2022 Sensor: CMOS Chip\u00a0 1&#8243; (Sony IMX533)<br \/>\n\u2022 Megapixel: 9<br \/>\n\u2022 Resolu\u00e7\u00e3o: 3008 x 3008<br \/>\n\u2022 Tamanho de pixel: 3,76 x 3,76 \u00b5m<br \/>\n\u2022 USB 3.0<br \/>\n\u2022 Bit: 14<br \/>\n\u2022 Temperatura de funcionamento: -5\u00ba a +45\u00ba<br \/>\n\u2022 Tempo de exposi\u00e7\u00e3o m\u00e1xima: 16 minutos<br \/>\n\u2022 Tempo de exposi\u00e7\u00e3o min.: 32 \u00b5s<br \/>\n\u2022 Imagens por segundo: 20<br \/>\n\u2022 Tamanho do chip: 1&#8243;<br \/>\n\u2022 Back Focus: 6,5mm \/ 17,5mm<br \/>\n\u2022 Entrada: T2<br \/>\n\u2022 Peso: 125gr<\/p>\n","protected":false},"excerpt":{"rendered":"<p>&nbsp; Camara ZWO ASI 533 MC Cor \u2022 Sensor: CMOS Chip\u00a0 1&#8243; (Sony IMX533) \u2022 Megapixel: 9 \u2022 Resolu\u00e7\u00e3o: 3008 x 3008 \u2022 Tamanho de pixel: 3,76 x 3,76 \u00b5m \u2022 USB 3.0 \u2022 Bit: 14 \u2022 Temperatura de funcionamento: -5\u00ba a +45\u00ba \u2022 Tempo de exposi\u00e7\u00e3o m\u00e1xima: 16 minutos \u2022 Tempo de exposi\u00e7\u00e3o min.:<\/p>\n<div class=\"more-link\">\n\t\t\t\t <a href=\"https:\/\/site.astrofoto.com.pt\/welcome\/produto\/9275\/\" class=\"btn theme-btn inverted\"><span>Continuar a Ler <\/span><\/a>\n\t\t\t<\/div>\n","protected":false},"featured_media":9276,"comment_status":"closed","ping_status":"closed","template":"","meta":[],"product_brand":[],"product_cat":[24],"product_tag":[],"class_list":{"0":"post-9275","1":"product","2":"type-product","3":"status-publish","4":"has-post-thumbnail","6":"product_cat-fotografia-astronomica","8":"first","9":"outofstock","10":"shipping-taxable","11":"purchasable","12":"product-type-simple"},"_links":{"self":[{"href":"https:\/\/site.astrofoto.com.pt\/welcome\/wp-json\/wp\/v2\/product\/9275","targetHints":{"allow":["GET"]}}],"collection":[{"href":"https:\/\/site.astrofoto.com.pt\/welcome\/wp-json\/wp\/v2\/product"}],"about":[{"href":"https:\/\/site.astrofoto.com.pt\/welcome\/wp-json\/wp\/v2\/types\/product"}],"replies":[{"embeddable":true,"href":"https:\/\/site.astrofoto.com.pt\/welcome\/wp-json\/wp\/v2\/comments?post=9275"}],"wp:featuredmedia":[{"embeddable":true,"href":"https:\/\/site.astrofoto.com.pt\/welcome\/wp-json\/wp\/v2\/media\/9276"}],"wp:attachment":[{"href":"https:\/\/site.astrofoto.com.pt\/welcome\/wp-json\/wp\/v2\/media?parent=9275"}],"wp:term":[{"taxonomy":"product_brand","embeddable":true,"href":"https:\/\/site.astrofoto.com.pt\/welcome\/wp-json\/wp\/v2\/product_brand?post=9275"},{"taxonomy":"product_cat","embeddable":true,"href":"https:\/\/site.astrofoto.com.pt\/welcome\/wp-json\/wp\/v2\/product_cat?post=9275"},{"taxonomy":"product_tag","embeddable":true,"href":"https:\/\/site.astrofoto.com.pt\/welcome\/wp-json\/wp\/v2\/product_tag?post=9275"}],"curies":[{"name":"wp","href":"https:\/\/api.w.org\/{rel}","templated":true}]}}