{"id":9095,"date":"2023-06-07T10:54:19","date_gmt":"2023-06-07T10:54:19","guid":{"rendered":"https:\/\/site.astrofoto.com.pt\/welcome\/?post_type=product&#038;p=9095"},"modified":"2025-01-30T23:29:45","modified_gmt":"2025-01-30T23:29:45","slug":"bijuteria-galaxys-constelacoes-do-zodiaco","status":"publish","type":"product","link":"https:\/\/site.astrofoto.com.pt\/welcome\/produto\/bijuteria-galaxys-constelacoes-do-zodiaco\/","title":{"rendered":"Bijuteria Galaxys Constela\u00e7\u00f5es do Zod\u00edaco"},"content":{"rendered":"<p><strong>Bijuteria Galaxys Constela\u00e7\u00f5es do Zod\u00edaco<br \/>\n<\/strong><em>\u25baPara aquisi\u00e7\u00e3o contactar:<\/em><br \/>\n<em>Centro Ci\u00eancia Viva de Const\u00e2ncia<\/em><br \/>\n<em>249 739 066 (chamada rede fixa nacional) <\/em><br \/>\n<em>911588984 (chamada rede m\u00f3vel nacional)<\/em><strong><br \/>\n<\/strong><\/p>\n<p>\u25baUma Constela\u00e7\u00e3o para voc\u00ea!!<\/p>\n<p>\u2022 Cord\u00e3o de couro 46cm<br \/>\n\u2022 pingente de 4 x 3 x 0,6cm.<\/p>\n<p>\u25baEscolha a sua!<br \/>\nAs constela\u00e7\u00f5es s\u00e3o um grupo de estrelas agrupadas em uma regi\u00e3o celeste que aparentemente formam uma determinada figura.<br \/>\nAlgumas dessas Constela\u00e7\u00f5es formam o grupo que conhecemos como Zod\u00edaco.<\/p>\n","protected":false},"excerpt":{"rendered":"<p>Bijuteria Galaxys Constela\u00e7\u00f5es do Zod\u00edaco \u25baPara aquisi\u00e7\u00e3o contactar: Centro Ci\u00eancia Viva de Const\u00e2ncia 249 739 066 (chamada rede fixa nacional) 911588984 (chamada rede m\u00f3vel nacional) \u25baUma Constela\u00e7\u00e3o para voc\u00ea!! \u2022 Cord\u00e3o de couro 46cm \u2022 pingente de 4 x 3 x 0,6cm. \u25baEscolha a sua! As constela\u00e7\u00f5es s\u00e3o um grupo de estrelas agrupadas em uma<\/p>\n<div class=\"more-link\">\n\t\t\t\t <a href=\"https:\/\/site.astrofoto.com.pt\/welcome\/produto\/bijuteria-galaxys-constelacoes-do-zodiaco\/\" class=\"btn theme-btn inverted\"><span>Continuar a Ler <\/span><\/a>\n\t\t\t<\/div>\n","protected":false},"featured_media":9096,"comment_status":"closed","ping_status":"closed","template":"","meta":[],"product_brand":[],"product_cat":[88],"product_tag":[],"class_list":{"0":"post-9095","1":"product","2":"type-product","3":"status-publish","4":"has-post-thumbnail","6":"product_cat-bijuteria-galatica","8":"first","9":"outofstock","10":"shipping-taxable","11":"purchasable","12":"product-type-simple"},"_links":{"self":[{"href":"https:\/\/site.astrofoto.com.pt\/welcome\/wp-json\/wp\/v2\/product\/9095","targetHints":{"allow":["GET"]}}],"collection":[{"href":"https:\/\/site.astrofoto.com.pt\/welcome\/wp-json\/wp\/v2\/product"}],"about":[{"href":"https:\/\/site.astrofoto.com.pt\/welcome\/wp-json\/wp\/v2\/types\/product"}],"replies":[{"embeddable":true,"href":"https:\/\/site.astrofoto.com.pt\/welcome\/wp-json\/wp\/v2\/comments?post=9095"}],"wp:featuredmedia":[{"embeddable":true,"href":"https:\/\/site.astrofoto.com.pt\/welcome\/wp-json\/wp\/v2\/media\/9096"}],"wp:attachment":[{"href":"https:\/\/site.astrofoto.com.pt\/welcome\/wp-json\/wp\/v2\/media?parent=9095"}],"wp:term":[{"taxonomy":"product_brand","embeddable":true,"href":"https:\/\/site.astrofoto.com.pt\/welcome\/wp-json\/wp\/v2\/product_brand?post=9095"},{"taxonomy":"product_cat","embeddable":true,"href":"https:\/\/site.astrofoto.com.pt\/welcome\/wp-json\/wp\/v2\/product_cat?post=9095"},{"taxonomy":"product_tag","embeddable":true,"href":"https:\/\/site.astrofoto.com.pt\/welcome\/wp-json\/wp\/v2\/product_tag?post=9095"}],"curies":[{"name":"wp","href":"https:\/\/api.w.org\/{rel}","templated":true}]}}