{"id":9088,"date":"2023-06-06T22:20:17","date_gmt":"2023-06-06T22:20:17","guid":{"rendered":"https:\/\/site.astrofoto.com.pt\/welcome\/?post_type=product&#038;p=9088"},"modified":"2025-01-30T23:31:10","modified_gmt":"2025-01-30T23:31:10","slug":"bijuteria-galaxys","status":"publish","type":"product","link":"https:\/\/site.astrofoto.com.pt\/welcome\/produto\/bijuteria-galaxys\/","title":{"rendered":"Bijuteria Galaxys Relogio de Sol Dionisius"},"content":{"rendered":"<p><strong>Bijuteria Galaxys Relogio de Sol Dionisius<\/p>\n<p><em>\u25baPara aquisi\u00e7\u00e3o contactar:<\/em><br \/>\n<em>Centro Ci\u00eancia Viva de Const\u00e2ncia<\/em><br \/>\n<em>249 739 066 (chamada rede fixa nacional) <\/em><br \/>\n<em>911588984 (chamada rede m\u00f3vel nacional)<\/em><br \/>\n<\/strong><\/p>\n<p>\u25baElegante pingente em forma de cacho de uvas com rel\u00f3gio de sol, inspirado em Dion\u00edsio.<\/p>\n<p>\u2022 Cord\u00e3o de couro 46 cm<br \/>\n\u2022 Pingente Rel\u00f3gio 5,5 x 3 x 1 cm.<\/p>\n<p>\u25baApresenta\u00e7\u00e3o: Caixa individual com cord\u00e3o de couro na cor ouro velho e manual de instru\u00e7\u00f5es em espanhol, ingl\u00eas, franc\u00eas e alem\u00e3o.<\/p>\n<p>Rel\u00f3gio de sol inspirado em Dion\u00edsio, deus e protetor da vinha e do vinho na mitologia grega.<\/p>\n<p>Seu design evocativo em forma de cacho de uvas \u00e9 inscrito com um rel\u00f3gio de sol equatorial, acompanhado por um cord\u00e3o de couro dourado, \u00e9 um pingente elegante para qualquer momento.<\/p>\n<p>\u25ba<strong>Como funciona:<\/strong> Fique em um local ensolarado e voltado para o sul, incline o rel\u00f3gio at\u00e9 que um raio de luz apare\u00e7a atrav\u00e9s da bola de cristal que iluminar\u00e1 a hora solar.<\/p>\n<p>Apresenta\u00e7\u00e3o: Caixa individual com cord\u00e3o de couro na cor ouro velho e manual de instru\u00e7\u00f5es em espanhol, ingl\u00eas, franc\u00eas e alem\u00e3o.<\/p>\n","protected":false},"excerpt":{"rendered":"<p>Bijuteria Galaxys Relogio de Sol Dionisius \u25baPara aquisi\u00e7\u00e3o contactar: Centro Ci\u00eancia Viva de Const\u00e2ncia 249 739 066 (chamada rede fixa nacional) 911588984 (chamada rede m\u00f3vel nacional) \u25baElegante pingente em forma de cacho de uvas com rel\u00f3gio de sol, inspirado em Dion\u00edsio. \u2022 Cord\u00e3o de couro 46 cm \u2022 Pingente Rel\u00f3gio 5,5 x 3 x 1<\/p>\n<div class=\"more-link\">\n\t\t\t\t <a href=\"https:\/\/site.astrofoto.com.pt\/welcome\/produto\/bijuteria-galaxys\/\" class=\"btn theme-btn inverted\"><span>Continuar a Ler <\/span><\/a>\n\t\t\t<\/div>\n","protected":false},"featured_media":9058,"comment_status":"closed","ping_status":"closed","template":"","meta":[],"product_brand":[],"product_cat":[88],"product_tag":[],"class_list":{"0":"post-9088","1":"product","2":"type-product","3":"status-publish","4":"has-post-thumbnail","6":"product_cat-bijuteria-galatica","8":"first","9":"outofstock","10":"shipping-taxable","11":"purchasable","12":"product-type-simple"},"_links":{"self":[{"href":"https:\/\/site.astrofoto.com.pt\/welcome\/wp-json\/wp\/v2\/product\/9088","targetHints":{"allow":["GET"]}}],"collection":[{"href":"https:\/\/site.astrofoto.com.pt\/welcome\/wp-json\/wp\/v2\/product"}],"about":[{"href":"https:\/\/site.astrofoto.com.pt\/welcome\/wp-json\/wp\/v2\/types\/product"}],"replies":[{"embeddable":true,"href":"https:\/\/site.astrofoto.com.pt\/welcome\/wp-json\/wp\/v2\/comments?post=9088"}],"wp:featuredmedia":[{"embeddable":true,"href":"https:\/\/site.astrofoto.com.pt\/welcome\/wp-json\/wp\/v2\/media\/9058"}],"wp:attachment":[{"href":"https:\/\/site.astrofoto.com.pt\/welcome\/wp-json\/wp\/v2\/media?parent=9088"}],"wp:term":[{"taxonomy":"product_brand","embeddable":true,"href":"https:\/\/site.astrofoto.com.pt\/welcome\/wp-json\/wp\/v2\/product_brand?post=9088"},{"taxonomy":"product_cat","embeddable":true,"href":"https:\/\/site.astrofoto.com.pt\/welcome\/wp-json\/wp\/v2\/product_cat?post=9088"},{"taxonomy":"product_tag","embeddable":true,"href":"https:\/\/site.astrofoto.com.pt\/welcome\/wp-json\/wp\/v2\/product_tag?post=9088"}],"curies":[{"name":"wp","href":"https:\/\/api.w.org\/{rel}","templated":true}]}}