{"id":9087,"date":"2023-06-06T21:52:47","date_gmt":"2023-06-06T21:52:47","guid":{"rendered":"https:\/\/site.astrofoto.com.pt\/welcome\/?post_type=product&#038;p=9087"},"modified":"2025-01-30T23:32:45","modified_gmt":"2025-01-30T23:32:45","slug":"bijuteria-galaxys-eclipse","status":"publish","type":"product","link":"https:\/\/site.astrofoto.com.pt\/welcome\/produto\/bijuteria-galaxys-eclipse\/","title":{"rendered":"Bijuteria Galaxys Eclipse"},"content":{"rendered":"<p><strong>Bijuteria Galaxys Eclipse<\/strong><\/p>\n<p><em>\u25baPara aquisi\u00e7\u00e3o contactar:<\/em><br \/>\n<em>Centro Ci\u00eancia Viva de Const\u00e2ncia<\/em><br \/>\n<em>249 739 066 (chamada rede fixa nacional) <\/em><br \/>\n<em>911588984 (chamada rede m\u00f3vel nacional)<\/em><\/p>\n<p>\u25baLuz e Sombra fazem com que esta pe\u00e7a desfrute da magia de um Eclipse.<\/p>\n<p>\u2022 Cord\u00e3o de algod\u00e3o extens\u00edvel entre 45 &#8211; 62cm.<br \/>\n\u2022 Pingente de 3,3 x 2,7 x 0,7cm.<\/p>\n<p>\u25baPe\u00e7a engenhosa que atrav\u00e9s da simples representa\u00e7\u00e3o de um eclipse e brincando com a luz nos mostra a ilus\u00e3o de um fen\u00f4meno inusitado de se contemplar.<\/p>\n<p>\u25ba<strong>Como funciona<\/strong>: Se voc\u00ea expuser este pingente ao Sol ou a uma fonte de luz e aproxim\u00e1-lo de qualquer objeto onde sua sombra possa ser projetada, por exemplo sua m\u00e3o, voc\u00ea ver\u00e1 como a silhueta que aparece simula o fen\u00f3meno de um eclipse solar .<br \/>\nForma\u00e7\u00e3o em espanhol, ingl\u00eas, franc\u00eas e alem\u00e3o<\/p>\n","protected":false},"excerpt":{"rendered":"<p>Bijuteria Galaxys Eclipse \u25baPara aquisi\u00e7\u00e3o contactar: Centro Ci\u00eancia Viva de Const\u00e2ncia 249 739 066 (chamada rede fixa nacional) 911588984 (chamada rede m\u00f3vel nacional) \u25baLuz e Sombra fazem com que esta pe\u00e7a desfrute da magia de um Eclipse. \u2022 Cord\u00e3o de algod\u00e3o extens\u00edvel entre 45 &#8211; 62cm. \u2022 Pingente de 3,3 x 2,7 x 0,7cm. \u25baPe\u00e7a<\/p>\n<div class=\"more-link\">\n\t\t\t\t <a href=\"https:\/\/site.astrofoto.com.pt\/welcome\/produto\/bijuteria-galaxys-eclipse\/\" class=\"btn theme-btn inverted\"><span>Continuar a Ler <\/span><\/a>\n\t\t\t<\/div>\n","protected":false},"featured_media":9059,"comment_status":"closed","ping_status":"closed","template":"","meta":[],"product_brand":[],"product_cat":[88],"product_tag":[],"class_list":{"0":"post-9087","1":"product","2":"type-product","3":"status-publish","4":"has-post-thumbnail","6":"product_cat-bijuteria-galatica","8":"first","9":"outofstock","10":"shipping-taxable","11":"purchasable","12":"product-type-simple"},"_links":{"self":[{"href":"https:\/\/site.astrofoto.com.pt\/welcome\/wp-json\/wp\/v2\/product\/9087","targetHints":{"allow":["GET"]}}],"collection":[{"href":"https:\/\/site.astrofoto.com.pt\/welcome\/wp-json\/wp\/v2\/product"}],"about":[{"href":"https:\/\/site.astrofoto.com.pt\/welcome\/wp-json\/wp\/v2\/types\/product"}],"replies":[{"embeddable":true,"href":"https:\/\/site.astrofoto.com.pt\/welcome\/wp-json\/wp\/v2\/comments?post=9087"}],"wp:featuredmedia":[{"embeddable":true,"href":"https:\/\/site.astrofoto.com.pt\/welcome\/wp-json\/wp\/v2\/media\/9059"}],"wp:attachment":[{"href":"https:\/\/site.astrofoto.com.pt\/welcome\/wp-json\/wp\/v2\/media?parent=9087"}],"wp:term":[{"taxonomy":"product_brand","embeddable":true,"href":"https:\/\/site.astrofoto.com.pt\/welcome\/wp-json\/wp\/v2\/product_brand?post=9087"},{"taxonomy":"product_cat","embeddable":true,"href":"https:\/\/site.astrofoto.com.pt\/welcome\/wp-json\/wp\/v2\/product_cat?post=9087"},{"taxonomy":"product_tag","embeddable":true,"href":"https:\/\/site.astrofoto.com.pt\/welcome\/wp-json\/wp\/v2\/product_tag?post=9087"}],"curies":[{"name":"wp","href":"https:\/\/api.w.org\/{rel}","templated":true}]}}