{"id":8816,"date":"2023-01-22T18:59:42","date_gmt":"2023-01-22T18:59:42","guid":{"rendered":"https:\/\/site.astrofoto.com.pt\/welcome\/?post_type=product&#038;p=8816"},"modified":"2026-01-21T17:58:03","modified_gmt":"2026-01-21T17:58:03","slug":"filtro-baader-nd-06-fator4","status":"publish","type":"product","link":"https:\/\/site.astrofoto.com.pt\/welcome\/produto\/filtro-baader-nd-06-fator4\/","title":{"rendered":"Filtro Baader ND 0,6 fator4"},"content":{"rendered":"<p><strong>Filtro Baader ND 0,6 fator4<\/strong><\/p>\n<p><span class=\"HwtZe\" lang=\"pt\"><span class=\"jCAhz ChMk0b\"><span class=\"ryNqvb\">O filtro oferece atenua\u00e7\u00e3o de brilho moderadamente fraca.<\/span><\/span> <span class=\"jCAhz ChMk0b\"><span class=\"ryNqvb\">Apenas 1\/4 da luz passa pelo filtro, o restante \u00e9 absorvido.<\/span><\/span> <span class=\"jCAhz ChMk0b\"><span class=\"ryNqvb\">Entre outras coisas, este filtro \u00e9 usado ao observar a lua ou planetas .<\/span><\/span> <\/span><\/p>\n<p><span class=\"HwtZe\" lang=\"pt\"><span class=\"jCAhz ChMk0b\"><span class=\"ryNqvb\">No sol, ele consegue deixar a granula\u00e7\u00e3o mais vis\u00edvel \u25bacombinado com um filtro Solar ND5\u00a0<\/span><\/span> <strong><span class=\"jCAhz ChMk0b\"><span class=\"ryNqvb\">Sem filtragem adicional, o filtro n\u00e3o deve ser usado para observa\u00e7\u00e3o solar.<\/span><\/span><\/strong> <\/span><\/p>\n<p><span class=\"HwtZe\" lang=\"pt\"><span class=\"jCAhz ChMk0b\"><span class=\"ryNqvb\">O filtro \u00e9 aparafusado na rosca 48mm da ocular de 2&#8243; ou do adaptador. O filtro tem a rosca m48 em ambos os lados (interior\/exterior) e pode assim ser combinado com filtros de cor ou filtros de contraste.<\/span><\/span><\/span><\/p>\n","protected":false},"excerpt":{"rendered":"<p>Filtro Baader ND 0,6 fator4 O filtro oferece atenua\u00e7\u00e3o de brilho moderadamente fraca. Apenas 1\/4 da luz passa pelo filtro, o restante \u00e9 absorvido. Entre outras coisas, este filtro \u00e9 usado ao observar a lua ou planetas . No sol, ele consegue deixar a granula\u00e7\u00e3o mais vis\u00edvel \u25bacombinado com um filtro Solar ND5\u00a0 Sem filtragem<\/p>\n<div class=\"more-link\">\n\t\t\t\t <a href=\"https:\/\/site.astrofoto.com.pt\/welcome\/produto\/filtro-baader-nd-06-fator4\/\" class=\"btn theme-btn inverted\"><span>Continuar a Ler <\/span><\/a>\n\t\t\t<\/div>\n","protected":false},"featured_media":8818,"comment_status":"closed","ping_status":"closed","template":"","meta":[],"product_brand":[],"product_cat":[80],"product_tag":[],"class_list":{"0":"post-8816","1":"product","2":"type-product","3":"status-publish","4":"has-post-thumbnail","6":"product_cat-filtros","8":"first","9":"outofstock","10":"sale","11":"shipping-taxable","12":"purchasable","13":"product-type-simple"},"_links":{"self":[{"href":"https:\/\/site.astrofoto.com.pt\/welcome\/wp-json\/wp\/v2\/product\/8816","targetHints":{"allow":["GET"]}}],"collection":[{"href":"https:\/\/site.astrofoto.com.pt\/welcome\/wp-json\/wp\/v2\/product"}],"about":[{"href":"https:\/\/site.astrofoto.com.pt\/welcome\/wp-json\/wp\/v2\/types\/product"}],"replies":[{"embeddable":true,"href":"https:\/\/site.astrofoto.com.pt\/welcome\/wp-json\/wp\/v2\/comments?post=8816"}],"wp:featuredmedia":[{"embeddable":true,"href":"https:\/\/site.astrofoto.com.pt\/welcome\/wp-json\/wp\/v2\/media\/8818"}],"wp:attachment":[{"href":"https:\/\/site.astrofoto.com.pt\/welcome\/wp-json\/wp\/v2\/media?parent=8816"}],"wp:term":[{"taxonomy":"product_brand","embeddable":true,"href":"https:\/\/site.astrofoto.com.pt\/welcome\/wp-json\/wp\/v2\/product_brand?post=8816"},{"taxonomy":"product_cat","embeddable":true,"href":"https:\/\/site.astrofoto.com.pt\/welcome\/wp-json\/wp\/v2\/product_cat?post=8816"},{"taxonomy":"product_tag","embeddable":true,"href":"https:\/\/site.astrofoto.com.pt\/welcome\/wp-json\/wp\/v2\/product_tag?post=8816"}],"curies":[{"name":"wp","href":"https:\/\/api.w.org\/{rel}","templated":true}]}}