{"id":8633,"date":"2022-10-31T20:20:11","date_gmt":"2022-10-31T20:20:11","guid":{"rendered":"https:\/\/site.astrofoto.com.pt\/welcome\/?post_type=product&#038;p=8633"},"modified":"2024-05-14T19:40:35","modified_gmt":"2024-05-14T19:40:35","slug":"novotelescopio-sw-dobson-150-750-heritage-flextube-gti","status":"publish","type":"product","link":"https:\/\/site.astrofoto.com.pt\/welcome\/produto\/novotelescopio-sw-dobson-150-750-heritage-flextube-gti\/","title":{"rendered":"***NOVO Telescopio SW Dobson 150\/750 Virtuoso FlexTube GTI"},"content":{"rendered":"<p><strong>Telescopio SW Dobson 150\/750 Heritage FlexTube GTI<br \/>\n<\/strong><span style=\"color: #993300;\"><em>\u25ba ver no Youtube <a href=\"https:\/\/www.youtube.com\/watch?v=W3zS2gQoiEI\">(Pedro R\u00e9)<\/a><br \/>\n<\/em><\/span><\/p>\n<p>\u2022 Telesc\u00f3pio Reflector (Newton)<br \/>\n\u2022 Di\u00e2metro: 150mm (espelho parabolico)<br \/>\n\u2022 Focal: 750mm f\/5<br \/>\n\u2022 <strong>Montagem Synscan GTI:<br \/>\n\u25ba<\/strong>A montagem SkyWatcher AZ SynScan GOTO\u00a0 encarrega-se de mover o instrumento em dire\u00e7\u00e3o ao alvo que voc\u00ea deseja observar e at\u00e9 vai sugerindo objetos disponiveis na sua zona de observa\u00e7\u00e3o e na data em que est\u00e1.<strong><br \/>\n<\/strong><span class=\"style10\"><strong>\u25ba <\/strong>Condu\u00e7\u00e3o por smartphone com a APP<\/span> gratuita Synscan app (android e IOS)<br \/>\n\u25ba<span class=\"VIiyi\" lang=\"pt\"><span class=\"JLqJ4b\" data-language-for-alternatives=\"pt\" data-language-to-translate-into=\"auto\" data-phrase-index=\"0\"> Isso \u00e9 feito por meio da <strong>WLAN (WiFi) integrada<\/strong>. A montagem gera um sinal Wi-Fi que permite a liga\u00e7\u00e3o ao seu smartphone ou tablet. Pode controlar o telesc\u00f3pio via aplicativo SynScan do Skywatcher para Android ou via iOS. <\/span><\/span>\u2022 linguagem multipla (portugues)<br \/>\n\u2022 Oculares: S10mm e S25mm<br \/>\n\u2022 Focador: Helicoidal<br \/>\n\u2022 Buscador: Red Dot<br \/>\n\u2022 Dovetail tipo vixen<br \/>\n\u2022 Peso: 9kg<\/p>\n<p>\u25ba<span class=\"HwtZe\" lang=\"pt\"><span class=\"jCAhz\"><span class=\"ryNqvb\"><strong>Sistema FlexTube\u2122<\/strong>: gra\u00e7as ao seu tubo flexivel, o telesc\u00f3pio \u00e9 muito f\u00e1cil de transportar e ocupa muito pouco espa\u00e7o durante o dia.<\/span><\/span><\/span><\/p>\n<p><span class=\"HwtZe\" lang=\"pt\"><span class=\"jCAhz\"><span class=\"ryNqvb\"><strong> \u25baCodificador duplo Freedom-Find\u2122<\/strong>: pode mover manualmente o telesc\u00f3pio sem perder as informa\u00e7\u00f5es de posi\u00e7\u00e3o.\u00a0 <\/span><\/span><\/span><\/p>\n<p><span class=\"HwtZe\" lang=\"pt\"><span class=\"jCAhz\"><span class=\"ryNqvb\">A base possui rosca de 3\/8 para poder ser colocado num tripe robusto<br \/>\n<\/span><\/span><\/span><span class=\"HwtZe\" lang=\"pt\"><span class=\"jCAhz\"><span class=\"ryNqvb\">\u00a0A base mede 330 mil\u00edmetros de di\u00e2metro.<br \/>\n<\/span><\/span><\/span><\/p>\n<p>\u25ba <a href=\"http:\/\/www.skywatcher.com\/download\/software\/\">Downloads<\/a><\/p>\n","protected":false},"excerpt":{"rendered":"<p>Telescopio SW Dobson 150\/750 Heritage FlexTube GTI \u25ba ver no Youtube (Pedro R\u00e9) \u2022 Telesc\u00f3pio Reflector (Newton) \u2022 Di\u00e2metro: 150mm (espelho parabolico) \u2022 Focal: 750mm f\/5 \u2022 Montagem Synscan GTI: \u25baA montagem SkyWatcher AZ SynScan GOTO\u00a0 encarrega-se de mover o instrumento em dire\u00e7\u00e3o ao alvo que voc\u00ea deseja observar e at\u00e9 vai sugerindo objetos disponiveis<\/p>\n<div class=\"more-link\">\n\t\t\t\t <a href=\"https:\/\/site.astrofoto.com.pt\/welcome\/produto\/novotelescopio-sw-dobson-150-750-heritage-flextube-gti\/\" class=\"btn theme-btn inverted\"><span>Continuar a Ler <\/span><\/a>\n\t\t\t<\/div>\n","protected":false},"featured_media":8636,"comment_status":"closed","ping_status":"closed","template":"","meta":[],"product_brand":[],"product_cat":[48,67,92,15,68],"product_tag":[],"class_list":{"0":"post-8633","1":"product","2":"type-product","3":"status-publish","4":"has-post-thumbnail","6":"product_cat-natal","7":"product_cat-https-site-astrofoto-com-pt-welcome-categoria-produto-novidade","8":"product_cat-swpromo","9":"product_cat-telescopios-reflectores","10":"product_cat-wi-fi","12":"first","13":"onbackorder","14":"sale","15":"shipping-taxable","16":"purchasable","17":"product-type-simple"},"_links":{"self":[{"href":"https:\/\/site.astrofoto.com.pt\/welcome\/wp-json\/wp\/v2\/product\/8633","targetHints":{"allow":["GET"]}}],"collection":[{"href":"https:\/\/site.astrofoto.com.pt\/welcome\/wp-json\/wp\/v2\/product"}],"about":[{"href":"https:\/\/site.astrofoto.com.pt\/welcome\/wp-json\/wp\/v2\/types\/product"}],"replies":[{"embeddable":true,"href":"https:\/\/site.astrofoto.com.pt\/welcome\/wp-json\/wp\/v2\/comments?post=8633"}],"wp:featuredmedia":[{"embeddable":true,"href":"https:\/\/site.astrofoto.com.pt\/welcome\/wp-json\/wp\/v2\/media\/8636"}],"wp:attachment":[{"href":"https:\/\/site.astrofoto.com.pt\/welcome\/wp-json\/wp\/v2\/media?parent=8633"}],"wp:term":[{"taxonomy":"product_brand","embeddable":true,"href":"https:\/\/site.astrofoto.com.pt\/welcome\/wp-json\/wp\/v2\/product_brand?post=8633"},{"taxonomy":"product_cat","embeddable":true,"href":"https:\/\/site.astrofoto.com.pt\/welcome\/wp-json\/wp\/v2\/product_cat?post=8633"},{"taxonomy":"product_tag","embeddable":true,"href":"https:\/\/site.astrofoto.com.pt\/welcome\/wp-json\/wp\/v2\/product_tag?post=8633"}],"curies":[{"name":"wp","href":"https:\/\/api.w.org\/{rel}","templated":true}]}}