{"id":8612,"date":"2022-10-20T12:28:37","date_gmt":"2022-10-20T12:28:37","guid":{"rendered":"https:\/\/site.astrofoto.com.pt\/welcome\/?post_type=product&#038;p=8612"},"modified":"2022-10-20T12:28:39","modified_gmt":"2022-10-20T12:28:39","slug":"filtro-solar-omegon-173mm-193mm","status":"publish","type":"product","link":"https:\/\/site.astrofoto.com.pt\/welcome\/produto\/filtro-solar-omegon-173mm-193mm\/","title":{"rendered":"Filtro Solar Omegon 173mm-193mm"},"content":{"rendered":"<p><strong>Filtro Solar Omegon 173mm-193mm<\/strong><\/p>\n<ul>\n<li>Total prote\u00e7\u00e3o<\/li>\n<li>Poupa tempo n\u00e3o necessita de construir nada,<\/li>\n<li>Filtro Baader Planetarium de alta qualidade: AstroSolar Film ND5<\/li>\n<li>O filtro solar da Omegon j\u00e1 vem montado numa arma\u00e7\u00e3o em aluminio.<\/li>\n<li>Este filtro solar \u00e9 feito a partir de uma folha que lhe proporciona uma imagem branca neutra do Sol. Com uma filtragem cerca de 100 000x, apenas 0.001% da luz solar entra no telesc\u00f3pio e atinge o seu olho, o que significa que pode observar o Sol em perfeita seguran\u00e7a.<\/li>\n<\/ul>\n","protected":false},"excerpt":{"rendered":"<p>Filtro Solar Omegon 173mm-193mm Total prote\u00e7\u00e3o Poupa tempo n\u00e3o necessita de construir nada, Filtro Baader Planetarium de alta qualidade: AstroSolar Film ND5 O filtro solar da Omegon j\u00e1 vem montado numa arma\u00e7\u00e3o em aluminio. Este filtro solar \u00e9 feito a partir de uma folha que lhe proporciona uma imagem branca neutra do Sol. Com uma<\/p>\n<div class=\"more-link\">\n\t\t\t\t <a href=\"https:\/\/site.astrofoto.com.pt\/welcome\/produto\/filtro-solar-omegon-173mm-193mm\/\" class=\"btn theme-btn inverted\"><span>Continuar a Ler <\/span><\/a>\n\t\t\t<\/div>\n","protected":false},"featured_media":8613,"comment_status":"closed","ping_status":"closed","template":"","meta":[],"product_brand":[],"product_cat":[20],"product_tag":[],"class_list":{"0":"post-8612","1":"product","2":"type-product","3":"status-publish","4":"has-post-thumbnail","6":"product_cat-filtros-solares","8":"first","9":"onbackorder","10":"shipping-taxable","11":"purchasable","12":"product-type-simple"},"_links":{"self":[{"href":"https:\/\/site.astrofoto.com.pt\/welcome\/wp-json\/wp\/v2\/product\/8612","targetHints":{"allow":["GET"]}}],"collection":[{"href":"https:\/\/site.astrofoto.com.pt\/welcome\/wp-json\/wp\/v2\/product"}],"about":[{"href":"https:\/\/site.astrofoto.com.pt\/welcome\/wp-json\/wp\/v2\/types\/product"}],"replies":[{"embeddable":true,"href":"https:\/\/site.astrofoto.com.pt\/welcome\/wp-json\/wp\/v2\/comments?post=8612"}],"wp:featuredmedia":[{"embeddable":true,"href":"https:\/\/site.astrofoto.com.pt\/welcome\/wp-json\/wp\/v2\/media\/8613"}],"wp:attachment":[{"href":"https:\/\/site.astrofoto.com.pt\/welcome\/wp-json\/wp\/v2\/media?parent=8612"}],"wp:term":[{"taxonomy":"product_brand","embeddable":true,"href":"https:\/\/site.astrofoto.com.pt\/welcome\/wp-json\/wp\/v2\/product_brand?post=8612"},{"taxonomy":"product_cat","embeddable":true,"href":"https:\/\/site.astrofoto.com.pt\/welcome\/wp-json\/wp\/v2\/product_cat?post=8612"},{"taxonomy":"product_tag","embeddable":true,"href":"https:\/\/site.astrofoto.com.pt\/welcome\/wp-json\/wp\/v2\/product_tag?post=8612"}],"curies":[{"name":"wp","href":"https:\/\/api.w.org\/{rel}","templated":true}]}}