{"id":8104,"date":"2022-04-09T15:10:01","date_gmt":"2022-04-09T15:10:01","guid":{"rendered":"https:\/\/site.astrofoto.com.pt\/welcome\/?post_type=product&#038;p=8104"},"modified":"2026-04-10T17:48:14","modified_gmt":"2026-04-10T17:48:14","slug":"caderno-pratico-de-astrofotografia","status":"publish","type":"product","link":"https:\/\/site.astrofoto.com.pt\/welcome\/produto\/caderno-pratico-de-astrofotografia\/","title":{"rendered":"Caderno Pr\u00e1tico de Astrofotografia"},"content":{"rendered":"<p><em>\u25baum trabalho de FILIPE CARNEIRO, minhoto, m\u00e9dico de profiss\u00e3o, forma\u00e7\u00e3o em fotografia pelo IPF do Porto e astr\u00f3nomo amador. Contributo para quem se quer iniciar em astronomia e na captura de imagens do C\u00e9u.<br \/>\n<\/em><\/p>\n<p>O &#8220;Caderno Pr\u00e1tico de Astrofotografia&#8221; tem um car\u00e1cter pr\u00e1tico e procura incentivar o gosto pela astronomia e astrofotografia, a n\u00edvel amador.<\/p>\n<p>\u00c9\u00a0composto por tr\u00eas principais sec\u00e7\u00f5es:<\/p>\n<p><strong>\u2022 Conceitos de Astronomia<\/strong>: m\u00e9todos de observa\u00e7\u00e3o, conceitos de orienta\u00e7\u00e3o, coordenadas, planisf\u00e9rio celeste, condi\u00e7\u00e3o do c\u00e9u, vis\u00e3o humana, magnitude visual, filtros astron\u00f3micos, classifica\u00e7\u00e3o das estrelas, ciclo de vida estelar, etc.<br \/>\n<strong>\u2022 Conceitos<\/strong><strong> de Astrofotografia<\/strong>: rela\u00e7\u00e3o focal, amplifica\u00e7\u00e3o, \u00e2ngulo de vis\u00e3o, focagem, tempo de exposi\u00e7\u00e3o, processo de integra\u00e7\u00e3o, resolu\u00e7\u00e3o, recorte, amostragem, etc.<br \/>\n<strong>\u2022 <\/strong><strong>Trabalho de Campo<\/strong>:\u00a0descreve protocolos de execu\u00e7\u00e3o relativos aos principais cap\u00edtulos da astrofotografia:<br \/>\nSkyscape, Startrail, Sistema Solar, C\u00e9u-Profundo.<\/p>\n<p><em>Edi\u00e7\u00e3o: Mar\u00e7o 2022<\/em><br \/>\n<em>P\u00e1ginas: 120 <\/em><br \/>\n<em>Editor: Edi\u00e7\u00e3o de autor<\/em><br \/>\n<em>ISBN: 978-989-33-3075-3<\/em><br \/>\n<em>Idioma: Portugu\u00eas<br \/>\nFormato: 24x21cm (largura x altura)<\/em><\/p>\n","protected":false},"excerpt":{"rendered":"<p>\u25baum trabalho de FILIPE CARNEIRO, minhoto, m\u00e9dico de profiss\u00e3o, forma\u00e7\u00e3o em fotografia pelo IPF do Porto e astr\u00f3nomo amador. Contributo para quem se quer iniciar em astronomia e na captura de imagens do C\u00e9u. O &#8220;Caderno Pr\u00e1tico de Astrofotografia&#8221; tem um car\u00e1cter pr\u00e1tico e procura incentivar o gosto pela astronomia e astrofotografia, a n\u00edvel amador.<\/p>\n<div class=\"more-link\">\n\t\t\t\t <a href=\"https:\/\/site.astrofoto.com.pt\/welcome\/produto\/caderno-pratico-de-astrofotografia\/\" class=\"btn theme-btn inverted\"><span>Continuar a Ler <\/span><\/a>\n\t\t\t<\/div>\n","protected":false},"featured_media":8105,"comment_status":"closed","ping_status":"closed","template":"","meta":[],"product_brand":[],"product_cat":[35,48,67,95],"product_tag":[],"class_list":{"0":"post-8104","1":"product","2":"type-product","3":"status-publish","4":"has-post-thumbnail","6":"product_cat-livro-e-dvd","7":"product_cat-natal","8":"product_cat-https-site-astrofoto-com-pt-welcome-categoria-produto-novidade","9":"product_cat-stock-off","11":"first","12":"onbackorder","13":"sale","14":"shipping-taxable","15":"purchasable","16":"product-type-simple"},"_links":{"self":[{"href":"https:\/\/site.astrofoto.com.pt\/welcome\/wp-json\/wp\/v2\/product\/8104","targetHints":{"allow":["GET"]}}],"collection":[{"href":"https:\/\/site.astrofoto.com.pt\/welcome\/wp-json\/wp\/v2\/product"}],"about":[{"href":"https:\/\/site.astrofoto.com.pt\/welcome\/wp-json\/wp\/v2\/types\/product"}],"replies":[{"embeddable":true,"href":"https:\/\/site.astrofoto.com.pt\/welcome\/wp-json\/wp\/v2\/comments?post=8104"}],"wp:featuredmedia":[{"embeddable":true,"href":"https:\/\/site.astrofoto.com.pt\/welcome\/wp-json\/wp\/v2\/media\/8105"}],"wp:attachment":[{"href":"https:\/\/site.astrofoto.com.pt\/welcome\/wp-json\/wp\/v2\/media?parent=8104"}],"wp:term":[{"taxonomy":"product_brand","embeddable":true,"href":"https:\/\/site.astrofoto.com.pt\/welcome\/wp-json\/wp\/v2\/product_brand?post=8104"},{"taxonomy":"product_cat","embeddable":true,"href":"https:\/\/site.astrofoto.com.pt\/welcome\/wp-json\/wp\/v2\/product_cat?post=8104"},{"taxonomy":"product_tag","embeddable":true,"href":"https:\/\/site.astrofoto.com.pt\/welcome\/wp-json\/wp\/v2\/product_tag?post=8104"}],"curies":[{"name":"wp","href":"https:\/\/api.w.org\/{rel}","templated":true}]}}