{"id":7888,"date":"2022-01-24T14:44:40","date_gmt":"2022-01-24T14:44:40","guid":{"rendered":"https:\/\/site.astrofoto.com.pt\/welcome\/?post_type=product&#038;p=7888"},"modified":"2022-01-24T23:09:29","modified_gmt":"2022-01-24T23:09:29","slug":"gerador-de-flats-geoptik","status":"publish","type":"product","link":"https:\/\/site.astrofoto.com.pt\/welcome\/produto\/gerador-de-flats-geoptik\/","title":{"rendered":"gerador de flats Geoptik 260mm"},"content":{"rendered":"<p><strong>gerador de flats Geoptik 260mm<\/strong><br \/>\n<strong>Flat Field Generator<\/strong><\/p>\n<p>\u25ba ilumina\u00e7\u00e3o homog\u00e9nia de toda a superf\u00edcie<\/p>\n<p>\u2022Di\u00e2metro Interno max: 260mm<br \/>\n\u2022Di\u00e2metro Interno min: 206mm<br \/>\n\u2022 Alimenta\u00e7\u00e3o: 12V<br \/>\n\u2022 Cabo de isqueiro + cabo electrico<br \/>\n\u2022 Regulador de intensidade<br \/>\n\u2022 Peso: 1000gr<br \/>\n\u2022 Cor: preto<\/p>\n<p>\u25batipo mascara\/tampa<br \/>\n\u25ba ver no <a href=\"https:\/\/www.youtube.com\/watch?v=2hlOtF5H56s\">youtube<\/a><\/p>\n<p>&nbsp;<\/p>\n","protected":false},"excerpt":{"rendered":"<p>gerador de flats Geoptik 260mm Flat Field Generator \u25ba ilumina\u00e7\u00e3o homog\u00e9nia de toda a superf\u00edcie \u2022Di\u00e2metro Interno max: 260mm \u2022Di\u00e2metro Interno min: 206mm \u2022 Alimenta\u00e7\u00e3o: 12V \u2022 Cabo de isqueiro + cabo electrico \u2022 Regulador de intensidade \u2022 Peso: 1000gr \u2022 Cor: preto \u25batipo mascara\/tampa \u25ba ver no youtube &nbsp;<\/p>\n","protected":false},"featured_media":7889,"comment_status":"closed","ping_status":"closed","template":"","meta":[],"product_brand":[],"product_cat":[34],"product_tag":[],"class_list":{"0":"post-7888","1":"product","2":"type-product","3":"status-publish","4":"has-post-thumbnail","6":"product_cat-acessoriosfotografia","8":"first","9":"onbackorder","10":"shipping-taxable","11":"purchasable","12":"product-type-simple"},"_links":{"self":[{"href":"https:\/\/site.astrofoto.com.pt\/welcome\/wp-json\/wp\/v2\/product\/7888","targetHints":{"allow":["GET"]}}],"collection":[{"href":"https:\/\/site.astrofoto.com.pt\/welcome\/wp-json\/wp\/v2\/product"}],"about":[{"href":"https:\/\/site.astrofoto.com.pt\/welcome\/wp-json\/wp\/v2\/types\/product"}],"replies":[{"embeddable":true,"href":"https:\/\/site.astrofoto.com.pt\/welcome\/wp-json\/wp\/v2\/comments?post=7888"}],"wp:featuredmedia":[{"embeddable":true,"href":"https:\/\/site.astrofoto.com.pt\/welcome\/wp-json\/wp\/v2\/media\/7889"}],"wp:attachment":[{"href":"https:\/\/site.astrofoto.com.pt\/welcome\/wp-json\/wp\/v2\/media?parent=7888"}],"wp:term":[{"taxonomy":"product_brand","embeddable":true,"href":"https:\/\/site.astrofoto.com.pt\/welcome\/wp-json\/wp\/v2\/product_brand?post=7888"},{"taxonomy":"product_cat","embeddable":true,"href":"https:\/\/site.astrofoto.com.pt\/welcome\/wp-json\/wp\/v2\/product_cat?post=7888"},{"taxonomy":"product_tag","embeddable":true,"href":"https:\/\/site.astrofoto.com.pt\/welcome\/wp-json\/wp\/v2\/product_tag?post=7888"}],"curies":[{"name":"wp","href":"https:\/\/api.w.org\/{rel}","templated":true}]}}