{"id":7366,"date":"2021-10-18T10:09:50","date_gmt":"2021-10-18T10:09:50","guid":{"rendered":"https:\/\/site.astrofoto.com.pt\/welcome\/?post_type=product&#038;p=7366"},"modified":"2024-07-09T17:09:01","modified_gmt":"2024-07-09T17:09:01","slug":"filtros-planetarios-omegon-1-25","status":"publish","type":"product","link":"https:\/\/site.astrofoto.com.pt\/welcome\/produto\/filtros-planetarios-omegon-1-25\/","title":{"rendered":"Filtros planet\u00e1rios Omegon 1.25&#8243;"},"content":{"rendered":"<p><strong>Filtros planet\u00e1rios Omegon 1.25&#8243;<\/strong><\/p>\n<p>#21 Laranja<br \/>\n#25 Vermelho<br \/>\n#82A Azul claro<br \/>\n#12 Amarelo<br \/>\n#56 Verde claro<br \/>\n#47 Violeta<\/p>\n<p><em>\u25ba Aconselh\u00e1veis em telescopios a partir de 6&#8243;<\/em><br \/>\n<strong>#12 Amarelo<\/strong> (74% transmiss\u00e3o) Melhora os detalhes em vermelho e laranja observados em J\u00fapiter e Saturno, enquanto h\u00e1 o bloqueio de comprimentos de onda azul e verde. Tamb\u00e9m pode ser usado para aprimorar alguns detalhes lunar, utilizando telesc\u00f3pio com abertura superior a 150mm.<br \/>\n<strong>#21 Laranja<\/strong> (46% transmiss\u00e3o) Reduz os comprimentos de onda azul e verde, aumentando assim o contraste entre essas \u00e1reas e tamb\u00e9m nas \u00e1reas vermelhas, ou amarelas, ou laranjas. Funciona muito bem com Marte, real\u00e7ando os limites na superf\u00edcie do planeta. Tamb\u00e9m pode agu\u00e7ar o contraste nos cintur\u00f5es de J\u00fapiter, bem como aumentar o contraste na Grande Mancha Vermelha.<br \/>\n<strong>#25 Vermelho<\/strong> (14% transmiss\u00e3o) O filtro #25A bloqueia fortemente os comprimentos de onda azul e verde, o que resulta num contraste muito bem definido entre as forma\u00e7\u00f5es de nuvens e as caracter\u00edsticas mais apagadas em J\u00fapiter. Tamb\u00e9m \u00e9 muito \u00fatil para melhorar a defini\u00e7\u00e3o das calotas polares e os mares de Marte.<br \/>\n<strong>#47 Violeta<\/strong> (3% transmiss\u00e3o) Bloqueia veementemente os comprimentos de onda vermelho, amarelo e verde, tornando-o adequado para uso nas calotes polares marcianas. Ele \u00e9 o melhor filtro para observa\u00e7\u00f5es em V\u00eanus, devido a sua baixa transmiss\u00e3o de luz e capacidade de melhorar o contraste em fenomenos atmosf\u00e9ricos. Al\u00e9m disso pode ser usado para melhorar detalhes na Lua e apresentar interessantes pontos de vista de J\u00fapiter e suas luas.<br \/>\n<strong>#56 Verde Claro<\/strong> (53% transmiss\u00e3o) Muito bom para observar as calotes polares de Marte e as tempestades de poeira em tons amarelos na superf\u00edcie do planeta. Tamb\u00e9m aumenta o contraste das regi\u00f5es vermelha e azul na atmosfera de J\u00fapiter.<br \/>\n#<strong>82 Azul Claro<\/strong> (73% transmiss\u00e3o) Sem d\u00favida um dos melhores filtros, o #82A funciona muito bem com J\u00fapiter, Saturno, Marte e a Lua. Sua cor azul claro melhora \u00e1reas de baixo contraste e evita a redu\u00e7\u00e3o significativa do n\u00edvel geral de luz.<\/p>\n<p>&nbsp;<\/p>\n<p>#11333<\/p>\n","protected":false},"excerpt":{"rendered":"<p>Filtros planet\u00e1rios Omegon 1.25&#8243; #21 Laranja #25 Vermelho #82A Azul claro #12 Amarelo #56 Verde claro #47 Violeta \u25ba Aconselh\u00e1veis em telescopios a partir de 6&#8243; #12 Amarelo (74% transmiss\u00e3o) Melhora os detalhes em vermelho e laranja observados em J\u00fapiter e Saturno, enquanto h\u00e1 o bloqueio de comprimentos de onda azul e verde. Tamb\u00e9m pode<\/p>\n<div class=\"more-link\">\n\t\t\t\t <a href=\"https:\/\/site.astrofoto.com.pt\/welcome\/produto\/filtros-planetarios-omegon-1-25\/\" class=\"btn theme-btn inverted\"><span>Continuar a Ler <\/span><\/a>\n\t\t\t<\/div>\n","protected":false},"featured_media":7367,"comment_status":"closed","ping_status":"closed","template":"","meta":[],"product_brand":[],"product_cat":[80],"product_tag":[],"class_list":{"0":"post-7366","1":"product","2":"type-product","3":"status-publish","4":"has-post-thumbnail","6":"product_cat-filtros","8":"first","9":"onbackorder","10":"shipping-taxable","11":"purchasable","12":"product-type-simple"},"_links":{"self":[{"href":"https:\/\/site.astrofoto.com.pt\/welcome\/wp-json\/wp\/v2\/product\/7366","targetHints":{"allow":["GET"]}}],"collection":[{"href":"https:\/\/site.astrofoto.com.pt\/welcome\/wp-json\/wp\/v2\/product"}],"about":[{"href":"https:\/\/site.astrofoto.com.pt\/welcome\/wp-json\/wp\/v2\/types\/product"}],"replies":[{"embeddable":true,"href":"https:\/\/site.astrofoto.com.pt\/welcome\/wp-json\/wp\/v2\/comments?post=7366"}],"wp:featuredmedia":[{"embeddable":true,"href":"https:\/\/site.astrofoto.com.pt\/welcome\/wp-json\/wp\/v2\/media\/7367"}],"wp:attachment":[{"href":"https:\/\/site.astrofoto.com.pt\/welcome\/wp-json\/wp\/v2\/media?parent=7366"}],"wp:term":[{"taxonomy":"product_brand","embeddable":true,"href":"https:\/\/site.astrofoto.com.pt\/welcome\/wp-json\/wp\/v2\/product_brand?post=7366"},{"taxonomy":"product_cat","embeddable":true,"href":"https:\/\/site.astrofoto.com.pt\/welcome\/wp-json\/wp\/v2\/product_cat?post=7366"},{"taxonomy":"product_tag","embeddable":true,"href":"https:\/\/site.astrofoto.com.pt\/welcome\/wp-json\/wp\/v2\/product_tag?post=7366"}],"curies":[{"name":"wp","href":"https:\/\/api.w.org\/{rel}","templated":true}]}}