{"id":6923,"date":"2021-06-28T17:23:22","date_gmt":"2021-06-28T17:23:22","guid":{"rendered":"https:\/\/site.astrofoto.com.pt\/welcome\/?post_type=product&#038;p=6923"},"modified":"2025-04-09T15:51:16","modified_gmt":"2025-04-09T15:51:16","slug":"telescopio-sw-200-1000-ds-eq6-r-goto","status":"publish","type":"product","link":"https:\/\/site.astrofoto.com.pt\/welcome\/produto\/telescopio-sw-200-1000-ds-eq6-r-goto\/","title":{"rendered":"Telescopio SW 200\/1000 DS EQ6 R GOTO"},"content":{"rendered":"<p><strong>Telescopio SW 200\/1000 DS NEQ6 R<\/strong><\/p>\n<p>\u2022 Newton SkyWatcher Black Diamond 200mm f\/5 (com microfocador)<br \/>\n\u2022 Tubo Optico Alum\u00ednio<br \/>\n\u2022 Com dovetail e aneis de fixa\u00e7\u00e3o<br \/>\n\u2022 Dist\u00e2ncia Focal 1000mm<br \/>\n\u2022 Espelho Parab\u00f3lico<br \/>\n\u2022 Poder de resolu\u00e7\u00e3o 0.6\u2033<br \/>\n\u2022 Magnitude limite 14.2<br \/>\n\u2022 Porta-Oculares Crayford 50.8\/31.75 Sky-Watcher com microfocador<br \/>\n\u2022 Ocular: LET 28mm 2\u2033<br \/>\n\u2022 Dimens\u00f5es 24cm x 92cm<br \/>\n\u2022 Peso do tubo Optico 8.75 kg<\/p>\n<p><strong>Montagem SkyWatcher NEQ6R Pro Synscan GOTO<br \/>\n<\/strong><\/p>\n<p>\u25ba<strong>Transmiss\u00e3o de correia<\/strong> para um \u201cBacklash\u201d m\u00ednimo<\/p>\n<p>\u25ba <a href=\"http:\/\/www.skywatcher.com\/download\/software\/\">Downloads<\/a><br \/>\n\u2022 Funcionamento particularmente silencioso e suave<br \/>\n\u2022 Melhores resultados em \u201cGuiding\u201d e maior torque da unidade!<br \/>\n\u2022 Carga m\u00e1xima de 20 kg em astrofotografia<br \/>\n\u2022 Alcance de Altitude melhorado<br \/>\n\u2022 O alinhamento da montagem \u00e9 feito atrav\u00e9s do controle integrado Polsucher ou Synscan. Em compara\u00e7\u00e3o com o modelo anterior, o ajuste foi significativamente melhorado.<br \/>\n\u2022\u00a0 Liga\u00e7\u00e3o \u201cSNAP\u201d integrada \u2013 para o controle do obturador da c\u00e2mara.<br \/>\n\u2022 PPEC melhorado (n\u00e3o precisa de reajustar)<br \/>\n\u2022 Peso: 17,3Kg<br \/>\n\u2022 Al\u00e7a integrada para transporte f\u00e1cil<br \/>\n\u2022 Velocidade de guiagem:0.25X, 0.50X, 0.75X, ou 1X.<br \/>\n\u2022 actualiza\u00e7\u00e3o pela internet<br \/>\n\u2022 compensa\u00e7\u00e3o do erro periodico (PEC)<br \/>\n\u2022 motores paso a passo resolu\u00e7\u00e3o: 0,144 seg\/arco<br \/>\n\u2022 seguimentos: sideral, lunar ou solar<br \/>\n\u2022 Cat\u00e1logos completos Messier, NGC e IC num total de 13.436 objectos.<br \/>\n\u2022 25 objectos definidos pelo utilizador.<br \/>\n\u2022 capacidade de carga: 20 Kg<br \/>\n\u2022 alimenta\u00e7\u00e3o: 12V 2A<br \/>\n\u2022 compativel PC<br \/>\n\u2022 visor polar<br \/>\n\u2022 2 contrapesos de 5,1Kg<br \/>\n\u2022 com trip\u00e9 de a\u00e7o<br \/>\n\u2022 peso do trip\u00e9: 7,5Kg<\/p>\n<p><a href=\"http:\/\/www.skywatcher.com\/download\/software\/\"><img decoding=\"async\" src=\"https:\/\/i2.wp.com\/astrofoto.com.pt\/imagenscatalogo\/SW\/SWcom01s.jpg?resize=15%2C32\" alt=\"actualizar hardware\" width=\"15\" height=\"32\" border=\"0\" data-recalc-dims=\"1\" \/><\/a>\u00a0\u00a0\u2022 actualizar firmware<\/p>\n","protected":false},"excerpt":{"rendered":"<p>Telescopio SW 200\/1000 DS NEQ6 R \u2022 Newton SkyWatcher Black Diamond 200mm f\/5 (com microfocador) \u2022 Tubo Optico Alum\u00ednio \u2022 Com dovetail e aneis de fixa\u00e7\u00e3o \u2022 Dist\u00e2ncia Focal 1000mm \u2022 Espelho Parab\u00f3lico \u2022 Poder de resolu\u00e7\u00e3o 0.6\u2033 \u2022 Magnitude limite 14.2 \u2022 Porta-Oculares Crayford 50.8\/31.75 Sky-Watcher com microfocador \u2022 Ocular: LET 28mm 2\u2033 \u2022<\/p>\n<div class=\"more-link\">\n\t\t\t\t <a href=\"https:\/\/site.astrofoto.com.pt\/welcome\/produto\/telescopio-sw-200-1000-ds-eq6-r-goto\/\" class=\"btn theme-btn inverted\"><span>Continuar a Ler <\/span><\/a>\n\t\t\t<\/div>\n","protected":false},"featured_media":6924,"comment_status":"closed","ping_status":"closed","template":"","meta":[],"product_brand":[],"product_cat":[79,92,6,15],"product_tag":[],"class_list":{"0":"post-6923","1":"product","2":"type-product","3":"status-publish","4":"has-post-thumbnail","6":"product_cat-montagens-goto","7":"product_cat-swpromo","8":"product_cat-telescopios","9":"product_cat-telescopios-reflectores","11":"first","12":"onbackorder","13":"sale","14":"shipping-taxable","15":"purchasable","16":"product-type-simple"},"_links":{"self":[{"href":"https:\/\/site.astrofoto.com.pt\/welcome\/wp-json\/wp\/v2\/product\/6923","targetHints":{"allow":["GET"]}}],"collection":[{"href":"https:\/\/site.astrofoto.com.pt\/welcome\/wp-json\/wp\/v2\/product"}],"about":[{"href":"https:\/\/site.astrofoto.com.pt\/welcome\/wp-json\/wp\/v2\/types\/product"}],"replies":[{"embeddable":true,"href":"https:\/\/site.astrofoto.com.pt\/welcome\/wp-json\/wp\/v2\/comments?post=6923"}],"wp:featuredmedia":[{"embeddable":true,"href":"https:\/\/site.astrofoto.com.pt\/welcome\/wp-json\/wp\/v2\/media\/6924"}],"wp:attachment":[{"href":"https:\/\/site.astrofoto.com.pt\/welcome\/wp-json\/wp\/v2\/media?parent=6923"}],"wp:term":[{"taxonomy":"product_brand","embeddable":true,"href":"https:\/\/site.astrofoto.com.pt\/welcome\/wp-json\/wp\/v2\/product_brand?post=6923"},{"taxonomy":"product_cat","embeddable":true,"href":"https:\/\/site.astrofoto.com.pt\/welcome\/wp-json\/wp\/v2\/product_cat?post=6923"},{"taxonomy":"product_tag","embeddable":true,"href":"https:\/\/site.astrofoto.com.pt\/welcome\/wp-json\/wp\/v2\/product_tag?post=6923"}],"curies":[{"name":"wp","href":"https:\/\/api.w.org\/{rel}","templated":true}]}}