{"id":6895,"date":"2021-06-23T16:12:35","date_gmt":"2021-06-23T16:12:35","guid":{"rendered":"https:\/\/site.astrofoto.com.pt\/welcome\/?post_type=product&#038;p=6895"},"modified":"2022-01-27T12:57:15","modified_gmt":"2022-01-27T12:57:15","slug":"aplanador-de-campo-flattener-sw-para-ed72-com-rosca-t","status":"publish","type":"product","link":"https:\/\/site.astrofoto.com.pt\/welcome\/produto\/aplanador-de-campo-flattener-sw-para-ed72-com-rosca-t\/","title":{"rendered":"aplanador de campo flattener SW para ED72 com rosca T"},"content":{"rendered":"<p><strong>aplanador de campo flattener SW para ED72 com rosca T<\/strong><\/p>\n<p>\u2022 para aplanar o campo sem redu\u00e7\u00e3o da dist\u00e2ncia focal<br \/>\n\u2022 entrada (do telescopio) de 2&#8243;<br \/>\n\u2022 sa\u00edda em rosca T<\/p>\n<p>\u25ba ideal para DSLR<\/p>\n","protected":false},"excerpt":{"rendered":"<p>aplanador de campo flattener SW para ED72 com rosca T \u2022 para aplanar o campo sem redu\u00e7\u00e3o da dist\u00e2ncia focal \u2022 entrada (do telescopio) de 2&#8243; \u2022 sa\u00edda em rosca T \u25ba ideal para DSLR<\/p>\n","protected":false},"featured_media":6897,"comment_status":"closed","ping_status":"closed","template":"","meta":[],"product_brand":[],"product_cat":[29,34],"product_tag":[],"class_list":{"0":"post-6895","1":"product","2":"type-product","3":"status-publish","4":"has-post-thumbnail","6":"product_cat-acessorios","7":"product_cat-acessoriosfotografia","9":"first","10":"outofstock","11":"shipping-taxable","12":"purchasable","13":"product-type-simple"},"_links":{"self":[{"href":"https:\/\/site.astrofoto.com.pt\/welcome\/wp-json\/wp\/v2\/product\/6895","targetHints":{"allow":["GET"]}}],"collection":[{"href":"https:\/\/site.astrofoto.com.pt\/welcome\/wp-json\/wp\/v2\/product"}],"about":[{"href":"https:\/\/site.astrofoto.com.pt\/welcome\/wp-json\/wp\/v2\/types\/product"}],"replies":[{"embeddable":true,"href":"https:\/\/site.astrofoto.com.pt\/welcome\/wp-json\/wp\/v2\/comments?post=6895"}],"wp:featuredmedia":[{"embeddable":true,"href":"https:\/\/site.astrofoto.com.pt\/welcome\/wp-json\/wp\/v2\/media\/6897"}],"wp:attachment":[{"href":"https:\/\/site.astrofoto.com.pt\/welcome\/wp-json\/wp\/v2\/media?parent=6895"}],"wp:term":[{"taxonomy":"product_brand","embeddable":true,"href":"https:\/\/site.astrofoto.com.pt\/welcome\/wp-json\/wp\/v2\/product_brand?post=6895"},{"taxonomy":"product_cat","embeddable":true,"href":"https:\/\/site.astrofoto.com.pt\/welcome\/wp-json\/wp\/v2\/product_cat?post=6895"},{"taxonomy":"product_tag","embeddable":true,"href":"https:\/\/site.astrofoto.com.pt\/welcome\/wp-json\/wp\/v2\/product_tag?post=6895"}],"curies":[{"name":"wp","href":"https:\/\/api.w.org\/{rel}","templated":true}]}}