{"id":6669,"date":"2021-05-12T11:43:24","date_gmt":"2021-05-12T11:43:24","guid":{"rendered":"https:\/\/site.astrofoto.com.pt\/welcome\/?post_type=product&#038;p=6669"},"modified":"2026-03-08T13:35:05","modified_gmt":"2026-03-08T13:35:05","slug":"celula-para-filtro-solar-150-172mm","status":"publish","type":"product","link":"https:\/\/site.astrofoto.com.pt\/welcome\/produto\/celula-para-filtro-solar-150-172mm\/","title":{"rendered":"Celula para filtro solar 150-172mm"},"content":{"rendered":"<p><strong>Celula para filtro solar 150-172mm<br \/>\n<\/strong><\/p>\n<p>\u2022 Diametro do Tubo: 150-172 mm<br \/>\n\u2022 Abertura \u00fatil: 150 mm<br \/>\n\u2022 Fixa\u00e7\u00e3o so Telescopio: 3 parafusos com prote\u00e7\u00e3o<\/p>\n<p>\u25baConstrua voc\u00ea mesmo um filtro solar de alta qualidade com a folha de filtro Baader AstroSolar e o suporte da TS<\/p>\n<p>Pode prender a folha de filtro com uma fita adesiva dupla-face ao adaptador e ent\u00e3o simplesmente estabiliz\u00e1-la com um anel de cart\u00e3o.\u00a0 A c\u00e9lula oferece espa\u00e7o suficiente para uma fixa\u00e7\u00e3o segura da folha.<\/p>\n<p>\u25ba Folha de <a href=\"https:\/\/site.astrofoto.com.pt\/welcome\/produto\/baader-em-folha-a4\/\">filtro Baader<\/a><\/p>\n","protected":false},"excerpt":{"rendered":"<p>Celula para filtro solar 150-172mm \u2022 Diametro do Tubo: 150-172 mm \u2022 Abertura \u00fatil: 150 mm \u2022 Fixa\u00e7\u00e3o so Telescopio: 3 parafusos com prote\u00e7\u00e3o \u25baConstrua voc\u00ea mesmo um filtro solar de alta qualidade com a folha de filtro Baader AstroSolar e o suporte da TS Pode prender a folha de filtro com uma fita adesiva<\/p>\n<div class=\"more-link\">\n\t\t\t\t <a href=\"https:\/\/site.astrofoto.com.pt\/welcome\/produto\/celula-para-filtro-solar-150-172mm\/\" class=\"btn theme-btn inverted\"><span>Continuar a Ler <\/span><\/a>\n\t\t\t<\/div>\n","protected":false},"featured_media":6670,"comment_status":"closed","ping_status":"closed","template":"","meta":[],"product_brand":[],"product_cat":[20,95],"product_tag":[],"class_list":{"0":"post-6669","1":"product","2":"type-product","3":"status-publish","4":"has-post-thumbnail","6":"product_cat-filtros-solares","7":"product_cat-stock-off","9":"first","10":"onbackorder","11":"sale","12":"shipping-taxable","13":"purchasable","14":"product-type-simple"},"_links":{"self":[{"href":"https:\/\/site.astrofoto.com.pt\/welcome\/wp-json\/wp\/v2\/product\/6669","targetHints":{"allow":["GET"]}}],"collection":[{"href":"https:\/\/site.astrofoto.com.pt\/welcome\/wp-json\/wp\/v2\/product"}],"about":[{"href":"https:\/\/site.astrofoto.com.pt\/welcome\/wp-json\/wp\/v2\/types\/product"}],"replies":[{"embeddable":true,"href":"https:\/\/site.astrofoto.com.pt\/welcome\/wp-json\/wp\/v2\/comments?post=6669"}],"wp:featuredmedia":[{"embeddable":true,"href":"https:\/\/site.astrofoto.com.pt\/welcome\/wp-json\/wp\/v2\/media\/6670"}],"wp:attachment":[{"href":"https:\/\/site.astrofoto.com.pt\/welcome\/wp-json\/wp\/v2\/media?parent=6669"}],"wp:term":[{"taxonomy":"product_brand","embeddable":true,"href":"https:\/\/site.astrofoto.com.pt\/welcome\/wp-json\/wp\/v2\/product_brand?post=6669"},{"taxonomy":"product_cat","embeddable":true,"href":"https:\/\/site.astrofoto.com.pt\/welcome\/wp-json\/wp\/v2\/product_cat?post=6669"},{"taxonomy":"product_tag","embeddable":true,"href":"https:\/\/site.astrofoto.com.pt\/welcome\/wp-json\/wp\/v2\/product_tag?post=6669"}],"curies":[{"name":"wp","href":"https:\/\/api.w.org\/{rel}","templated":true}]}}