{"id":6027,"date":"2021-02-12T15:52:20","date_gmt":"2021-02-12T15:52:20","guid":{"rendered":"http:\/\/site.astrofoto.com.pt\/welcome\/?post_type=product&#038;p=6027"},"modified":"2021-10-06T19:28:47","modified_gmt":"2021-10-06T19:28:47","slug":"dolly-para-tripe-de-telescopio-carrinho","status":"publish","type":"product","link":"https:\/\/site.astrofoto.com.pt\/welcome\/produto\/dolly-para-tripe-de-telescopio-carrinho\/","title":{"rendered":"Dolly AST para trip\u00e9 de telescopio (carrinho)"},"content":{"rendered":"<p><a href=\"http:\/\/site.astrofoto.com.pt\/welcome\/wp-content\/uploads\/2021\/02\/dolly00.jpg\"><img fetchpriority=\"high\" decoding=\"async\" class=\"alignleft size-medium wp-image-6033\" src=\"http:\/\/site.astrofoto.com.pt\/welcome\/wp-content\/uploads\/2021\/02\/dolly00-300x300.jpg\" alt=\"\" width=\"300\" height=\"300\" srcset=\"https:\/\/site.astrofoto.com.pt\/welcome\/wp-content\/uploads\/2021\/02\/dolly00-300x300.jpg 300w, https:\/\/site.astrofoto.com.pt\/welcome\/wp-content\/uploads\/2021\/02\/dolly00-450x450.jpg 450w, https:\/\/site.astrofoto.com.pt\/welcome\/wp-content\/uploads\/2021\/02\/dolly00-100x100.jpg 100w, https:\/\/site.astrofoto.com.pt\/welcome\/wp-content\/uploads\/2021\/02\/dolly00-600x600.jpg 600w, https:\/\/site.astrofoto.com.pt\/welcome\/wp-content\/uploads\/2021\/02\/dolly00-150x150.jpg 150w, https:\/\/site.astrofoto.com.pt\/welcome\/wp-content\/uploads\/2021\/02\/dolly00-768x768.jpg 768w, https:\/\/site.astrofoto.com.pt\/welcome\/wp-content\/uploads\/2021\/02\/dolly00.jpg 800w\" sizes=\"(max-width: 300px) 100vw, 300px\" \/><\/a><strong>Dolly AST para trip\u00e9 de telescopio<br \/>\n(Plataforma m\u00f3vel)<br \/>\n<\/strong><\/p>\n<p>\u2022 para trip\u00e9s de 840mm at\u00e9 1130mm entre p\u00e9s<br \/>\n\u2022 rodas de 75mm (pisos direitos)<br \/>\n\u2022 trav\u00f5es e fixadores em cada roda<br \/>\n\u2022 suporta at\u00e9 150Kg<br \/>\n\u2022 peso: 11Kg<br \/>\n\u25baoptimo para deslocar a montagem em pisos planos<\/p>\n<p>&nbsp;<\/p>\n<p>&nbsp;<\/p>\n<h6 class=\"title\"><em>57903<\/em><\/h6>\n","protected":false},"excerpt":{"rendered":"<p>Dolly AST para trip\u00e9 de telescopio (Plataforma m\u00f3vel) \u2022 para trip\u00e9s de 840mm at\u00e9 1130mm entre p\u00e9s \u2022 rodas de 75mm (pisos direitos) \u2022 trav\u00f5es e fixadores em cada roda \u2022 suporta at\u00e9 150Kg \u2022 peso: 11Kg \u25baoptimo para deslocar a montagem em pisos planos &nbsp; &nbsp; 57903<\/p>\n","protected":false},"featured_media":6033,"comment_status":"closed","ping_status":"closed","template":"","meta":[],"product_brand":[],"product_cat":[81,51,31],"product_tag":[],"class_list":{"0":"post-6027","1":"product","2":"type-product","3":"status-publish","4":"has-post-thumbnail","6":"product_cat-acessorios-de-montagens","7":"product_cat-acessorios-para-telescopios","8":"product_cat-miscelanea","10":"first","11":"onbackorder","12":"shipping-taxable","13":"purchasable","14":"product-type-simple"},"_links":{"self":[{"href":"https:\/\/site.astrofoto.com.pt\/welcome\/wp-json\/wp\/v2\/product\/6027","targetHints":{"allow":["GET"]}}],"collection":[{"href":"https:\/\/site.astrofoto.com.pt\/welcome\/wp-json\/wp\/v2\/product"}],"about":[{"href":"https:\/\/site.astrofoto.com.pt\/welcome\/wp-json\/wp\/v2\/types\/product"}],"replies":[{"embeddable":true,"href":"https:\/\/site.astrofoto.com.pt\/welcome\/wp-json\/wp\/v2\/comments?post=6027"}],"wp:featuredmedia":[{"embeddable":true,"href":"https:\/\/site.astrofoto.com.pt\/welcome\/wp-json\/wp\/v2\/media\/6033"}],"wp:attachment":[{"href":"https:\/\/site.astrofoto.com.pt\/welcome\/wp-json\/wp\/v2\/media?parent=6027"}],"wp:term":[{"taxonomy":"product_brand","embeddable":true,"href":"https:\/\/site.astrofoto.com.pt\/welcome\/wp-json\/wp\/v2\/product_brand?post=6027"},{"taxonomy":"product_cat","embeddable":true,"href":"https:\/\/site.astrofoto.com.pt\/welcome\/wp-json\/wp\/v2\/product_cat?post=6027"},{"taxonomy":"product_tag","embeddable":true,"href":"https:\/\/site.astrofoto.com.pt\/welcome\/wp-json\/wp\/v2\/product_tag?post=6027"}],"curies":[{"name":"wp","href":"https:\/\/api.w.org\/{rel}","templated":true}]}}