{"id":5778,"date":"2020-12-21T20:05:53","date_gmt":"2020-12-21T20:05:53","guid":{"rendered":"http:\/\/site.astrofoto.com.pt\/welcome\/?post_type=product&#038;p=5778"},"modified":"2021-03-08T13:53:39","modified_gmt":"2021-03-08T13:53:39","slug":"telescopio-terrestre-levenhuk-20-60x60","status":"publish","type":"product","link":"https:\/\/site.astrofoto.com.pt\/welcome\/produto\/telescopio-terrestre-levenhuk-20-60x60\/","title":{"rendered":"Telescopio Terrestre Levenhuk Zoom 20-60&#215;60"},"content":{"rendered":"<p><a href=\"http:\/\/site.astrofoto.com.pt\/welcome\/wp-content\/uploads\/2020\/12\/Leven206060.jpg\"><img fetchpriority=\"high\" decoding=\"async\" class=\"alignleft size-medium wp-image-5779\" src=\"http:\/\/site.astrofoto.com.pt\/welcome\/wp-content\/uploads\/2020\/12\/Leven206060-300x300.jpg\" alt=\"\" width=\"300\" height=\"300\" srcset=\"https:\/\/site.astrofoto.com.pt\/welcome\/wp-content\/uploads\/2020\/12\/Leven206060.jpg 300w, https:\/\/site.astrofoto.com.pt\/welcome\/wp-content\/uploads\/2020\/12\/Leven206060-100x100.jpg 100w, https:\/\/site.astrofoto.com.pt\/welcome\/wp-content\/uploads\/2020\/12\/Leven206060-150x150.jpg 150w\" sizes=\"(max-width: 300px) 100vw, 300px\" \/><\/a><strong>Telescopio Terrestre Levenhuk Zoom 20-60&#215;60<\/strong><\/p>\n<p>\u2022 Abertura da Objectiva: 60mm<br \/>\n\u2022 Amplia\u00e7\u00e3o: Zoom 20-60x<br \/>\n\u2022 Angulo da ocular: 45\u00b0<br \/>\n\u2022 Campo de Vis\u00e3o: 32m (20x) a 1000 metros<br \/>\n\u2022 Peso: 1.455gr<br \/>\n\u2022 Trip\u00e9 de mesa<br \/>\n\u2022 Saco de Transporte<br \/>\n\u2022 Liga\u00e7\u00e3o a trip\u00e9: 1\/4\u2033<br \/>\n\u25ba possibilidade ligar a um trip\u00e9 alto<\/p>\n","protected":false},"excerpt":{"rendered":"<p>Telescopio Terrestre Levenhuk Zoom 20-60&#215;60 \u2022 Abertura da Objectiva: 60mm \u2022 Amplia\u00e7\u00e3o: Zoom 20-60x \u2022 Angulo da ocular: 45\u00b0 \u2022 Campo de Vis\u00e3o: 32m (20x) a 1000 metros \u2022 Peso: 1.455gr \u2022 Trip\u00e9 de mesa \u2022 Saco de Transporte \u2022 Liga\u00e7\u00e3o a trip\u00e9: 1\/4\u2033 \u25ba possibilidade ligar a um trip\u00e9 alto<\/p>\n","protected":false},"featured_media":5779,"comment_status":"closed","ping_status":"closed","template":"","meta":[],"product_brand":[],"product_cat":[67,22],"product_tag":[],"class_list":{"0":"post-5778","1":"product","2":"type-product","3":"status-publish","4":"has-post-thumbnail","6":"product_cat-https-site-astrofoto-com-pt-welcome-categoria-produto-novidade","7":"product_cat-spotting-scopes","9":"first","10":"onbackorder","11":"shipping-taxable","12":"purchasable","13":"product-type-simple"},"_links":{"self":[{"href":"https:\/\/site.astrofoto.com.pt\/welcome\/wp-json\/wp\/v2\/product\/5778","targetHints":{"allow":["GET"]}}],"collection":[{"href":"https:\/\/site.astrofoto.com.pt\/welcome\/wp-json\/wp\/v2\/product"}],"about":[{"href":"https:\/\/site.astrofoto.com.pt\/welcome\/wp-json\/wp\/v2\/types\/product"}],"replies":[{"embeddable":true,"href":"https:\/\/site.astrofoto.com.pt\/welcome\/wp-json\/wp\/v2\/comments?post=5778"}],"wp:featuredmedia":[{"embeddable":true,"href":"https:\/\/site.astrofoto.com.pt\/welcome\/wp-json\/wp\/v2\/media\/5779"}],"wp:attachment":[{"href":"https:\/\/site.astrofoto.com.pt\/welcome\/wp-json\/wp\/v2\/media?parent=5778"}],"wp:term":[{"taxonomy":"product_brand","embeddable":true,"href":"https:\/\/site.astrofoto.com.pt\/welcome\/wp-json\/wp\/v2\/product_brand?post=5778"},{"taxonomy":"product_cat","embeddable":true,"href":"https:\/\/site.astrofoto.com.pt\/welcome\/wp-json\/wp\/v2\/product_cat?post=5778"},{"taxonomy":"product_tag","embeddable":true,"href":"https:\/\/site.astrofoto.com.pt\/welcome\/wp-json\/wp\/v2\/product_tag?post=5778"}],"curies":[{"name":"wp","href":"https:\/\/api.w.org\/{rel}","templated":true}]}}