{"id":5697,"date":"2020-12-01T19:22:35","date_gmt":"2020-12-01T19:22:35","guid":{"rendered":"http:\/\/site.astrofoto.com.pt\/welcome\/?post_type=product&#038;p=5697"},"modified":"2025-04-10T11:40:13","modified_gmt":"2025-04-10T11:40:13","slug":"telescopio-omegon-ritchey-chretien-8","status":"publish","type":"product","link":"https:\/\/site.astrofoto.com.pt\/welcome\/produto\/telescopio-omegon-ritchey-chretien-8\/","title":{"rendered":"Telescopio Omegon Ritchey Chretien 8\u2033 f\/8"},"content":{"rendered":"<p>&nbsp;<\/p>\n<p>Telescopio Omegon Ritchey Chretien 8\u2033 f\/8<\/p>\n<p><u>\u25ba Genuino R\/C com prim\u00e1rio e secund\u00e1rio hiperb\u00f3licos<strong><br \/>\n<\/strong><\/u><\/p>\n<p><span class=\"VIiyi\" lang=\"pt\"><span class=\"JLqJ4b\" data-language-for-alternatives=\"pt\" data-language-to-translate-into=\"auto\" data-phrase-index=\"0\">Os telesc\u00f3pios Omegon RC oferecem um campo de vis\u00e3o amplo e sem coma &#8211; perfeito para imagens de estrelas\u00a0 pontuais at\u00e9 a borda do campo de vis\u00e3o.<br \/>\n<\/span><\/span><\/p>\n<p><span class=\"VIiyi\" lang=\"pt\"><span class=\"JLqJ4b\" data-language-for-alternatives=\"pt\" data-language-to-translate-into=\"auto\" data-phrase-index=\"0\">Espelhos hiperb\u00f3licos &#8211; imagem extremamente n\u00edtida, amplo campo de vis\u00e3o sem a necessidade de um corrector. Espelhos de quartzo,\u00a0 revestimento diel\u00e9trico de 92-94% para imagens em observa\u00e7\u00e3o e astrofotografia brilhantes e de alto contraste com arrefecimento r\u00e1pido gra\u00e7as ao design aberto.<\/span><\/span><\/p>\n<p>\u2022 Abertura: 203mm.<br \/>\n\u2022 Focal: 1624mm.<br \/>\n\u2022 Rela\u00e7\u00e3o focal: f\/8<br \/>\n\u2022 \u00d3tica do Primario e Secund\u00e1rio Diel\u00e9ctricos: 94% de cobertura<br \/>\n\u2022 Focador: Crayford 2\u2033<br \/>\n\u2022 Peso do tubo:\u00a07,5kg.<br \/>\n\u2022 Comprimento do Tubo: 580mm<br \/>\n\u2022 Inclui dovetail tipo Vixen e dovetail tipo Losmandi<\/p>\n<p><span class=\"VIiyi\" lang=\"pt\"><span class=\"JLqJ4b\" data-language-for-alternatives=\"pt\" data-language-to-translate-into=\"auto\" data-phrase-index=\"0\">Os telesc\u00f3pios Omegon RC oferecem um campo de vis\u00e3o amplo e sem coma &#8211; perfeito para imagens de estrelas\u00a0 pontuais at\u00e9 a borda do campo de vis\u00e3o.<br \/>\n<\/span><\/span><\/p>\n<p><span class=\"VIiyi\" lang=\"pt\"><span class=\"JLqJ4b\" data-language-for-alternatives=\"pt\" data-language-to-translate-into=\"auto\" data-phrase-index=\"0\">Espelhos hiperb\u00f3licos &#8211; imagem extremamente n\u00edtida, amplo campo de vis\u00e3o sem a necessidade de um corrector espelhos de quartzo,\u00a0 revestimento diel\u00e9trico de 92-94% para imagens em observa\u00e7\u00e3o e astrofotografia brilhantes e de alto contraste com arrefeciemnto r\u00e1pido gra\u00e7as ao design aberto.<\/span><\/span><\/p>\n","protected":false},"excerpt":{"rendered":"<p>&nbsp; Telescopio Omegon Ritchey Chretien 8\u2033 f\/8 \u25ba Genuino R\/C com prim\u00e1rio e secund\u00e1rio hiperb\u00f3licos Os telesc\u00f3pios Omegon RC oferecem um campo de vis\u00e3o amplo e sem coma &#8211; perfeito para imagens de estrelas\u00a0 pontuais at\u00e9 a borda do campo de vis\u00e3o. Espelhos hiperb\u00f3licos &#8211; imagem extremamente n\u00edtida, amplo campo de vis\u00e3o sem a necessidade<\/p>\n<div class=\"more-link\">\n\t\t\t\t <a href=\"https:\/\/site.astrofoto.com.pt\/welcome\/produto\/telescopio-omegon-ritchey-chretien-8\/\" class=\"btn theme-btn inverted\"><span>Continuar a Ler <\/span><\/a>\n\t\t\t<\/div>\n","protected":false},"featured_media":5701,"comment_status":"closed","ping_status":"closed","template":"","meta":[],"product_brand":[],"product_cat":[17],"product_tag":[],"class_list":{"0":"post-5697","1":"product","2":"type-product","3":"status-publish","4":"has-post-thumbnail","6":"product_cat-telescopios-catadioptricos","8":"first","9":"onbackorder","10":"sale","11":"shipping-taxable","12":"purchasable","13":"product-type-simple"},"_links":{"self":[{"href":"https:\/\/site.astrofoto.com.pt\/welcome\/wp-json\/wp\/v2\/product\/5697","targetHints":{"allow":["GET"]}}],"collection":[{"href":"https:\/\/site.astrofoto.com.pt\/welcome\/wp-json\/wp\/v2\/product"}],"about":[{"href":"https:\/\/site.astrofoto.com.pt\/welcome\/wp-json\/wp\/v2\/types\/product"}],"replies":[{"embeddable":true,"href":"https:\/\/site.astrofoto.com.pt\/welcome\/wp-json\/wp\/v2\/comments?post=5697"}],"wp:featuredmedia":[{"embeddable":true,"href":"https:\/\/site.astrofoto.com.pt\/welcome\/wp-json\/wp\/v2\/media\/5701"}],"wp:attachment":[{"href":"https:\/\/site.astrofoto.com.pt\/welcome\/wp-json\/wp\/v2\/media?parent=5697"}],"wp:term":[{"taxonomy":"product_brand","embeddable":true,"href":"https:\/\/site.astrofoto.com.pt\/welcome\/wp-json\/wp\/v2\/product_brand?post=5697"},{"taxonomy":"product_cat","embeddable":true,"href":"https:\/\/site.astrofoto.com.pt\/welcome\/wp-json\/wp\/v2\/product_cat?post=5697"},{"taxonomy":"product_tag","embeddable":true,"href":"https:\/\/site.astrofoto.com.pt\/welcome\/wp-json\/wp\/v2\/product_tag?post=5697"}],"curies":[{"name":"wp","href":"https:\/\/api.w.org\/{rel}","templated":true}]}}