{"id":5351,"date":"2020-08-21T17:17:07","date_gmt":"2020-08-21T17:17:07","guid":{"rendered":"http:\/\/site.astrofoto.com.pt\/welcome\/?post_type=product&#038;p=5351"},"modified":"2024-11-09T19:22:27","modified_gmt":"2024-11-09T19:22:27","slug":"telescopio-meade-polaris114-900","status":"publish","type":"product","link":"https:\/\/site.astrofoto.com.pt\/welcome\/produto\/telescopio-meade-polaris114-900\/","title":{"rendered":"Telescopio Meade Polaris114\/1000"},"content":{"rendered":"<p><a href=\"http:\/\/site.astrofoto.com.pt\/welcome\/wp-content\/uploads\/2020\/08\/Meade114Polaris.jpg\"><img fetchpriority=\"high\" decoding=\"async\" class=\"alignleft size-medium wp-image-5352\" src=\"http:\/\/site.astrofoto.com.pt\/welcome\/wp-content\/uploads\/2020\/08\/Meade114Polaris-300x300.jpg\" alt=\"\" width=\"300\" height=\"300\" srcset=\"https:\/\/site.astrofoto.com.pt\/welcome\/wp-content\/uploads\/2020\/08\/Meade114Polaris.jpg 300w, https:\/\/site.astrofoto.com.pt\/welcome\/wp-content\/uploads\/2020\/08\/Meade114Polaris-100x100.jpg 100w, https:\/\/site.astrofoto.com.pt\/welcome\/wp-content\/uploads\/2020\/08\/Meade114Polaris-150x150.jpg 150w\" sizes=\"(max-width: 300px) 100vw, 300px\" \/><\/a><strong>Telescopio Meade Polaris114\/1000<\/strong><\/p>\n<p>Abertura: 114mm<br \/>\nDist\u00e2ncia Focal: 1.000mm<br \/>\nAbertura relativa F\/D 8.8<br \/>\nPoder separador 1\u2033<br \/>\nMagnitude limite 12,4<br \/>\nAumento m\u00e1ximo recomendado: 200x<br \/>\nOculares 26mm, 9mm, 6,3mm<br \/>\nBarlow: 2x<br \/>\nBuscador: Red dot finder<br \/>\nMontagem equatorial alem\u00e3<br \/>\nC\u00edrculos graduados nos 2 eixos<br \/>\nTrip\u00e9 de a\u00e7o<\/p>\n<p>\u25ba <a href=\"https:\/\/youtu.be\/n0viPhrKjw8\">ver youtube<\/a><\/p>\n","protected":false},"excerpt":{"rendered":"<p>Telescopio Meade Polaris114\/1000 Abertura: 114mm Dist\u00e2ncia Focal: 1.000mm Abertura relativa F\/D 8.8 Poder separador 1\u2033 Magnitude limite 12,4 Aumento m\u00e1ximo recomendado: 200x Oculares 26mm, 9mm, 6,3mm Barlow: 2x Buscador: Red dot finder Montagem equatorial alem\u00e3 C\u00edrculos graduados nos 2 eixos Trip\u00e9 de a\u00e7o \u25ba ver youtube<\/p>\n","protected":false},"featured_media":5352,"comment_status":"closed","ping_status":"closed","template":"","meta":[],"product_brand":[],"product_cat":[15],"product_tag":[],"class_list":{"0":"post-5351","1":"product","2":"type-product","3":"status-publish","4":"has-post-thumbnail","6":"product_cat-telescopios-reflectores","8":"first","9":"outofstock","10":"shipping-taxable","11":"purchasable","12":"product-type-simple"},"_links":{"self":[{"href":"https:\/\/site.astrofoto.com.pt\/welcome\/wp-json\/wp\/v2\/product\/5351","targetHints":{"allow":["GET"]}}],"collection":[{"href":"https:\/\/site.astrofoto.com.pt\/welcome\/wp-json\/wp\/v2\/product"}],"about":[{"href":"https:\/\/site.astrofoto.com.pt\/welcome\/wp-json\/wp\/v2\/types\/product"}],"replies":[{"embeddable":true,"href":"https:\/\/site.astrofoto.com.pt\/welcome\/wp-json\/wp\/v2\/comments?post=5351"}],"wp:featuredmedia":[{"embeddable":true,"href":"https:\/\/site.astrofoto.com.pt\/welcome\/wp-json\/wp\/v2\/media\/5352"}],"wp:attachment":[{"href":"https:\/\/site.astrofoto.com.pt\/welcome\/wp-json\/wp\/v2\/media?parent=5351"}],"wp:term":[{"taxonomy":"product_brand","embeddable":true,"href":"https:\/\/site.astrofoto.com.pt\/welcome\/wp-json\/wp\/v2\/product_brand?post=5351"},{"taxonomy":"product_cat","embeddable":true,"href":"https:\/\/site.astrofoto.com.pt\/welcome\/wp-json\/wp\/v2\/product_cat?post=5351"},{"taxonomy":"product_tag","embeddable":true,"href":"https:\/\/site.astrofoto.com.pt\/welcome\/wp-json\/wp\/v2\/product_tag?post=5351"}],"curies":[{"name":"wp","href":"https:\/\/api.w.org\/{rel}","templated":true}]}}

<p><a href="http://site.astrofoto.com.pt/welcome/wp-content/uploads/2020/08/Meade114Polaris.jpg"><img fetchpriority="high" decoding="async" class="alignleft size-medium wp-image-5352" src="http://site.astrofoto.com.pt/welcome/wp-content/uploads/2020/08/Meade114Polaris-300x300.jpg" alt="" width="300" height="300" srcset="https://site.astrofoto.com.pt/welcome/wp-content/uploads/2020/08/Meade114Polaris.jpg 300w, https://site.astrofoto.com.pt/welcome/wp-content/uploads/2020/08/Meade114Polaris-100x100.jpg 100w, https://site.astrofoto.com.pt/welcome/wp-content/uploads/2020/08/Meade114Polaris-150x150.jpg 150w" sizes="(max-width: 300px) 100vw, 300px" /></a><strong>Telescopio Meade Polaris114/1000</strong></p>
<p>Abertura: 114mm<br />
Distância Focal: 1.000mm<br />
Abertura relativa F/D 8.8<br />
Poder separador 1″<br />
Magnitude limite 12,4<br />
Aumento máximo recomendado: 200x<br />
Oculares 26mm, 9mm, 6,3mm<br />
Barlow: 2x<br />
Buscador: Red dot finder<br />
Montagem equatorial alemã<br />
Círculos graduados nos 2 eixos<br />
Tripé de aço</p>
<p>► <a href="https://youtu.be/n0viPhrKjw8">ver youtube</a></p>

<p>Telescopio Meade Polaris114/1000 Abertura: 114mm Distância Focal: 1.000mm Abertura relativa F/D 8.8 Poder separador 1″ Magnitude limite 12,4 Aumento máximo recomendado: 200x Oculares 26mm, 9mm, 6,3mm Barlow: 2x Buscador: Red dot finder Montagem equatorial alemã Círculos graduados nos 2 eixos Tripé de aço ► ver youtube</p>
