{"id":5209,"date":"2020-07-25T18:47:17","date_gmt":"2020-07-25T18:47:17","guid":{"rendered":"http:\/\/site.astrofoto.com.pt\/welcome\/?post_type=product&#038;p=5209"},"modified":"2022-10-17T12:03:00","modified_gmt":"2022-10-17T12:03:00","slug":"flip-mirror-omegon-syncfocus","status":"publish","type":"product","link":"https:\/\/site.astrofoto.com.pt\/welcome\/produto\/flip-mirror-omegon-syncfocus\/","title":{"rendered":"Flip-Mirror Omegon Syncfocus"},"content":{"rendered":"<p><strong><a href=\"http:\/\/site.astrofoto.com.pt\/welcome\/wp-content\/uploads\/2020\/07\/OmegonFlipMirror.jpg\"><img fetchpriority=\"high\" decoding=\"async\" class=\"alignleft size-medium wp-image-5217\" src=\"http:\/\/site.astrofoto.com.pt\/welcome\/wp-content\/uploads\/2020\/07\/OmegonFlipMirror-300x300.jpg\" alt=\"\" width=\"300\" height=\"300\" srcset=\"https:\/\/site.astrofoto.com.pt\/welcome\/wp-content\/uploads\/2020\/07\/OmegonFlipMirror.jpg 300w, https:\/\/site.astrofoto.com.pt\/welcome\/wp-content\/uploads\/2020\/07\/OmegonFlipMirror-100x100.jpg 100w, https:\/\/site.astrofoto.com.pt\/welcome\/wp-content\/uploads\/2020\/07\/OmegonFlipMirror-150x150.jpg 150w\" sizes=\"(max-width: 300px) 100vw, 300px\" \/><\/a>Flip-Mirror Omegon Syncfocus<\/strong><\/p>\n<p>\u2022 liga\u00e7\u00e3o ao te\u00e7esc\u00f3pio: 1.25&#8243;<br \/>\n\u2022 liga\u00e7\u00e3o \u00e0 camara: T2 ou 1.25&#8243;<br \/>\n\u2022 extens\u00e3o optica: 57mm<br \/>\n\u2022 parfocal<br \/>\n\u2022 peso: 170gr<br \/>\n\u25ba alterna a vis\u00e3o c\u00e2mara\/ocular<br \/>\n\u25ba ideal para fotografia planet\u00e1ria<\/p>\n","protected":false},"excerpt":{"rendered":"<p>Flip-Mirror Omegon Syncfocus \u2022 liga\u00e7\u00e3o ao te\u00e7esc\u00f3pio: 1.25&#8243; \u2022 liga\u00e7\u00e3o \u00e0 camara: T2 ou 1.25&#8243; \u2022 extens\u00e3o optica: 57mm \u2022 parfocal \u2022 peso: 170gr \u25ba alterna a vis\u00e3o c\u00e2mara\/ocular \u25ba ideal para fotografia planet\u00e1ria<\/p>\n","protected":false},"featured_media":5210,"comment_status":"closed","ping_status":"closed","template":"","meta":[],"product_brand":[],"product_cat":[34],"product_tag":[],"class_list":{"0":"post-5209","1":"product","2":"type-product","3":"status-publish","4":"has-post-thumbnail","6":"product_cat-acessoriosfotografia","8":"first","9":"onbackorder","10":"shipping-taxable","11":"purchasable","12":"product-type-simple"},"_links":{"self":[{"href":"https:\/\/site.astrofoto.com.pt\/welcome\/wp-json\/wp\/v2\/product\/5209","targetHints":{"allow":["GET"]}}],"collection":[{"href":"https:\/\/site.astrofoto.com.pt\/welcome\/wp-json\/wp\/v2\/product"}],"about":[{"href":"https:\/\/site.astrofoto.com.pt\/welcome\/wp-json\/wp\/v2\/types\/product"}],"replies":[{"embeddable":true,"href":"https:\/\/site.astrofoto.com.pt\/welcome\/wp-json\/wp\/v2\/comments?post=5209"}],"wp:featuredmedia":[{"embeddable":true,"href":"https:\/\/site.astrofoto.com.pt\/welcome\/wp-json\/wp\/v2\/media\/5210"}],"wp:attachment":[{"href":"https:\/\/site.astrofoto.com.pt\/welcome\/wp-json\/wp\/v2\/media?parent=5209"}],"wp:term":[{"taxonomy":"product_brand","embeddable":true,"href":"https:\/\/site.astrofoto.com.pt\/welcome\/wp-json\/wp\/v2\/product_brand?post=5209"},{"taxonomy":"product_cat","embeddable":true,"href":"https:\/\/site.astrofoto.com.pt\/welcome\/wp-json\/wp\/v2\/product_cat?post=5209"},{"taxonomy":"product_tag","embeddable":true,"href":"https:\/\/site.astrofoto.com.pt\/welcome\/wp-json\/wp\/v2\/product_tag?post=5209"}],"curies":[{"name":"wp","href":"https:\/\/api.w.org\/{rel}","templated":true}]}}