{"id":5087,"date":"2020-06-25T12:54:58","date_gmt":"2020-06-25T12:54:58","guid":{"rendered":"http:\/\/site.astrofoto.com.pt\/welcome\/?post_type=product&#038;p=5087"},"modified":"2024-08-07T12:17:14","modified_gmt":"2024-08-07T12:17:14","slug":"anel-de-rotacao-para-sw-72ed","status":"publish","type":"product","link":"https:\/\/site.astrofoto.com.pt\/welcome\/produto\/anel-de-rotacao-para-sw-72ed\/","title":{"rendered":"Anel de rota\u00e7\u00e3o para SW 72ED"},"content":{"rendered":"<p><a href=\"http:\/\/site.astrofoto.com.pt\/welcome\/wp-content\/uploads\/2020\/06\/Anel72ED03.jpg\"><img fetchpriority=\"high\" decoding=\"async\" class=\"alignleft size-medium wp-image-5090\" src=\"http:\/\/site.astrofoto.com.pt\/welcome\/wp-content\/uploads\/2020\/06\/Anel72ED03-300x300.jpg\" alt=\"\" width=\"300\" height=\"300\" srcset=\"https:\/\/site.astrofoto.com.pt\/welcome\/wp-content\/uploads\/2020\/06\/Anel72ED03-300x301.jpg 300w, https:\/\/site.astrofoto.com.pt\/welcome\/wp-content\/uploads\/2020\/06\/Anel72ED03-450x451.jpg 450w, https:\/\/site.astrofoto.com.pt\/welcome\/wp-content\/uploads\/2020\/06\/Anel72ED03-100x100.jpg 100w, https:\/\/site.astrofoto.com.pt\/welcome\/wp-content\/uploads\/2020\/06\/Anel72ED03-150x150.jpg 150w, https:\/\/site.astrofoto.com.pt\/welcome\/wp-content\/uploads\/2020\/06\/Anel72ED03.jpg 513w\" sizes=\"(max-width: 300px) 100vw, 300px\" \/><\/a><strong>Anel de rota\u00e7\u00e3o para SW 72ED<\/strong><\/p>\n<div class=\"ng-scope ng-isolate-scope c-cs-grab\">\n<div class=\"c-app-product-tabs__description ng-scope\">\n<ul class=\"ng-scope\">\n<li>Rota\u00e7\u00e3o sem perder a focagem<\/li>\n<li>Rota\u00e7\u00e3o de 360\u00ba<\/li>\n<li>Aceita filtros de 2&#8243;<br \/>\n\u25ba<span class=\"HwtZe\" lang=\"pt\"><span class=\"jCAhz ChMk0b\"><span class=\"ryNqvb\">Para instalar este anel, voc\u00ea deve desenroscar o anel de 50,8 mm do focador e substitu\u00ed-lo por este.<\/span><\/span> <span class=\"jCAhz ChMk0b\"><span class=\"ryNqvb\">Uma rosca de 48mm permite que os filtros sejam aparafusados \u200b\u200bno barril de 50,8 mm (2&#8243;)<\/span><\/span><\/span><\/li>\n<\/ul>\n<\/div>\n<p><span class=\"PBShortTxt\">SW0443<\/span><\/p>\n<\/div>\n","protected":false},"excerpt":{"rendered":"<p>Anel de rota\u00e7\u00e3o para SW 72ED Rota\u00e7\u00e3o sem perder a focagem Rota\u00e7\u00e3o de 360\u00ba Aceita filtros de 2&#8243; \u25baPara instalar este anel, voc\u00ea deve desenroscar o anel de 50,8 mm do focador e substitu\u00ed-lo por este. Uma rosca de 48mm permite que os filtros sejam aparafusados \u200b\u200bno barril de 50,8 mm (2&#8243;) SW0443<\/p>\n","protected":false},"featured_media":5090,"comment_status":"closed","ping_status":"closed","template":"","meta":[],"product_brand":[],"product_cat":[29,24,95],"product_tag":[],"class_list":{"0":"post-5087","1":"product","2":"type-product","3":"status-publish","4":"has-post-thumbnail","6":"product_cat-acessorios","7":"product_cat-fotografia-astronomica","8":"product_cat-stock-off","10":"first","11":"instock","12":"sale","13":"shipping-taxable","14":"purchasable","15":"product-type-simple"},"_links":{"self":[{"href":"https:\/\/site.astrofoto.com.pt\/welcome\/wp-json\/wp\/v2\/product\/5087","targetHints":{"allow":["GET"]}}],"collection":[{"href":"https:\/\/site.astrofoto.com.pt\/welcome\/wp-json\/wp\/v2\/product"}],"about":[{"href":"https:\/\/site.astrofoto.com.pt\/welcome\/wp-json\/wp\/v2\/types\/product"}],"replies":[{"embeddable":true,"href":"https:\/\/site.astrofoto.com.pt\/welcome\/wp-json\/wp\/v2\/comments?post=5087"}],"wp:featuredmedia":[{"embeddable":true,"href":"https:\/\/site.astrofoto.com.pt\/welcome\/wp-json\/wp\/v2\/media\/5090"}],"wp:attachment":[{"href":"https:\/\/site.astrofoto.com.pt\/welcome\/wp-json\/wp\/v2\/media?parent=5087"}],"wp:term":[{"taxonomy":"product_brand","embeddable":true,"href":"https:\/\/site.astrofoto.com.pt\/welcome\/wp-json\/wp\/v2\/product_brand?post=5087"},{"taxonomy":"product_cat","embeddable":true,"href":"https:\/\/site.astrofoto.com.pt\/welcome\/wp-json\/wp\/v2\/product_cat?post=5087"},{"taxonomy":"product_tag","embeddable":true,"href":"https:\/\/site.astrofoto.com.pt\/welcome\/wp-json\/wp\/v2\/product_tag?post=5087"}],"curies":[{"name":"wp","href":"https:\/\/api.w.org\/{rel}","templated":true}]}}