{"id":4928,"date":"2020-05-15T18:19:06","date_gmt":"2020-05-15T18:19:06","guid":{"rendered":"http:\/\/site.astrofoto.com.pt\/welcome\/?post_type=product&#038;p=4928"},"modified":"2024-04-11T21:09:45","modified_gmt":"2024-04-11T21:09:45","slug":"camara-zwo-asi-183mc-cor-astro-cmos","status":"publish","type":"product","link":"https:\/\/site.astrofoto.com.pt\/welcome\/produto\/camara-zwo-asi-183mc-cor-astro-cmos\/","title":{"rendered":"C\u00e2mara ZWO ASI 183MC Cor Astro CMOS"},"content":{"rendered":"<p><a href=\"http:\/\/site.astrofoto.com.pt\/welcome\/wp-content\/uploads\/2020\/05\/asi183MC.jpg\"><img fetchpriority=\"high\" decoding=\"async\" class=\"alignleft size-medium wp-image-4929\" src=\"http:\/\/site.astrofoto.com.pt\/welcome\/wp-content\/uploads\/2020\/05\/asi183MC-300x250.jpg\" alt=\"\" width=\"300\" height=\"250\" srcset=\"https:\/\/site.astrofoto.com.pt\/welcome\/wp-content\/uploads\/2020\/05\/asi183MC-300x250.jpg 300w, https:\/\/site.astrofoto.com.pt\/welcome\/wp-content\/uploads\/2020\/05\/asi183MC-150x125.jpg 150w, https:\/\/site.astrofoto.com.pt\/welcome\/wp-content\/uploads\/2020\/05\/asi183MC.jpg 360w\" sizes=\"(max-width: 300px) 100vw, 300px\" \/><\/a><strong>C\u00e2mara ZWO ASI 183MC Cor Astro CMOS<\/strong><\/p>\n<p>Sensor: 1&#8243; CMOS IMX183CLK-J\/CQJ-J Color<br \/>\nResolu\u00e7\u00e3o: 20.18 Mega Pixels 5496*3672<br \/>\nPixel: 2.4 \u00b5m<br \/>\nExposi\u00e7\u00e3o: 32 \u00b5s &#8211; 2000 s<br \/>\nROI: Suportado<br \/>\nInterface: USB3.0\/USB2.0<br \/>\nPorta autoguider (ST-4)<br \/>\nBit rate: 12bit output(12bit ADC)<br \/>\nRead noise: 1.6e @30db gain<br \/>\nShutter: Rolling shutter<br \/>\nAdaptador: 2\u2033 \/ 1.25\u2033 \/ M42X0.75<br \/>\nDimens\u00f5es: \u00d862mm X 36mm<br \/>\nPeso: 120g<br \/>\nTemp. Trabalho: -5\u00b0C\u201445\u00b0C<br \/>\nTemp. grava\u00e7\u00e3o: -20\u00b0C\u201460\u00b0C<br \/>\nHumidade trabalho: 20%\u201480%<br \/>\nHumidade grava\u00e7\u00e3o: 20%\u201495%<br \/>\nResolu\u00e7\u00e3o maxima: 5496\u00d73672 19 fps<\/p>\n<p>\u25baentregue:<br \/>\n&#x2666; Camara<br \/>\n&#x2666; Cabo ST4<br \/>\n&#x2666; Cabo USB 3.0<br \/>\n&#x2666; Quick guide<br \/>\n&#x2666; Tampas 1,25&#8243; e 2&#8243;<br \/>\n&#x2666; Adaptgor T2-1.25&#8243;<br \/>\n&#x2666; Barril 1.25&#8243;<\/p>\n<p>\u25ba<a href=\"http:\/\/astronomy-imaging-camera.com\/software-drivers\">Drivers<\/a><\/p>\n","protected":false},"excerpt":{"rendered":"<p>C\u00e2mara ZWO ASI 183MC Cor Astro CMOS Sensor: 1&#8243; CMOS IMX183CLK-J\/CQJ-J Color Resolu\u00e7\u00e3o: 20.18 Mega Pixels 5496*3672 Pixel: 2.4 \u00b5m Exposi\u00e7\u00e3o: 32 \u00b5s &#8211; 2000 s ROI: Suportado Interface: USB3.0\/USB2.0 Porta autoguider (ST-4) Bit rate: 12bit output(12bit ADC) Read noise: 1.6e @30db gain Shutter: Rolling shutter Adaptador: 2\u2033 \/ 1.25\u2033 \/ M42X0.75 Dimens\u00f5es: \u00d862mm X<\/p>\n<div class=\"more-link\">\n\t\t\t\t <a href=\"https:\/\/site.astrofoto.com.pt\/welcome\/produto\/camara-zwo-asi-183mc-cor-astro-cmos\/\" class=\"btn theme-btn inverted\"><span>Continuar a Ler <\/span><\/a>\n\t\t\t<\/div>\n","protected":false},"featured_media":4929,"comment_status":"closed","ping_status":"closed","template":"","meta":[],"product_brand":[],"product_cat":[24],"product_tag":[],"class_list":{"0":"post-4928","1":"product","2":"type-product","3":"status-publish","4":"has-post-thumbnail","6":"product_cat-fotografia-astronomica","8":"first","9":"onbackorder","10":"sale","11":"shipping-taxable","12":"purchasable","13":"product-type-simple"},"_links":{"self":[{"href":"https:\/\/site.astrofoto.com.pt\/welcome\/wp-json\/wp\/v2\/product\/4928","targetHints":{"allow":["GET"]}}],"collection":[{"href":"https:\/\/site.astrofoto.com.pt\/welcome\/wp-json\/wp\/v2\/product"}],"about":[{"href":"https:\/\/site.astrofoto.com.pt\/welcome\/wp-json\/wp\/v2\/types\/product"}],"replies":[{"embeddable":true,"href":"https:\/\/site.astrofoto.com.pt\/welcome\/wp-json\/wp\/v2\/comments?post=4928"}],"wp:featuredmedia":[{"embeddable":true,"href":"https:\/\/site.astrofoto.com.pt\/welcome\/wp-json\/wp\/v2\/media\/4929"}],"wp:attachment":[{"href":"https:\/\/site.astrofoto.com.pt\/welcome\/wp-json\/wp\/v2\/media?parent=4928"}],"wp:term":[{"taxonomy":"product_brand","embeddable":true,"href":"https:\/\/site.astrofoto.com.pt\/welcome\/wp-json\/wp\/v2\/product_brand?post=4928"},{"taxonomy":"product_cat","embeddable":true,"href":"https:\/\/site.astrofoto.com.pt\/welcome\/wp-json\/wp\/v2\/product_cat?post=4928"},{"taxonomy":"product_tag","embeddable":true,"href":"https:\/\/site.astrofoto.com.pt\/welcome\/wp-json\/wp\/v2\/product_tag?post=4928"}],"curies":[{"name":"wp","href":"https:\/\/api.w.org\/{rel}","templated":true}]}}