{"id":4896,"date":"2020-05-02T22:09:25","date_gmt":"2020-05-02T22:09:25","guid":{"rendered":"http:\/\/site.astrofoto.com.pt\/welcome\/?post_type=product&#038;p=4896"},"modified":"2022-11-16T10:58:19","modified_gmt":"2022-11-16T10:58:19","slug":"binoculo-omegon-zoom-15-45x80","status":"publish","type":"product","link":"https:\/\/site.astrofoto.com.pt\/welcome\/produto\/binoculo-omegon-zoom-15-45x80\/","title":{"rendered":"Binoculo Omegon Zoom 15-45&#215;80"},"content":{"rendered":"<p><a href=\"http:\/\/site.astrofoto.com.pt\/welcome\/wp-content\/uploads\/2020\/05\/Omegon-Zoomstar-15-45x80-1.jpg\"><img fetchpriority=\"high\" decoding=\"async\" class=\"alignleft size-medium wp-image-4897\" src=\"http:\/\/site.astrofoto.com.pt\/welcome\/wp-content\/uploads\/2020\/05\/Omegon-Zoomstar-15-45x80-1-300x300.jpg\" alt=\"\" width=\"300\" height=\"300\" srcset=\"https:\/\/site.astrofoto.com.pt\/welcome\/wp-content\/uploads\/2020\/05\/Omegon-Zoomstar-15-45x80-1.jpg 300w, https:\/\/site.astrofoto.com.pt\/welcome\/wp-content\/uploads\/2020\/05\/Omegon-Zoomstar-15-45x80-1-100x100.jpg 100w, https:\/\/site.astrofoto.com.pt\/welcome\/wp-content\/uploads\/2020\/05\/Omegon-Zoomstar-15-45x80-1-150x150.jpg 150w\" sizes=\"(max-width: 300px) 100vw, 300px\" \/><\/a><\/p>\n<p><strong>Bin\u00f3culo Zoom Omegon 15-45&#215;80<br \/>\n<\/strong><\/p>\n<p>\u2022 Amplia\u00e7\u00e3o: 15x a 45x em Zoom<br \/>\n\u2022 Di\u00e2metro da objectiva: 80mm<br \/>\n<strong>\u2022 Prismas: Bak4 (Barium)<\/strong><br \/>\n\u2022 Lentes: fully multi-coated<br \/>\n\u2022 \u00c2ngulo de Vis\u00e3o: 2,6\u00ba<br \/>\n\u2022 Pupila de Saida: 5,3mm (5.3 a 15x \/ 1.8mm a 45x)<br \/>\n\u2022 Focagem central<br \/>\n\u2022 Focagem a partir de 25m<br \/>\n\u2022 \u00c0 prova de salpicos de \u00e1gua<br \/>\n\u2022 Adaptador a trip\u00e9 robusto com acerto de equilibrio<br \/>\n\u2022 Peso: 2,5Kg<\/p>\n<p>\u25ba aconselh\u00e1vel a utiliza\u00e7\u00e3o em trip\u00e9<br \/>\n<a href=\"http:\/\/site.astrofoto.com.pt\/welcome\/produto\/tripe-omegon-titania-600-kit\/\">Titania 600<\/a><br \/>\n<a href=\"http:\/\/site.astrofoto.com.pt\/welcome\/produto\/tripe-helios-fotomate-6006\/\">Fotomate 6006<\/a><\/p>\n","protected":false},"excerpt":{"rendered":"<p>Bin\u00f3culo Zoom Omegon 15-45&#215;80 \u2022 Amplia\u00e7\u00e3o: 15x a 45x em Zoom \u2022 Di\u00e2metro da objectiva: 80mm \u2022 Prismas: Bak4 (Barium) \u2022 Lentes: fully multi-coated \u2022 \u00c2ngulo de Vis\u00e3o: 2,6\u00ba \u2022 Pupila de Saida: 5,3mm (5.3 a 15x \/ 1.8mm a 45x) \u2022 Focagem central \u2022 Focagem a partir de 25m \u2022 \u00c0 prova de salpicos<\/p>\n<div class=\"more-link\">\n\t\t\t\t <a href=\"https:\/\/site.astrofoto.com.pt\/welcome\/produto\/binoculo-omegon-zoom-15-45x80\/\" class=\"btn theme-btn inverted\"><span>Continuar a Ler <\/span><\/a>\n\t\t\t<\/div>\n","protected":false},"featured_media":4897,"comment_status":"closed","ping_status":"closed","template":"","meta":[],"product_brand":[],"product_cat":[13],"product_tag":[],"class_list":{"0":"post-4896","1":"product","2":"type-product","3":"status-publish","4":"has-post-thumbnail","6":"product_cat-binoculos","8":"first","9":"onbackorder","10":"shipping-taxable","11":"purchasable","12":"product-type-simple"},"_links":{"self":[{"href":"https:\/\/site.astrofoto.com.pt\/welcome\/wp-json\/wp\/v2\/product\/4896","targetHints":{"allow":["GET"]}}],"collection":[{"href":"https:\/\/site.astrofoto.com.pt\/welcome\/wp-json\/wp\/v2\/product"}],"about":[{"href":"https:\/\/site.astrofoto.com.pt\/welcome\/wp-json\/wp\/v2\/types\/product"}],"replies":[{"embeddable":true,"href":"https:\/\/site.astrofoto.com.pt\/welcome\/wp-json\/wp\/v2\/comments?post=4896"}],"wp:featuredmedia":[{"embeddable":true,"href":"https:\/\/site.astrofoto.com.pt\/welcome\/wp-json\/wp\/v2\/media\/4897"}],"wp:attachment":[{"href":"https:\/\/site.astrofoto.com.pt\/welcome\/wp-json\/wp\/v2\/media?parent=4896"}],"wp:term":[{"taxonomy":"product_brand","embeddable":true,"href":"https:\/\/site.astrofoto.com.pt\/welcome\/wp-json\/wp\/v2\/product_brand?post=4896"},{"taxonomy":"product_cat","embeddable":true,"href":"https:\/\/site.astrofoto.com.pt\/welcome\/wp-json\/wp\/v2\/product_cat?post=4896"},{"taxonomy":"product_tag","embeddable":true,"href":"https:\/\/site.astrofoto.com.pt\/welcome\/wp-json\/wp\/v2\/product_tag?post=4896"}],"curies":[{"name":"wp","href":"https:\/\/api.w.org\/{rel}","templated":true}]}}