{"id":4703,"date":"2020-01-23T11:04:17","date_gmt":"2020-01-23T11:04:17","guid":{"rendered":"http:\/\/site.astrofoto.com.pt\/welcome\/?post_type=product&#038;p=4703"},"modified":"2020-01-23T12:09:20","modified_gmt":"2020-01-23T12:09:20","slug":"adaptador-ts-de-eq-2-a-rosca-de-tripe","status":"publish","type":"product","link":"https:\/\/site.astrofoto.com.pt\/welcome\/produto\/adaptador-ts-de-eq-2-a-rosca-de-tripe\/","title":{"rendered":"Adaptador TS de EQ-2 a rosca de trip\u00e9"},"content":{"rendered":"<p><a href=\"http:\/\/site.astrofoto.com.pt\/welcome\/wp-content\/uploads\/2020\/01\/EQ2Adapt.jpg\"><img fetchpriority=\"high\" decoding=\"async\" class=\"alignleft size-medium wp-image-4704\" src=\"http:\/\/site.astrofoto.com.pt\/welcome\/wp-content\/uploads\/2020\/01\/EQ2Adapt-300x250.jpg\" alt=\"\" width=\"300\" height=\"250\" srcset=\"https:\/\/site.astrofoto.com.pt\/welcome\/wp-content\/uploads\/2020\/01\/EQ2Adapt-300x250.jpg 300w, https:\/\/site.astrofoto.com.pt\/welcome\/wp-content\/uploads\/2020\/01\/EQ2Adapt-150x125.jpg 150w, https:\/\/site.astrofoto.com.pt\/welcome\/wp-content\/uploads\/2020\/01\/EQ2Adapt.jpg 360w\" sizes=\"(max-width: 300px) 100vw, 300px\" \/><\/a><strong>Adaptador TS de EQ-2 a rosca de trip\u00e9<\/strong><\/p>\n<p>\u25baadapta a montagem tipo EQ2 a equipamentos com rosca de trip\u00e9<\/p>\n<p>\u2022 para c\u00e2maras<br \/>\n\u2022 para bin\u00f3culos (com adaptador a trip\u00e9)<br \/>\n\u2022 para telesc\u00f3pios terrestres (spotting scopes)<br \/>\n\u2022 parafusos de adapta\u00e7\u00e3o \u00e0 EQ2<br \/>\n\u2022 parafuso m de trip\u00e9 fotogr\u00e1fico (1\/4&#8243;)<\/p>\n","protected":false},"excerpt":{"rendered":"<p>Adaptador TS de EQ-2 a rosca de trip\u00e9 \u25baadapta a montagem tipo EQ2 a equipamentos com rosca de trip\u00e9 \u2022 para c\u00e2maras \u2022 para bin\u00f3culos (com adaptador a trip\u00e9) \u2022 para telesc\u00f3pios terrestres (spotting scopes) \u2022 parafusos de adapta\u00e7\u00e3o \u00e0 EQ2 \u2022 parafuso m de trip\u00e9 fotogr\u00e1fico (1\/4&#8243;)<\/p>\n","protected":false},"featured_media":4704,"comment_status":"closed","ping_status":"closed","template":"","meta":[],"product_brand":[],"product_cat":[34,31,14],"product_tag":[],"class_list":{"0":"post-4703","1":"product","2":"type-product","3":"status-publish","4":"has-post-thumbnail","6":"product_cat-acessoriosfotografia","7":"product_cat-miscelanea","8":"product_cat-montagens","10":"first","11":"onbackorder","12":"shipping-taxable","13":"purchasable","14":"product-type-simple"},"_links":{"self":[{"href":"https:\/\/site.astrofoto.com.pt\/welcome\/wp-json\/wp\/v2\/product\/4703","targetHints":{"allow":["GET"]}}],"collection":[{"href":"https:\/\/site.astrofoto.com.pt\/welcome\/wp-json\/wp\/v2\/product"}],"about":[{"href":"https:\/\/site.astrofoto.com.pt\/welcome\/wp-json\/wp\/v2\/types\/product"}],"replies":[{"embeddable":true,"href":"https:\/\/site.astrofoto.com.pt\/welcome\/wp-json\/wp\/v2\/comments?post=4703"}],"wp:featuredmedia":[{"embeddable":true,"href":"https:\/\/site.astrofoto.com.pt\/welcome\/wp-json\/wp\/v2\/media\/4704"}],"wp:attachment":[{"href":"https:\/\/site.astrofoto.com.pt\/welcome\/wp-json\/wp\/v2\/media?parent=4703"}],"wp:term":[{"taxonomy":"product_brand","embeddable":true,"href":"https:\/\/site.astrofoto.com.pt\/welcome\/wp-json\/wp\/v2\/product_brand?post=4703"},{"taxonomy":"product_cat","embeddable":true,"href":"https:\/\/site.astrofoto.com.pt\/welcome\/wp-json\/wp\/v2\/product_cat?post=4703"},{"taxonomy":"product_tag","embeddable":true,"href":"https:\/\/site.astrofoto.com.pt\/welcome\/wp-json\/wp\/v2\/product_tag?post=4703"}],"curies":[{"name":"wp","href":"https:\/\/api.w.org\/{rel}","templated":true}]}}