{"id":470,"date":"2015-06-24T16:45:00","date_gmt":"2015-06-24T16:45:00","guid":{"rendered":"http:\/\/site.astrofoto.com.pt\/welcome\/?post_type=product&#038;p=470"},"modified":"2025-12-01T18:32:55","modified_gmt":"2025-12-01T18:32:55","slug":"bateria-powertank-skywatcher-17a","status":"publish","type":"product","link":"https:\/\/site.astrofoto.com.pt\/welcome\/produto\/bateria-powertank-skywatcher-17a\/","title":{"rendered":"Bateria PowerTank SkyWatcher 12V 17A"},"content":{"rendered":"<p>ESTA\u00c7\u00c3O DE ENERGIA POWER TANK 12V 17Ah<\/p>\n<ul>\n<li>17Amperes\/hora<\/li>\n<li>2 saidas tipo isqueiro de carro 12V<\/li>\n<li>2 saidas USB 5V 1,5A para carga de acessorios<\/li>\n<li>Lampada com cobertura vermelha<\/li>\n<li>L\u00e2mpada de halogenio para emerg\u00eancia<\/li>\n<li>Terminais para arranque de emergencia<\/li>\n<li>Fusivel de prote\u00e7\u00e3o<\/li>\n<li>Cabo de isqueiro incluido<\/li>\n<li>Adaptador de Carga para 220V ou 110V incluido<\/li>\n<li>Radio \u2013 AM\/FM\/SIRENE<\/li>\n<\/ul>\n","protected":false},"excerpt":{"rendered":"<p>ESTA\u00c7\u00c3O DE ENERGIA POWER TANK 12V 17Ah 17Amperes\/hora 2 saidas tipo isqueiro de carro 12V 2 saidas USB 5V 1,5A para carga de acessorios Lampada com cobertura vermelha L\u00e2mpada de halogenio para emerg\u00eancia Terminais para arranque de emergencia Fusivel de prote\u00e7\u00e3o Cabo de isqueiro incluido Adaptador de Carga para 220V ou 110V incluido Radio \u2013<\/p>\n<div class=\"more-link\">\n\t\t\t\t <a href=\"https:\/\/site.astrofoto.com.pt\/welcome\/produto\/bateria-powertank-skywatcher-17a\/\" class=\"btn theme-btn inverted\"><span>Continuar a Ler <\/span><\/a>\n\t\t\t<\/div>\n","protected":false},"featured_media":471,"comment_status":"open","ping_status":"closed","template":"","meta":[],"product_brand":[],"product_cat":[51,31],"product_tag":[],"class_list":{"0":"post-470","1":"product","2":"type-product","3":"status-publish","4":"has-post-thumbnail","6":"product_cat-acessorios-para-telescopios","7":"product_cat-miscelanea","9":"first","10":"outofstock","11":"sold-individually","12":"shipping-taxable","13":"purchasable","14":"product-type-simple"},"_links":{"self":[{"href":"https:\/\/site.astrofoto.com.pt\/welcome\/wp-json\/wp\/v2\/product\/470","targetHints":{"allow":["GET"]}}],"collection":[{"href":"https:\/\/site.astrofoto.com.pt\/welcome\/wp-json\/wp\/v2\/product"}],"about":[{"href":"https:\/\/site.astrofoto.com.pt\/welcome\/wp-json\/wp\/v2\/types\/product"}],"replies":[{"embeddable":true,"href":"https:\/\/site.astrofoto.com.pt\/welcome\/wp-json\/wp\/v2\/comments?post=470"}],"wp:featuredmedia":[{"embeddable":true,"href":"https:\/\/site.astrofoto.com.pt\/welcome\/wp-json\/wp\/v2\/media\/471"}],"wp:attachment":[{"href":"https:\/\/site.astrofoto.com.pt\/welcome\/wp-json\/wp\/v2\/media?parent=470"}],"wp:term":[{"taxonomy":"product_brand","embeddable":true,"href":"https:\/\/site.astrofoto.com.pt\/welcome\/wp-json\/wp\/v2\/product_brand?post=470"},{"taxonomy":"product_cat","embeddable":true,"href":"https:\/\/site.astrofoto.com.pt\/welcome\/wp-json\/wp\/v2\/product_cat?post=470"},{"taxonomy":"product_tag","embeddable":true,"href":"https:\/\/site.astrofoto.com.pt\/welcome\/wp-json\/wp\/v2\/product_tag?post=470"}],"curies":[{"name":"wp","href":"https:\/\/api.w.org\/{rel}","templated":true}]}}