{"id":4665,"date":"2020-01-15T15:21:40","date_gmt":"2020-01-15T15:21:40","guid":{"rendered":"http:\/\/site.astrofoto.com.pt\/welcome\/?post_type=product&#038;p=4665"},"modified":"2020-04-22T13:10:49","modified_gmt":"2020-04-22T13:10:49","slug":"clip-astronomik-cls-p-canon-eos-aps","status":"publish","type":"product","link":"https:\/\/site.astrofoto.com.pt\/welcome\/produto\/clip-astronomik-cls-p-canon-eos-aps\/","title":{"rendered":"Clip Astronomik CLS p\/ Canon EOS APS"},"content":{"rendered":"<p><a href=\"http:\/\/site.astrofoto.com.pt\/welcome\/wp-content\/uploads\/2020\/01\/ClipCLS_EOS.jpg\"><img fetchpriority=\"high\" decoding=\"async\" class=\"alignleft size-medium wp-image-4666\" src=\"http:\/\/site.astrofoto.com.pt\/welcome\/wp-content\/uploads\/2020\/01\/ClipCLS_EOS-300x300.jpg\" alt=\"\" width=\"300\" height=\"300\" srcset=\"https:\/\/site.astrofoto.com.pt\/welcome\/wp-content\/uploads\/2020\/01\/ClipCLS_EOS.jpg 300w, https:\/\/site.astrofoto.com.pt\/welcome\/wp-content\/uploads\/2020\/01\/ClipCLS_EOS-100x100.jpg 100w, https:\/\/site.astrofoto.com.pt\/welcome\/wp-content\/uploads\/2020\/01\/ClipCLS_EOS-150x150.jpg 150w\" sizes=\"(max-width: 300px) 100vw, 300px\" \/><\/a><strong>Clip Astronomik CLS p\/ Canon EOS APS<\/strong><\/p>\n<p>\u2022 para a canon EOS APS<br \/>\n\u2022 multicoated<\/p>\n<p>\u25ba <span class=\"tlid-translation translation\" lang=\"pt\">O\u00a0 filtro Astronomik CLS bloqueia a luz das linhas espectrais das l\u00e2mpadas de merc\u00fario e vapor de s\u00f3dio e deixa passar a maior parte da luz vis\u00edvel e das emiss\u00f5es de H-alfa. Todas as linhas de emiss\u00e3o importantes, bem como a regi\u00e3o espectral que o olho adaptado ao escuro pode ver, podem passar pelo filtro.<br \/>\n<\/span><\/p>\n<p>\u25ba<span class=\"tlid-translation translation\" lang=\"pt\">Os filtros s\u00e3o optimizados para uso com\u00a0 aberturas de 1: 3 a 1:15. Perdas de transmiss\u00e3o e distor\u00e7\u00f5es crom\u00e1ticas, que s\u00e3o problemas com outros filtros, s\u00f3 aparecem nos filtros Astronomik em aberturas acima de 1: 2 . O filtro CLS \u00e9 adequado para uso com telesc\u00f3pios de todas as aberturas.<\/span><\/p>\n","protected":false},"excerpt":{"rendered":"<p>Clip Astronomik CLS p\/ Canon EOS APS \u2022 para a canon EOS APS \u2022 multicoated \u25ba O\u00a0 filtro Astronomik CLS bloqueia a luz das linhas espectrais das l\u00e2mpadas de merc\u00fario e vapor de s\u00f3dio e deixa passar a maior parte da luz vis\u00edvel e das emiss\u00f5es de H-alfa. Todas as linhas de emiss\u00e3o importantes, bem<\/p>\n<div class=\"more-link\">\n\t\t\t\t <a href=\"https:\/\/site.astrofoto.com.pt\/welcome\/produto\/clip-astronomik-cls-p-canon-eos-aps\/\" class=\"btn theme-btn inverted\"><span>Continuar a Ler <\/span><\/a>\n\t\t\t<\/div>\n","protected":false},"featured_media":4666,"comment_status":"closed","ping_status":"closed","template":"","meta":[],"product_brand":[],"product_cat":[32,24],"product_tag":[],"class_list":{"0":"post-4665","1":"product","2":"type-product","3":"status-publish","4":"has-post-thumbnail","6":"product_cat-filtros-ceu-profundo","7":"product_cat-fotografia-astronomica","9":"first","10":"onbackorder","11":"shipping-taxable","12":"purchasable","13":"product-type-simple"},"_links":{"self":[{"href":"https:\/\/site.astrofoto.com.pt\/welcome\/wp-json\/wp\/v2\/product\/4665","targetHints":{"allow":["GET"]}}],"collection":[{"href":"https:\/\/site.astrofoto.com.pt\/welcome\/wp-json\/wp\/v2\/product"}],"about":[{"href":"https:\/\/site.astrofoto.com.pt\/welcome\/wp-json\/wp\/v2\/types\/product"}],"replies":[{"embeddable":true,"href":"https:\/\/site.astrofoto.com.pt\/welcome\/wp-json\/wp\/v2\/comments?post=4665"}],"wp:featuredmedia":[{"embeddable":true,"href":"https:\/\/site.astrofoto.com.pt\/welcome\/wp-json\/wp\/v2\/media\/4666"}],"wp:attachment":[{"href":"https:\/\/site.astrofoto.com.pt\/welcome\/wp-json\/wp\/v2\/media?parent=4665"}],"wp:term":[{"taxonomy":"product_brand","embeddable":true,"href":"https:\/\/site.astrofoto.com.pt\/welcome\/wp-json\/wp\/v2\/product_brand?post=4665"},{"taxonomy":"product_cat","embeddable":true,"href":"https:\/\/site.astrofoto.com.pt\/welcome\/wp-json\/wp\/v2\/product_cat?post=4665"},{"taxonomy":"product_tag","embeddable":true,"href":"https:\/\/site.astrofoto.com.pt\/welcome\/wp-json\/wp\/v2\/product_tag?post=4665"}],"curies":[{"name":"wp","href":"https:\/\/api.w.org\/{rel}","templated":true}]}}