{"id":4571,"date":"2019-11-19T10:17:03","date_gmt":"2019-11-19T10:17:03","guid":{"rendered":"http:\/\/site.astrofoto.com.pt\/welcome\/?post_type=product&#038;p=4571"},"modified":"2026-03-18T11:57:28","modified_gmt":"2026-03-18T11:57:28","slug":"montagem-skywatcher-de-luxe-az5-sem-tripe","status":"publish","type":"product","link":"https:\/\/site.astrofoto.com.pt\/welcome\/produto\/montagem-skywatcher-de-luxe-az5-sem-tripe\/","title":{"rendered":"Montagem SkyWatcher de luxe AZ5 sem trip\u00e9"},"content":{"rendered":"<p>&nbsp;<\/p>\n<p><strong>Montagem SkyWatcher de luxe AZ5 sem trip\u00e9<a href=\"http:\/\/site.astrofoto.com.pt\/welcome\/wp-content\/uploads\/2019\/11\/SWAZ5-1.jpg\"><img fetchpriority=\"high\" decoding=\"async\" class=\"alignleft size-medium wp-image-4575\" src=\"http:\/\/site.astrofoto.com.pt\/welcome\/wp-content\/uploads\/2019\/11\/SWAZ5-1-300x300.jpg\" alt=\"\" width=\"300\" height=\"300\" srcset=\"https:\/\/site.astrofoto.com.pt\/welcome\/wp-content\/uploads\/2019\/11\/SWAZ5-1-300x300.jpg 300w, https:\/\/site.astrofoto.com.pt\/welcome\/wp-content\/uploads\/2019\/11\/SWAZ5-1-450x450.jpg 450w, https:\/\/site.astrofoto.com.pt\/welcome\/wp-content\/uploads\/2019\/11\/SWAZ5-1-100x100.jpg 100w, https:\/\/site.astrofoto.com.pt\/welcome\/wp-content\/uploads\/2019\/11\/SWAZ5-1-150x150.jpg 150w, https:\/\/site.astrofoto.com.pt\/welcome\/wp-content\/uploads\/2019\/11\/SWAZ5-1.jpg 600w\" sizes=\"(max-width: 300px) 100vw, 300px\" \/><\/a><br \/>\n<\/strong><\/p>\n<p>\u2022Montagem Altazimutal Manual<br \/>\n\u2022Capacidade: 5kg<br \/>\n\u2022\u00c2ngulo de rota\u00e7\u00e3o:<br \/>\nem azimute 360\u00ba<br \/>\nem Altitude -50\u00b0 a +90\u00b0<br \/>\n\u2022Garfo ajust\u00e1vel em 2 posi\u00e7\u00f5es<br \/>\n\u2022Dovetail tipo Vixen f\u00eamea<br \/>\n\u2022Peso: 2,3Kg<br \/>\n\u2022Rosca de 3\/8&#8243; para tripe<br \/>\n\u25basem trip\u00e9<\/p>\n","protected":false},"excerpt":{"rendered":"<p>&nbsp; Montagem SkyWatcher de luxe AZ5 sem trip\u00e9 \u2022Montagem Altazimutal Manual \u2022Capacidade: 5kg \u2022\u00c2ngulo de rota\u00e7\u00e3o: em azimute 360\u00ba em Altitude -50\u00b0 a +90\u00b0 \u2022Garfo ajust\u00e1vel em 2 posi\u00e7\u00f5es \u2022Dovetail tipo Vixen f\u00eamea \u2022Peso: 2,3Kg \u2022Rosca de 3\/8&#8243; para tripe \u25basem trip\u00e9<\/p>\n","protected":false},"featured_media":4575,"comment_status":"closed","ping_status":"closed","template":"","meta":[],"product_brand":[],"product_cat":[14],"product_tag":[],"class_list":{"0":"post-4571","1":"product","2":"type-product","3":"status-publish","4":"has-post-thumbnail","6":"product_cat-montagens","8":"first","9":"onbackorder","10":"sale","11":"shipping-taxable","12":"purchasable","13":"product-type-simple"},"_links":{"self":[{"href":"https:\/\/site.astrofoto.com.pt\/welcome\/wp-json\/wp\/v2\/product\/4571","targetHints":{"allow":["GET"]}}],"collection":[{"href":"https:\/\/site.astrofoto.com.pt\/welcome\/wp-json\/wp\/v2\/product"}],"about":[{"href":"https:\/\/site.astrofoto.com.pt\/welcome\/wp-json\/wp\/v2\/types\/product"}],"replies":[{"embeddable":true,"href":"https:\/\/site.astrofoto.com.pt\/welcome\/wp-json\/wp\/v2\/comments?post=4571"}],"wp:featuredmedia":[{"embeddable":true,"href":"https:\/\/site.astrofoto.com.pt\/welcome\/wp-json\/wp\/v2\/media\/4575"}],"wp:attachment":[{"href":"https:\/\/site.astrofoto.com.pt\/welcome\/wp-json\/wp\/v2\/media?parent=4571"}],"wp:term":[{"taxonomy":"product_brand","embeddable":true,"href":"https:\/\/site.astrofoto.com.pt\/welcome\/wp-json\/wp\/v2\/product_brand?post=4571"},{"taxonomy":"product_cat","embeddable":true,"href":"https:\/\/site.astrofoto.com.pt\/welcome\/wp-json\/wp\/v2\/product_cat?post=4571"},{"taxonomy":"product_tag","embeddable":true,"href":"https:\/\/site.astrofoto.com.pt\/welcome\/wp-json\/wp\/v2\/product_tag?post=4571"}],"curies":[{"name":"wp","href":"https:\/\/api.w.org\/{rel}","templated":true}]}}