{"id":4513,"date":"2019-10-23T11:05:44","date_gmt":"2019-10-23T11:05:44","guid":{"rendered":"http:\/\/site.astrofoto.com.pt\/welcome\/?post_type=product&#038;p=4513"},"modified":"2023-11-15T16:07:32","modified_gmt":"2023-11-15T16:07:32","slug":"espectroscopio-shelyak-lhires-lite","status":"publish","type":"product","link":"https:\/\/site.astrofoto.com.pt\/welcome\/produto\/espectroscopio-shelyak-lhires-lite\/","title":{"rendered":"Espectrosc\u00f3pio Shelyak Lhires Lite"},"content":{"rendered":"<p><a href=\"http:\/\/site.astrofoto.com.pt\/welcome\/wp-content\/uploads\/2019\/10\/ShelyakEspect01.png\"><img decoding=\"async\" class=\"alignleft size-full wp-image-4514\" src=\"http:\/\/site.astrofoto.com.pt\/welcome\/wp-content\/uploads\/2019\/10\/ShelyakEspect01.png\" alt=\"\" width=\"210\" height=\"151\" srcset=\"https:\/\/site.astrofoto.com.pt\/welcome\/wp-content\/uploads\/2019\/10\/ShelyakEspect01.png 210w, https:\/\/site.astrofoto.com.pt\/welcome\/wp-content\/uploads\/2019\/10\/ShelyakEspect01-150x108.png 150w\" sizes=\"(max-width: 210px) 100vw, 210px\" \/><\/a><strong>Espectrosc\u00f3pio Shelyak Lhires Lite<\/strong><\/p>\n<div class=\"et_pb_tab et_pb_tab_1 clearfix et-pb-active-slide\">\n<div class=\"et_pb_tab_content\">\n<ul>\n<li>poder de resolu\u00e7\u00e3o &gt;10 000, slit 15\u00b5m, 2400 gr\/mm grating<\/li>\n<li>arquitectura Littrow<\/li>\n<li>peso: 800g<\/li>\n<li>suporte de ocular: 1.25&#8243; (31.75 mm)<\/li>\n<li>rosca para trip\u00e9 fotogr\u00e1fico<\/li>\n<li>mala de transporte\u25ba instru\u00e7\u00f5es <a href=\"https:\/\/www.shelyak.com\/wp-content\/uploads\/DC0005C-Guide-Utilisateur-Lhires-Lite-FR-EN2.pdf\">FR e EN<\/a><\/li>\n<\/ul>\n<\/div>\n<\/div>\n","protected":false},"excerpt":{"rendered":"<p>Espectrosc\u00f3pio Shelyak Lhires Lite poder de resolu\u00e7\u00e3o &gt;10 000, slit 15\u00b5m, 2400 gr\/mm grating arquitectura Littrow peso: 800g suporte de ocular: 1.25&#8243; (31.75 mm) rosca para trip\u00e9 fotogr\u00e1fico mala de transporte\u25ba instru\u00e7\u00f5es FR e EN<\/p>\n","protected":false},"featured_media":4514,"comment_status":"closed","ping_status":"closed","template":"","meta":[],"product_brand":[],"product_cat":[90],"product_tag":[],"class_list":{"0":"post-4513","1":"product","2":"type-product","3":"status-publish","4":"has-post-thumbnail","6":"product_cat-espectroscopios","8":"first","9":"outofstock","10":"shipping-taxable","11":"purchasable","12":"product-type-simple"},"_links":{"self":[{"href":"https:\/\/site.astrofoto.com.pt\/welcome\/wp-json\/wp\/v2\/product\/4513","targetHints":{"allow":["GET"]}}],"collection":[{"href":"https:\/\/site.astrofoto.com.pt\/welcome\/wp-json\/wp\/v2\/product"}],"about":[{"href":"https:\/\/site.astrofoto.com.pt\/welcome\/wp-json\/wp\/v2\/types\/product"}],"replies":[{"embeddable":true,"href":"https:\/\/site.astrofoto.com.pt\/welcome\/wp-json\/wp\/v2\/comments?post=4513"}],"wp:featuredmedia":[{"embeddable":true,"href":"https:\/\/site.astrofoto.com.pt\/welcome\/wp-json\/wp\/v2\/media\/4514"}],"wp:attachment":[{"href":"https:\/\/site.astrofoto.com.pt\/welcome\/wp-json\/wp\/v2\/media?parent=4513"}],"wp:term":[{"taxonomy":"product_brand","embeddable":true,"href":"https:\/\/site.astrofoto.com.pt\/welcome\/wp-json\/wp\/v2\/product_brand?post=4513"},{"taxonomy":"product_cat","embeddable":true,"href":"https:\/\/site.astrofoto.com.pt\/welcome\/wp-json\/wp\/v2\/product_cat?post=4513"},{"taxonomy":"product_tag","embeddable":true,"href":"https:\/\/site.astrofoto.com.pt\/welcome\/wp-json\/wp\/v2\/product_tag?post=4513"}],"curies":[{"name":"wp","href":"https:\/\/api.w.org\/{rel}","templated":true}]}}