{"id":4383,"date":"2019-08-27T14:27:42","date_gmt":"2019-08-27T14:27:42","guid":{"rendered":"http:\/\/site.astrofoto.com.pt\/welcome\/?post_type=product&#038;p=4383"},"modified":"2023-11-11T17:10:06","modified_gmt":"2023-11-11T17:10:06","slug":"camara-zwo-asi-120mcs-cor","status":"publish","type":"product","link":"https:\/\/site.astrofoto.com.pt\/welcome\/produto\/camara-zwo-asi-120mcs-cor\/","title":{"rendered":"Camara Zwo ASI 120MCs Cor"},"content":{"rendered":"<p><a href=\"http:\/\/site.astrofoto.com.pt\/welcome\/wp-content\/uploads\/2019\/08\/asi120MC.jpg\"><img fetchpriority=\"high\" decoding=\"async\" class=\"alignleft size-medium wp-image-4384\" src=\"http:\/\/site.astrofoto.com.pt\/welcome\/wp-content\/uploads\/2019\/08\/asi120MC-300x250.jpg\" alt=\"\" width=\"300\" height=\"250\" srcset=\"https:\/\/site.astrofoto.com.pt\/welcome\/wp-content\/uploads\/2019\/08\/asi120MC-300x250.jpg 300w, https:\/\/site.astrofoto.com.pt\/welcome\/wp-content\/uploads\/2019\/08\/asi120MC-150x125.jpg 150w, https:\/\/site.astrofoto.com.pt\/welcome\/wp-content\/uploads\/2019\/08\/asi120MC.jpg 360w\" sizes=\"(max-width: 300px) 100vw, 300px\" \/><\/a><strong>C\u00e2mara Zwo ASI 120MCs Cor<\/strong><\/p>\n<p>Sensor type CMOS Chip (AR0130CS)<br \/>\nMegapixel 1,2MP<br \/>\nResolu\u00e7\u00e3o fotografica(Pixel): 1280&#215;960<br \/>\nPixel size 3,75<br \/>\nInterfaces:\u00a0 USB 3.0<br \/>\nBit depth (Bit) 12<br \/>\nAdapta\u00e7\u00e3o ao telescopio: 1,25&#8243; &amp; 2&#8243; &amp; T2<br \/>\nTemperatura de opera\u00e7\u00e3o: -5\u00ba a\u00a0 45\u00ba<br \/>\nTempo de exposi\u00e7\u00e3o max: 16 minutos<br \/>\nTempo de exposi\u00e7\u00e3o min: 64 \u00b5s<br \/>\nImagens \/seg: 60<br \/>\nEficiencia quantica: 75% @500nm<br \/>\nChip &#8211; Diagonal\u00a0 6mm<br \/>\nTamanho do Chip: 4,8 x 3,6mm<br \/>\nFiltros incluidos: UV e IR blocking<br \/>\nLente removivel 2.1 mm (150\u00b0 angle)<br \/>\nPorta ST4<br \/>\nSuper leve: 100 g<\/p>\n<p>\u25ba<a href=\"http:\/\/astronomy-imaging-camera.com\/software-drivers\">Drivers<\/a><\/p>\n<p>&nbsp;<\/p>\n<p>&nbsp;<\/p>\n<p>&nbsp;<\/p>\n","protected":false},"excerpt":{"rendered":"<p>C\u00e2mara Zwo ASI 120MCs Cor Sensor type CMOS Chip (AR0130CS) Megapixel 1,2MP Resolu\u00e7\u00e3o fotografica(Pixel): 1280&#215;960 Pixel size 3,75 Interfaces:\u00a0 USB 3.0 Bit depth (Bit) 12 Adapta\u00e7\u00e3o ao telescopio: 1,25&#8243; &amp; 2&#8243; &amp; T2 Temperatura de opera\u00e7\u00e3o: -5\u00ba a\u00a0 45\u00ba Tempo de exposi\u00e7\u00e3o max: 16 minutos Tempo de exposi\u00e7\u00e3o min: 64 \u00b5s Imagens \/seg: 60 Eficiencia<\/p>\n<div class=\"more-link\">\n\t\t\t\t <a href=\"https:\/\/site.astrofoto.com.pt\/welcome\/produto\/camara-zwo-asi-120mcs-cor\/\" class=\"btn theme-btn inverted\"><span>Continuar a Ler <\/span><\/a>\n\t\t\t<\/div>\n","protected":false},"featured_media":4384,"comment_status":"closed","ping_status":"closed","template":"","meta":[],"product_brand":[],"product_cat":[24],"product_tag":[],"class_list":{"0":"post-4383","1":"product","2":"type-product","3":"status-publish","4":"has-post-thumbnail","6":"product_cat-fotografia-astronomica","8":"first","9":"outofstock","10":"shipping-taxable","11":"purchasable","12":"product-type-simple"},"_links":{"self":[{"href":"https:\/\/site.astrofoto.com.pt\/welcome\/wp-json\/wp\/v2\/product\/4383","targetHints":{"allow":["GET"]}}],"collection":[{"href":"https:\/\/site.astrofoto.com.pt\/welcome\/wp-json\/wp\/v2\/product"}],"about":[{"href":"https:\/\/site.astrofoto.com.pt\/welcome\/wp-json\/wp\/v2\/types\/product"}],"replies":[{"embeddable":true,"href":"https:\/\/site.astrofoto.com.pt\/welcome\/wp-json\/wp\/v2\/comments?post=4383"}],"wp:featuredmedia":[{"embeddable":true,"href":"https:\/\/site.astrofoto.com.pt\/welcome\/wp-json\/wp\/v2\/media\/4384"}],"wp:attachment":[{"href":"https:\/\/site.astrofoto.com.pt\/welcome\/wp-json\/wp\/v2\/media?parent=4383"}],"wp:term":[{"taxonomy":"product_brand","embeddable":true,"href":"https:\/\/site.astrofoto.com.pt\/welcome\/wp-json\/wp\/v2\/product_brand?post=4383"},{"taxonomy":"product_cat","embeddable":true,"href":"https:\/\/site.astrofoto.com.pt\/welcome\/wp-json\/wp\/v2\/product_cat?post=4383"},{"taxonomy":"product_tag","embeddable":true,"href":"https:\/\/site.astrofoto.com.pt\/welcome\/wp-json\/wp\/v2\/product_tag?post=4383"}],"curies":[{"name":"wp","href":"https:\/\/api.w.org\/{rel}","templated":true}]}}