{"id":4245,"date":"2019-07-02T16:15:48","date_gmt":"2019-07-02T16:15:48","guid":{"rendered":"http:\/\/site.astrofoto.com.pt\/welcome\/?post_type=product&#038;p=4245"},"modified":"2020-11-05T15:09:09","modified_gmt":"2020-11-05T15:09:09","slug":"astrofisica-para-gente-com-pressa","status":"publish","type":"product","link":"https:\/\/site.astrofoto.com.pt\/welcome\/produto\/astrofisica-para-gente-com-pressa\/","title":{"rendered":"Astrofisica para jovens com pressa"},"content":{"rendered":"<p><a href=\"http:\/\/site.astrofoto.com.pt\/welcome\/wp-content\/uploads\/2019\/07\/astrofisica.jpg\"><img fetchpriority=\"high\" decoding=\"async\" class=\"alignleft size-medium wp-image-4246\" src=\"http:\/\/site.astrofoto.com.pt\/welcome\/wp-content\/uploads\/2019\/07\/astrofisica-200x300.jpg\" alt=\"\" width=\"200\" height=\"300\" srcset=\"https:\/\/site.astrofoto.com.pt\/welcome\/wp-content\/uploads\/2019\/07\/astrofisica-200x300.jpg 200w, https:\/\/site.astrofoto.com.pt\/welcome\/wp-content\/uploads\/2019\/07\/astrofisica-150x225.jpg 150w, https:\/\/site.astrofoto.com.pt\/welcome\/wp-content\/uploads\/2019\/07\/astrofisica.jpg 240w\" sizes=\"(max-width: 200px) 100vw, 200px\" \/><\/a><strong>Astrofisica para jovens com pressa<br \/>\n<\/strong>de: Neil de Grasse Tyson<\/p>\n<p><span class=\"fontstyle3\"><strong>Qual \u00e9 a diferen\u00e7a entre uma estrela e uma supernova?<\/strong><br \/>\n<strong>O que \u00e9 exactamente a mat\u00e9ria\u2026 e a mat\u00e9ria negra?<\/strong><br \/>\n<strong>Em que consiste a \u00abperspectiva c\u00f3smica\u00bb?<\/strong><\/span><\/p>\n<p><span class=\"fontstyle3\">Dos elementos b\u00e1sicos da f\u00edsica \u00e0s grandes quest\u00f5es acerca da natureza do espa\u00e7o e do tempo, o grande comunicador e ex\u00edmio divulgador de ci\u00eancia Neil deGrasse Tyson d\u00e1 a conhecer os mist\u00e9rios do cosmos com o humor e a vivacidade que o caracterizam.<\/span><\/p>\n<p>Uma adapta\u00e7\u00e3o para jovens do grande sucesso <span class=\"fontstyle4\">Astrof\u00edsica para Gente com Pressa<\/span><span class=\"fontstyle3\">, repleta de fotografias a cores, infografia e explica\u00e7\u00f5es mais pormenorizadas que tornam acess\u00edveis mesmo os conceitos mais densos. Com o assombro contagiante de Tyson pelo espa\u00e7o long\u00ednquo, <\/span><span class=\"fontstyle3\">apresenta este campo empolgante e os princ\u00edpios da investiga\u00e7\u00e3o cient\u00edfica a todos os jovens leitores<\/span><\/p>\n","protected":false},"excerpt":{"rendered":"<p>Astrofisica para jovens com pressa de: Neil de Grasse Tyson Qual \u00e9 a diferen\u00e7a entre uma estrela e uma supernova? O que \u00e9 exactamente a mat\u00e9ria\u2026 e a mat\u00e9ria negra? Em que consiste a \u00abperspectiva c\u00f3smica\u00bb? Dos elementos b\u00e1sicos da f\u00edsica \u00e0s grandes quest\u00f5es acerca da natureza do espa\u00e7o e do tempo, o grande comunicador<\/p>\n<div class=\"more-link\">\n\t\t\t\t <a href=\"https:\/\/site.astrofoto.com.pt\/welcome\/produto\/astrofisica-para-gente-com-pressa\/\" class=\"btn theme-btn inverted\"><span>Continuar a Ler <\/span><\/a>\n\t\t\t<\/div>\n","protected":false},"featured_media":4246,"comment_status":"closed","ping_status":"closed","template":"","meta":[],"product_brand":[],"product_cat":[35],"product_tag":[],"class_list":{"0":"post-4245","1":"product","2":"type-product","3":"status-publish","4":"has-post-thumbnail","6":"product_cat-livro-e-dvd","8":"first","9":"outofstock","10":"shipping-taxable","11":"purchasable","12":"product-type-simple"},"_links":{"self":[{"href":"https:\/\/site.astrofoto.com.pt\/welcome\/wp-json\/wp\/v2\/product\/4245","targetHints":{"allow":["GET"]}}],"collection":[{"href":"https:\/\/site.astrofoto.com.pt\/welcome\/wp-json\/wp\/v2\/product"}],"about":[{"href":"https:\/\/site.astrofoto.com.pt\/welcome\/wp-json\/wp\/v2\/types\/product"}],"replies":[{"embeddable":true,"href":"https:\/\/site.astrofoto.com.pt\/welcome\/wp-json\/wp\/v2\/comments?post=4245"}],"wp:featuredmedia":[{"embeddable":true,"href":"https:\/\/site.astrofoto.com.pt\/welcome\/wp-json\/wp\/v2\/media\/4246"}],"wp:attachment":[{"href":"https:\/\/site.astrofoto.com.pt\/welcome\/wp-json\/wp\/v2\/media?parent=4245"}],"wp:term":[{"taxonomy":"product_brand","embeddable":true,"href":"https:\/\/site.astrofoto.com.pt\/welcome\/wp-json\/wp\/v2\/product_brand?post=4245"},{"taxonomy":"product_cat","embeddable":true,"href":"https:\/\/site.astrofoto.com.pt\/welcome\/wp-json\/wp\/v2\/product_cat?post=4245"},{"taxonomy":"product_tag","embeddable":true,"href":"https:\/\/site.astrofoto.com.pt\/welcome\/wp-json\/wp\/v2\/product_tag?post=4245"}],"curies":[{"name":"wp","href":"https:\/\/api.w.org\/{rel}","templated":true}]}}