{"id":4212,"date":"2019-06-26T15:04:18","date_gmt":"2019-06-26T15:04:18","guid":{"rendered":"http:\/\/site.astrofoto.com.pt\/welcome\/?post_type=product&#038;p=4212"},"modified":"2023-03-07T12:57:39","modified_gmt":"2023-03-07T12:57:39","slug":"binoculo-orion-20x80","status":"publish","type":"product","link":"https:\/\/site.astrofoto.com.pt\/welcome\/produto\/binoculo-orion-20x80\/","title":{"rendered":"Binoculo Orion 20&#215;80 Astronomy"},"content":{"rendered":"<p><a href=\"http:\/\/site.astrofoto.com.pt\/welcome\/wp-content\/uploads\/2019\/06\/Orion20x80a.jpg\"><img fetchpriority=\"high\" decoding=\"async\" class=\"alignleft size-medium wp-image-4214\" src=\"http:\/\/site.astrofoto.com.pt\/welcome\/wp-content\/uploads\/2019\/06\/Orion20x80a-300x300.jpg\" alt=\"\" width=\"300\" height=\"300\" srcset=\"https:\/\/site.astrofoto.com.pt\/welcome\/wp-content\/uploads\/2019\/06\/Orion20x80a-300x300.jpg 300w, https:\/\/site.astrofoto.com.pt\/welcome\/wp-content\/uploads\/2019\/06\/Orion20x80a-450x450.jpg 450w, https:\/\/site.astrofoto.com.pt\/welcome\/wp-content\/uploads\/2019\/06\/Orion20x80a-100x100.jpg 100w, https:\/\/site.astrofoto.com.pt\/welcome\/wp-content\/uploads\/2019\/06\/Orion20x80a-150x150.jpg 150w, https:\/\/site.astrofoto.com.pt\/welcome\/wp-content\/uploads\/2019\/06\/Orion20x80a.jpg 600w\" sizes=\"(max-width: 300px) 100vw, 300px\" \/><\/a><strong>Binoculo Orion 20&#215;80 Astronomy<\/strong><\/p>\n<p>\u2022 Amplia\u00e7\u00e3o 20x<br \/>\n\u2022 Di\u00e2metro da objectiva: 80mm<br \/>\n\u2022 Di\u00e2metro de pupila de sa\u00edda: 4mm<br \/>\n\u2022 <strong>Prismas: Bak4<br \/>\n<\/strong>\u2022 Tratamento das lentes: Fully Multicoated<br \/>\n\u2022 Eye relief: 17mm<br \/>\n\u2022 Campo de Vis\u00e3o: 3,2\u00ba<br \/>\n\u2022 Distancia interpupilar 56mm &#8211; 72mm<br \/>\n\u2022 Focagem central<br \/>\n\u2022 Focagem a partir de: 20m<br \/>\n\u2022 Peso: 2.4kgs<br \/>\n\u2022 Comprimento: 306mm<br \/>\n\u2022 Peso:\u00a0 2,2 Kg<br \/>\n\u2022 Estojo de transporte<br \/>\n\u2022 Adaptador a trip\u00e9<\/p>\n<p><strong>\u25ba<\/strong>aconselh\u00e1vel colocar em trip\u00e9 fotogr\u00e1fico<\/p>\n","protected":false},"excerpt":{"rendered":"<p>Binoculo Orion 20&#215;80 Astronomy \u2022 Amplia\u00e7\u00e3o 20x \u2022 Di\u00e2metro da objectiva: 80mm \u2022 Di\u00e2metro de pupila de sa\u00edda: 4mm \u2022 Prismas: Bak4 \u2022 Tratamento das lentes: Fully Multicoated \u2022 Eye relief: 17mm \u2022 Campo de Vis\u00e3o: 3,2\u00ba \u2022 Distancia interpupilar 56mm &#8211; 72mm \u2022 Focagem central \u2022 Focagem a partir de: 20m \u2022 Peso: 2.4kgs<\/p>\n<div class=\"more-link\">\n\t\t\t\t <a href=\"https:\/\/site.astrofoto.com.pt\/welcome\/produto\/binoculo-orion-20x80\/\" class=\"btn theme-btn inverted\"><span>Continuar a Ler <\/span><\/a>\n\t\t\t<\/div>\n","protected":false},"featured_media":4214,"comment_status":"closed","ping_status":"closed","template":"","meta":[],"product_brand":[],"product_cat":[13],"product_tag":[],"class_list":{"0":"post-4212","1":"product","2":"type-product","3":"status-publish","4":"has-post-thumbnail","6":"product_cat-binoculos","8":"first","9":"outofstock","10":"shipping-taxable","11":"purchasable","12":"product-type-simple"},"_links":{"self":[{"href":"https:\/\/site.astrofoto.com.pt\/welcome\/wp-json\/wp\/v2\/product\/4212","targetHints":{"allow":["GET"]}}],"collection":[{"href":"https:\/\/site.astrofoto.com.pt\/welcome\/wp-json\/wp\/v2\/product"}],"about":[{"href":"https:\/\/site.astrofoto.com.pt\/welcome\/wp-json\/wp\/v2\/types\/product"}],"replies":[{"embeddable":true,"href":"https:\/\/site.astrofoto.com.pt\/welcome\/wp-json\/wp\/v2\/comments?post=4212"}],"wp:featuredmedia":[{"embeddable":true,"href":"https:\/\/site.astrofoto.com.pt\/welcome\/wp-json\/wp\/v2\/media\/4214"}],"wp:attachment":[{"href":"https:\/\/site.astrofoto.com.pt\/welcome\/wp-json\/wp\/v2\/media?parent=4212"}],"wp:term":[{"taxonomy":"product_brand","embeddable":true,"href":"https:\/\/site.astrofoto.com.pt\/welcome\/wp-json\/wp\/v2\/product_brand?post=4212"},{"taxonomy":"product_cat","embeddable":true,"href":"https:\/\/site.astrofoto.com.pt\/welcome\/wp-json\/wp\/v2\/product_cat?post=4212"},{"taxonomy":"product_tag","embeddable":true,"href":"https:\/\/site.astrofoto.com.pt\/welcome\/wp-json\/wp\/v2\/product_tag?post=4212"}],"curies":[{"name":"wp","href":"https:\/\/api.w.org\/{rel}","templated":true}]}}