{"id":3840,"date":"2019-03-13T17:12:48","date_gmt":"2019-03-13T17:12:48","guid":{"rendered":"http:\/\/site.astrofoto.com.pt\/welcome\/?post_type=product&#038;p=3840"},"modified":"2021-05-11T14:55:42","modified_gmt":"2021-05-11T14:55:42","slug":"bresser-20-60x60-zoom-spotting-scope","status":"publish","type":"product","link":"https:\/\/site.astrofoto.com.pt\/welcome\/produto\/bresser-20-60x60-zoom-spotting-scope\/","title":{"rendered":"Bresser 20-60\u00d760 zoom spotting scope"},"content":{"rendered":"<p><a href=\"http:\/\/site.astrofoto.com.pt\/welcome\/wp-content\/uploads\/2019\/03\/Bresser-Spotting-scope-20-60x60-Travel.jpg\"><img fetchpriority=\"high\" decoding=\"async\" class=\"alignleft size-medium wp-image-3844\" src=\"http:\/\/site.astrofoto.com.pt\/welcome\/wp-content\/uploads\/2019\/03\/Bresser-Spotting-scope-20-60x60-Travel-300x300.jpg\" alt=\"\" width=\"300\" height=\"300\" srcset=\"https:\/\/site.astrofoto.com.pt\/welcome\/wp-content\/uploads\/2019\/03\/Bresser-Spotting-scope-20-60x60-Travel-300x300.jpg 300w, https:\/\/site.astrofoto.com.pt\/welcome\/wp-content\/uploads\/2019\/03\/Bresser-Spotting-scope-20-60x60-Travel-450x450.jpg 450w, https:\/\/site.astrofoto.com.pt\/welcome\/wp-content\/uploads\/2019\/03\/Bresser-Spotting-scope-20-60x60-Travel-100x100.jpg 100w, https:\/\/site.astrofoto.com.pt\/welcome\/wp-content\/uploads\/2019\/03\/Bresser-Spotting-scope-20-60x60-Travel-600x600.jpg 600w, https:\/\/site.astrofoto.com.pt\/welcome\/wp-content\/uploads\/2019\/03\/Bresser-Spotting-scope-20-60x60-Travel-150x150.jpg 150w, https:\/\/site.astrofoto.com.pt\/welcome\/wp-content\/uploads\/2019\/03\/Bresser-Spotting-scope-20-60x60-Travel-768x768.jpg 768w, https:\/\/site.astrofoto.com.pt\/welcome\/wp-content\/uploads\/2019\/03\/Bresser-Spotting-scope-20-60x60-Travel.jpg 800w\" sizes=\"(max-width: 300px) 100vw, 300px\" \/><\/a><strong>Bresser 20-60\u00d760 zoom spotting scope<\/strong><\/p>\n<p>\u2022 Abertura da Objectiva: 60mm<br \/>\n\u2022 Amplia\u00e7\u00e3o: 20-60x<br \/>\n\u2022 Angulo da ocular: 45\u00b0<br \/>\n\u2022 Campo de Vis\u00e3o: 32m (20x) a 1000 metros<br \/>\n\u2022 Focagem a partir de 5 metros<br \/>\n\u2022 \u00c0 prova de salpicos<br \/>\n\u2022 Peso: 690gr<br \/>\n\u2022 Trip\u00e9 de mesa<br \/>\n\u2022 Saco de Transporte<br \/>\n\u2022 Liga\u00e7\u00e3o a trip\u00e9: 1\/4\u2033<br \/>\n\u25ba possibilidade ligar a um trip\u00e9 alto<\/p>\n","protected":false},"excerpt":{"rendered":"<p>Bresser 20-60\u00d760 zoom spotting scope \u2022 Abertura da Objectiva: 60mm \u2022 Amplia\u00e7\u00e3o: 20-60x \u2022 Angulo da ocular: 45\u00b0 \u2022 Campo de Vis\u00e3o: 32m (20x) a 1000 metros \u2022 Focagem a partir de 5 metros \u2022 \u00c0 prova de salpicos \u2022 Peso: 690gr \u2022 Trip\u00e9 de mesa \u2022 Saco de Transporte \u2022 Liga\u00e7\u00e3o a trip\u00e9: 1\/4\u2033<\/p>\n<div class=\"more-link\">\n\t\t\t\t <a href=\"https:\/\/site.astrofoto.com.pt\/welcome\/produto\/bresser-20-60x60-zoom-spotting-scope\/\" class=\"btn theme-btn inverted\"><span>Continuar a Ler <\/span><\/a>\n\t\t\t<\/div>\n","protected":false},"featured_media":3844,"comment_status":"closed","ping_status":"closed","template":"","meta":[],"product_brand":[],"product_cat":[22],"product_tag":[],"class_list":{"0":"post-3840","1":"product","2":"type-product","3":"status-publish","4":"has-post-thumbnail","6":"product_cat-spotting-scopes","8":"first","9":"onbackorder","10":"shipping-taxable","11":"purchasable","12":"product-type-simple"},"_links":{"self":[{"href":"https:\/\/site.astrofoto.com.pt\/welcome\/wp-json\/wp\/v2\/product\/3840","targetHints":{"allow":["GET"]}}],"collection":[{"href":"https:\/\/site.astrofoto.com.pt\/welcome\/wp-json\/wp\/v2\/product"}],"about":[{"href":"https:\/\/site.astrofoto.com.pt\/welcome\/wp-json\/wp\/v2\/types\/product"}],"replies":[{"embeddable":true,"href":"https:\/\/site.astrofoto.com.pt\/welcome\/wp-json\/wp\/v2\/comments?post=3840"}],"wp:featuredmedia":[{"embeddable":true,"href":"https:\/\/site.astrofoto.com.pt\/welcome\/wp-json\/wp\/v2\/media\/3844"}],"wp:attachment":[{"href":"https:\/\/site.astrofoto.com.pt\/welcome\/wp-json\/wp\/v2\/media?parent=3840"}],"wp:term":[{"taxonomy":"product_brand","embeddable":true,"href":"https:\/\/site.astrofoto.com.pt\/welcome\/wp-json\/wp\/v2\/product_brand?post=3840"},{"taxonomy":"product_cat","embeddable":true,"href":"https:\/\/site.astrofoto.com.pt\/welcome\/wp-json\/wp\/v2\/product_cat?post=3840"},{"taxonomy":"product_tag","embeddable":true,"href":"https:\/\/site.astrofoto.com.pt\/welcome\/wp-json\/wp\/v2\/product_tag?post=3840"}],"curies":[{"name":"wp","href":"https:\/\/api.w.org\/{rel}","templated":true}]}}