{"id":3534,"date":"2018-09-26T15:54:35","date_gmt":"2018-09-26T15:54:35","guid":{"rendered":"http:\/\/site.astrofoto.com.pt\/welcome\/?post_type=product&#038;p=3534"},"modified":"2026-01-30T14:15:37","modified_gmt":"2026-01-30T14:15:37","slug":"montagem-sw-miniaz-go-to-wifi","status":"publish","type":"product","link":"https:\/\/site.astrofoto.com.pt\/welcome\/produto\/montagem-sw-miniaz-go-to-wifi\/","title":{"rendered":"Montagem SW AZ-GTI GoTo WiFi"},"content":{"rendered":"<p><a href=\"http:\/\/site.astrofoto.com.pt\/welcome\/wp-content\/uploads\/2018\/09\/SW_Hot.jpg\"><img decoding=\"async\" class=\"alignleft wp-image-4207\" src=\"http:\/\/site.astrofoto.com.pt\/welcome\/wp-content\/uploads\/2018\/09\/SW_Hot.jpg\" alt=\"\" width=\"56\" height=\"105\" \/><\/a><a href=\"http:\/\/site.astrofoto.com.pt\/welcome\/wp-content\/uploads\/2018\/09\/SW-azgti03.jpg\"><img fetchpriority=\"high\" decoding=\"async\" class=\"alignleft size-medium wp-image-3537\" src=\"http:\/\/site.astrofoto.com.pt\/welcome\/wp-content\/uploads\/2018\/09\/SW-azgti03-300x300.jpg\" alt=\"\" width=\"300\" height=\"300\" srcset=\"https:\/\/site.astrofoto.com.pt\/welcome\/wp-content\/uploads\/2018\/09\/SW-azgti03-300x300.jpg 300w, https:\/\/site.astrofoto.com.pt\/welcome\/wp-content\/uploads\/2018\/09\/SW-azgti03-450x450.jpg 450w, https:\/\/site.astrofoto.com.pt\/welcome\/wp-content\/uploads\/2018\/09\/SW-azgti03-100x100.jpg 100w, https:\/\/site.astrofoto.com.pt\/welcome\/wp-content\/uploads\/2018\/09\/SW-azgti03-150x150.jpg 150w, https:\/\/site.astrofoto.com.pt\/welcome\/wp-content\/uploads\/2018\/09\/SW-azgti03.jpg 600w\" sizes=\"(max-width: 300px) 100vw, 300px\" \/><\/a><strong>Montagem SW AZGTI Go-To WiFi<br \/>\n<\/strong>\u25ba<a href=\"https:\/\/www.youtube.com\/watch?v=DYrG323Z4_U\"><em>Ver no Youtube<\/em><\/a><br \/>\n\u2022 capacidade: 5 Kg<br \/>\n\u2022 altazimutal com GOTO<br \/>\n\u2022 alimenta\u00e7\u00e3o: 12V cx baterias (AA, LR6)<br \/>\n\u2022 base de dados Synscan com 10.000 objectos<br \/>\n\u2022 controlada por WiFi (sem comando)<br \/>\n\u25ba<span class=\"VIiyi\" lang=\"pt\"><span class=\"JLqJ4b\" data-language-for-alternatives=\"pt\" data-language-to-translate-into=\"auto\" data-phrase-index=\"0\"> Isso \u00e9 feito por meio da WLAN (WiFi) integrada. A montagem gera um sinal Wi-Fi que permite a liga\u00e7\u00e3o ao seu smartphone ou tablet. Pode controlar o telesc\u00f3pio via aplicativo SynScan da Skywatcher para Android ou via iOS.<\/span><\/span><br \/>\n\u2022 controlador gratuito Synscan app (android e IOS)<br \/>\n\u2022 linguagem multipla (portugues)<br \/>\n\u2022 tripe (80,5cm a 152cm)<br \/>\n\u2022 coluna de extens\u00e3o de\u00a0 21,5cm<br \/>\n\u2022 peso total: 7,5Kg<br \/>\n\u25ba <em>permite guardar objectos escolhidos pelo usador<br \/>\n\u25ba permite deslocar manualmente n\u00e3o perdendo os valores da localiza\u00e7\u00e3o-SkyWatcher Freedom-Find&#x2122;<br \/>\n<\/em><\/p>\n","protected":false},"excerpt":{"rendered":"<p>Montagem SW AZGTI Go-To WiFi \u25baVer no Youtube \u2022 capacidade: 5 Kg \u2022 altazimutal com GOTO \u2022 alimenta\u00e7\u00e3o: 12V cx baterias (AA, LR6) \u2022 base de dados Synscan com 10.000 objectos \u2022 controlada por WiFi (sem comando) \u25ba Isso \u00e9 feito por meio da WLAN (WiFi) integrada. A montagem gera um sinal Wi-Fi que permite<\/p>\n<div class=\"more-link\">\n\t\t\t\t <a href=\"https:\/\/site.astrofoto.com.pt\/welcome\/produto\/montagem-sw-miniaz-go-to-wifi\/\" class=\"btn theme-btn inverted\"><span>Continuar a Ler <\/span><\/a>\n\t\t\t<\/div>\n","protected":false},"featured_media":3537,"comment_status":"closed","ping_status":"closed","template":"","meta":[],"product_brand":[],"product_cat":[51,14,67],"product_tag":[],"class_list":{"0":"post-3534","1":"product","2":"type-product","3":"status-publish","4":"has-post-thumbnail","6":"product_cat-acessorios-para-telescopios","7":"product_cat-montagens","8":"product_cat-https-site-astrofoto-com-pt-welcome-categoria-produto-novidade","10":"first","11":"outofstock","12":"sale","13":"shipping-taxable","14":"purchasable","15":"product-type-simple"},"_links":{"self":[{"href":"https:\/\/site.astrofoto.com.pt\/welcome\/wp-json\/wp\/v2\/product\/3534","targetHints":{"allow":["GET"]}}],"collection":[{"href":"https:\/\/site.astrofoto.com.pt\/welcome\/wp-json\/wp\/v2\/product"}],"about":[{"href":"https:\/\/site.astrofoto.com.pt\/welcome\/wp-json\/wp\/v2\/types\/product"}],"replies":[{"embeddable":true,"href":"https:\/\/site.astrofoto.com.pt\/welcome\/wp-json\/wp\/v2\/comments?post=3534"}],"wp:featuredmedia":[{"embeddable":true,"href":"https:\/\/site.astrofoto.com.pt\/welcome\/wp-json\/wp\/v2\/media\/3537"}],"wp:attachment":[{"href":"https:\/\/site.astrofoto.com.pt\/welcome\/wp-json\/wp\/v2\/media?parent=3534"}],"wp:term":[{"taxonomy":"product_brand","embeddable":true,"href":"https:\/\/site.astrofoto.com.pt\/welcome\/wp-json\/wp\/v2\/product_brand?post=3534"},{"taxonomy":"product_cat","embeddable":true,"href":"https:\/\/site.astrofoto.com.pt\/welcome\/wp-json\/wp\/v2\/product_cat?post=3534"},{"taxonomy":"product_tag","embeddable":true,"href":"https:\/\/site.astrofoto.com.pt\/welcome\/wp-json\/wp\/v2\/product_tag?post=3534"}],"curies":[{"name":"wp","href":"https:\/\/api.w.org\/{rel}","templated":true}]}}