{"id":3240,"date":"2018-05-24T15:51:32","date_gmt":"2018-05-24T15:51:32","guid":{"rendered":"http:\/\/site.astrofoto.com.pt\/welcome\/?post_type=product&#038;p=3240"},"modified":"2025-02-24T19:38:57","modified_gmt":"2025-02-24T19:38:57","slug":"livro-caca-ao-tesouro-no-espaco","status":"publish","type":"product","link":"https:\/\/site.astrofoto.com.pt\/welcome\/produto\/livro-caca-ao-tesouro-no-espaco\/","title":{"rendered":"Livro Ca\u00e7a ao Tesouro no Espa\u00e7o"},"content":{"rendered":"<p><a href=\"http:\/\/site.astrofoto.com.pt\/welcome\/wp-content\/uploads\/2018\/05\/G_CacTes.jpg\"><img fetchpriority=\"high\" decoding=\"async\" class=\"alignleft size-medium wp-image-3241\" src=\"http:\/\/site.astrofoto.com.pt\/welcome\/wp-content\/uploads\/2018\/05\/G_CacTes-208x300.jpg\" alt=\"\" width=\"208\" height=\"300\" srcset=\"https:\/\/site.astrofoto.com.pt\/welcome\/wp-content\/uploads\/2018\/05\/G_CacTes-208x300.jpg 208w, https:\/\/site.astrofoto.com.pt\/welcome\/wp-content\/uploads\/2018\/05\/G_CacTes-150x217.jpg 150w, https:\/\/site.astrofoto.com.pt\/welcome\/wp-content\/uploads\/2018\/05\/G_CacTes-300x433.jpg 300w, https:\/\/site.astrofoto.com.pt\/welcome\/wp-content\/uploads\/2018\/05\/G_CacTes.jpg 309w\" sizes=\"(max-width: 208px) 100vw, 208px\" \/><\/a><strong>Ca\u00e7a ao Tesouro no Espa\u00e7o<br \/>\n<\/strong>por <a href=\"https:\/\/www.presenca.pt\/autor\/stephen-hawking\/\">Stephen Hawking<\/a>, <a href=\"https:\/\/www.presenca.pt\/autor\/lucy-hawking\/\">Lucy Hawking<\/a>(Autores)<\/p>\n<p align=\"justify\">A melhor amiga de George precisa de ajuda. O seu pai, Eric, que \u00e9 cientista, trabalha num projecto espacial &#8211; e est\u00e1 tudo a correr mal. Um rob\u00f4 aterrou em Marte, mas o comportamento dele \u00e9 muito estranho. E para piorar tudo, Annie descobriu uma coisa esquisita no supercomputador do pai, o Cosmos. Ser\u00e1 uma mensagem de um extraterrestre? E se pud\u00e9ssemos falar com extraterrestres, o que hav\u00edamos de lhes dizer? Esta fant\u00e1stica odisseia, que continua as aventuras espectaculares dos nossos her\u00f3is em <i>A Chave Secreta para o Universo<\/i>, n\u00e3o \u00e9 s\u00f3 uma a agitada ca\u00e7a ao tesouro atrav\u00e9s do cosmos, mas tamb\u00e9m est\u00e1 CHEIA das mais diversas e RECENTES descobertas cient\u00edficas sobre o nosso Universo, incluindo artigos especiais de alguns dos cientistas mais not\u00e1veis de todo o mundo.<\/p>\n","protected":false},"excerpt":{"rendered":"<p>Ca\u00e7a ao Tesouro no Espa\u00e7o por Stephen Hawking, Lucy Hawking(Autores) A melhor amiga de George precisa de ajuda. O seu pai, Eric, que \u00e9 cientista, trabalha num projecto espacial &#8211; e est\u00e1 tudo a correr mal. Um rob\u00f4 aterrou em Marte, mas o comportamento dele \u00e9 muito estranho. E para piorar tudo, Annie descobriu uma<\/p>\n<div class=\"more-link\">\n\t\t\t\t <a href=\"https:\/\/site.astrofoto.com.pt\/welcome\/produto\/livro-caca-ao-tesouro-no-espaco\/\" class=\"btn theme-btn inverted\"><span>Continuar a Ler <\/span><\/a>\n\t\t\t<\/div>\n","protected":false},"featured_media":3241,"comment_status":"closed","ping_status":"closed","template":"","meta":[],"product_brand":[],"product_cat":[35],"product_tag":[],"class_list":{"0":"post-3240","1":"product","2":"type-product","3":"status-publish","4":"has-post-thumbnail","6":"product_cat-livro-e-dvd","8":"first","9":"outofstock","10":"shipping-taxable","11":"purchasable","12":"product-type-simple"},"_links":{"self":[{"href":"https:\/\/site.astrofoto.com.pt\/welcome\/wp-json\/wp\/v2\/product\/3240","targetHints":{"allow":["GET"]}}],"collection":[{"href":"https:\/\/site.astrofoto.com.pt\/welcome\/wp-json\/wp\/v2\/product"}],"about":[{"href":"https:\/\/site.astrofoto.com.pt\/welcome\/wp-json\/wp\/v2\/types\/product"}],"replies":[{"embeddable":true,"href":"https:\/\/site.astrofoto.com.pt\/welcome\/wp-json\/wp\/v2\/comments?post=3240"}],"wp:featuredmedia":[{"embeddable":true,"href":"https:\/\/site.astrofoto.com.pt\/welcome\/wp-json\/wp\/v2\/media\/3241"}],"wp:attachment":[{"href":"https:\/\/site.astrofoto.com.pt\/welcome\/wp-json\/wp\/v2\/media?parent=3240"}],"wp:term":[{"taxonomy":"product_brand","embeddable":true,"href":"https:\/\/site.astrofoto.com.pt\/welcome\/wp-json\/wp\/v2\/product_brand?post=3240"},{"taxonomy":"product_cat","embeddable":true,"href":"https:\/\/site.astrofoto.com.pt\/welcome\/wp-json\/wp\/v2\/product_cat?post=3240"},{"taxonomy":"product_tag","embeddable":true,"href":"https:\/\/site.astrofoto.com.pt\/welcome\/wp-json\/wp\/v2\/product_tag?post=3240"}],"curies":[{"name":"wp","href":"https:\/\/api.w.org\/{rel}","templated":true}]}}