{"id":3148,"date":"2018-03-22T17:58:29","date_gmt":"2018-03-22T17:58:29","guid":{"rendered":"http:\/\/site.astrofoto.com.pt\/welcome\/?post_type=product&#038;p=3148"},"modified":"2021-09-17T12:49:18","modified_gmt":"2021-09-17T12:49:18","slug":"celestron-spotting-scope-regal-m2-80ed","status":"publish","type":"product","link":"https:\/\/site.astrofoto.com.pt\/welcome\/produto\/celestron-spotting-scope-regal-m2-80ed\/","title":{"rendered":"Celestron spotting scope Regal M2 80ED"},"content":{"rendered":"<p><a href=\"http:\/\/site.astrofoto.com.pt\/welcome\/wp-content\/uploads\/2018\/03\/CelestronED80.jpg\"><img fetchpriority=\"high\" decoding=\"async\" class=\"alignleft size-medium wp-image-3149\" src=\"http:\/\/site.astrofoto.com.pt\/welcome\/wp-content\/uploads\/2018\/03\/CelestronED80-300x210.jpg\" alt=\"\" width=\"300\" height=\"210\" srcset=\"https:\/\/site.astrofoto.com.pt\/welcome\/wp-content\/uploads\/2018\/03\/CelestronED80-300x210.jpg 300w, https:\/\/site.astrofoto.com.pt\/welcome\/wp-content\/uploads\/2018\/03\/CelestronED80-450x315.jpg 450w, https:\/\/site.astrofoto.com.pt\/welcome\/wp-content\/uploads\/2018\/03\/CelestronED80.jpg 500w\" sizes=\"(max-width: 300px) 100vw, 300px\" \/><\/a><strong>Celestron spotting scope Regal M2 80ED<\/strong><\/p>\n<p>\u2022Objectiva ED (apo) 80mm<br \/>\n\u2022Dist\u00e2ncia focal: 480 mm<br \/>\n\u2022Amplia\u00e7\u00e3o: 20-60x Zoom<br \/>\n\u2022Revestimento XLT (Fully Multi-Coated Optics)<br \/>\n\u2022Saida de pupila: 4-1.3mm<br \/>\n\u2022Eye Relief: 20mm<br \/>\n\u2022Prismas Bak4<br \/>\n\u2022Brilho relativo: 16<br \/>\n\u2022Campo de vis\u00e3o aparente: 2.5-1.3 \u00b0<br \/>\n\u2022Corpo em liga de magn\u00e9sio<br \/>\n\u2022Focagem dupla com desmultiplica\u00e7\u00e3o<br \/>\n\u2022Rota\u00e7\u00e3o de posi\u00e7\u00e3o no trip\u00e9<\/p>\n<p>\u25baParassol ajust\u00e1vel<br \/>\n\u25baPermite utiliza\u00e7\u00e3o das oculares standard de 1.25&#8243;<br \/>\n\u25baAdapta\u00e7\u00e3o a c\u00e2mara DSLR T (precisa do anel T respectivo)<br \/>\n\u25baAnel T Nikon <a href=\"http:\/\/site.astrofoto.com.pt\/welcome\/produto\/anel-t2-nikon-ai-2\/\">(Extra)<\/a><br \/>\n\u25baAnel T Canon EOS <a href=\"http:\/\/site.astrofoto.com.pt\/welcome\/produto\/anel-t2-canon-eos\/\">(Extra)<\/a><\/p>\n","protected":false},"excerpt":{"rendered":"<p>Celestron spotting scope Regal M2 80ED \u2022Objectiva ED (apo) 80mm \u2022Dist\u00e2ncia focal: 480 mm \u2022Amplia\u00e7\u00e3o: 20-60x Zoom \u2022Revestimento XLT (Fully Multi-Coated Optics) \u2022Saida de pupila: 4-1.3mm \u2022Eye Relief: 20mm \u2022Prismas Bak4 \u2022Brilho relativo: 16 \u2022Campo de vis\u00e3o aparente: 2.5-1.3 \u00b0 \u2022Corpo em liga de magn\u00e9sio \u2022Focagem dupla com desmultiplica\u00e7\u00e3o \u2022Rota\u00e7\u00e3o de posi\u00e7\u00e3o no trip\u00e9 \u25baParassol<\/p>\n<div class=\"more-link\">\n\t\t\t\t <a href=\"https:\/\/site.astrofoto.com.pt\/welcome\/produto\/celestron-spotting-scope-regal-m2-80ed\/\" class=\"btn theme-btn inverted\"><span>Continuar a Ler <\/span><\/a>\n\t\t\t<\/div>\n","protected":false},"featured_media":3149,"comment_status":"closed","ping_status":"closed","template":"","meta":[],"product_brand":[],"product_cat":[22],"product_tag":[],"class_list":{"0":"post-3148","1":"product","2":"type-product","3":"status-publish","4":"has-post-thumbnail","6":"product_cat-spotting-scopes","8":"first","9":"onbackorder","10":"shipping-taxable","11":"purchasable","12":"product-type-simple"},"_links":{"self":[{"href":"https:\/\/site.astrofoto.com.pt\/welcome\/wp-json\/wp\/v2\/product\/3148","targetHints":{"allow":["GET"]}}],"collection":[{"href":"https:\/\/site.astrofoto.com.pt\/welcome\/wp-json\/wp\/v2\/product"}],"about":[{"href":"https:\/\/site.astrofoto.com.pt\/welcome\/wp-json\/wp\/v2\/types\/product"}],"replies":[{"embeddable":true,"href":"https:\/\/site.astrofoto.com.pt\/welcome\/wp-json\/wp\/v2\/comments?post=3148"}],"wp:featuredmedia":[{"embeddable":true,"href":"https:\/\/site.astrofoto.com.pt\/welcome\/wp-json\/wp\/v2\/media\/3149"}],"wp:attachment":[{"href":"https:\/\/site.astrofoto.com.pt\/welcome\/wp-json\/wp\/v2\/media?parent=3148"}],"wp:term":[{"taxonomy":"product_brand","embeddable":true,"href":"https:\/\/site.astrofoto.com.pt\/welcome\/wp-json\/wp\/v2\/product_brand?post=3148"},{"taxonomy":"product_cat","embeddable":true,"href":"https:\/\/site.astrofoto.com.pt\/welcome\/wp-json\/wp\/v2\/product_cat?post=3148"},{"taxonomy":"product_tag","embeddable":true,"href":"https:\/\/site.astrofoto.com.pt\/welcome\/wp-json\/wp\/v2\/product_tag?post=3148"}],"curies":[{"name":"wp","href":"https:\/\/api.w.org\/{rel}","templated":true}]}}