{"id":3066,"date":"2018-02-15T12:15:23","date_gmt":"2018-02-15T12:15:23","guid":{"rendered":"http:\/\/site.astrofoto.com.pt\/welcome\/?post_type=product&#038;p=3066"},"modified":"2022-10-16T20:28:32","modified_gmt":"2022-10-16T20:28:32","slug":"manutencao-para-montages-sw-e-celestron","status":"publish","type":"product","link":"https:\/\/site.astrofoto.com.pt\/welcome\/produto\/manutencao-para-montages-sw-e-celestron\/","title":{"rendered":"Manuten\u00e7\u00e3o para montagens SW e Celestron"},"content":{"rendered":"<p><strong>Manuten\u00e7\u00e3o para montagens SkyWacher e Celestron<\/strong><\/p>\n<p>\u25ba<em>Consiste em desmontagem completa,<br \/>\nlimpeza e lubrifica\u00e7\u00e3o com massa de teflon de alta qualidade,<br \/>\nsubstitui\u00e7\u00e3o dos 4 rolamentos dos sem-fins e afina\u00e7\u00e3o\/optimiza\u00e7\u00e3o do &#8220;backlash&#8221; em ambos os eixos.<br \/>\n<\/em><\/p>\n<p><em><strong>\u25ba tempo de execu\u00e7\u00e3o:<\/strong><br \/>\n<\/em><em>uma semana a partir da vinda da montagem<\/em><\/p>\n","protected":false},"excerpt":{"rendered":"<p>Manuten\u00e7\u00e3o para montagens SkyWacher e Celestron \u25baConsiste em desmontagem completa, limpeza e lubrifica\u00e7\u00e3o com massa de teflon de alta qualidade, substitui\u00e7\u00e3o dos 4 rolamentos dos sem-fins e afina\u00e7\u00e3o\/optimiza\u00e7\u00e3o do &#8220;backlash&#8221; em ambos os eixos. \u25ba tempo de execu\u00e7\u00e3o: uma semana a partir da vinda da montagem<\/p>\n","protected":false},"featured_media":3505,"comment_status":"closed","ping_status":"closed","template":"","meta":[],"product_brand":[],"product_cat":[62,31,14],"product_tag":[],"class_list":{"0":"post-3066","1":"product","2":"type-product","3":"status-publish","4":"has-post-thumbnail","6":"product_cat-manutencao","7":"product_cat-miscelanea","8":"product_cat-montagens","10":"first","11":"instock","12":"shipping-taxable","13":"purchasable","14":"product-type-simple"},"_links":{"self":[{"href":"https:\/\/site.astrofoto.com.pt\/welcome\/wp-json\/wp\/v2\/product\/3066","targetHints":{"allow":["GET"]}}],"collection":[{"href":"https:\/\/site.astrofoto.com.pt\/welcome\/wp-json\/wp\/v2\/product"}],"about":[{"href":"https:\/\/site.astrofoto.com.pt\/welcome\/wp-json\/wp\/v2\/types\/product"}],"replies":[{"embeddable":true,"href":"https:\/\/site.astrofoto.com.pt\/welcome\/wp-json\/wp\/v2\/comments?post=3066"}],"wp:featuredmedia":[{"embeddable":true,"href":"https:\/\/site.astrofoto.com.pt\/welcome\/wp-json\/wp\/v2\/media\/3505"}],"wp:attachment":[{"href":"https:\/\/site.astrofoto.com.pt\/welcome\/wp-json\/wp\/v2\/media?parent=3066"}],"wp:term":[{"taxonomy":"product_brand","embeddable":true,"href":"https:\/\/site.astrofoto.com.pt\/welcome\/wp-json\/wp\/v2\/product_brand?post=3066"},{"taxonomy":"product_cat","embeddable":true,"href":"https:\/\/site.astrofoto.com.pt\/welcome\/wp-json\/wp\/v2\/product_cat?post=3066"},{"taxonomy":"product_tag","embeddable":true,"href":"https:\/\/site.astrofoto.com.pt\/welcome\/wp-json\/wp\/v2\/product_tag?post=3066"}],"curies":[{"name":"wp","href":"https:\/\/api.w.org\/{rel}","templated":true}]}}