{"id":3041,"date":"2018-01-29T13:59:14","date_gmt":"2018-01-29T13:59:14","guid":{"rendered":"http:\/\/site.astrofoto.com.pt\/welcome\/?post_type=product&#038;p=3041"},"modified":"2023-04-26T10:06:15","modified_gmt":"2023-04-26T10:06:15","slug":"camara-sw-autoguider-synguider-ii","status":"publish","type":"product","link":"https:\/\/site.astrofoto.com.pt\/welcome\/produto\/camara-sw-autoguider-synguider-ii\/","title":{"rendered":"Camara SW Autoguider SynGuider II"},"content":{"rendered":"<p><strong><a href=\"http:\/\/site.astrofoto.com.pt\/welcome\/wp-content\/uploads\/2018\/01\/SW_SynGuiderII.jpg\"><img fetchpriority=\"high\" decoding=\"async\" class=\"alignleft size-medium wp-image-3046\" src=\"http:\/\/site.astrofoto.com.pt\/welcome\/wp-content\/uploads\/2018\/01\/SW_SynGuiderII-300x195.jpg\" alt=\"\" width=\"300\" height=\"195\" \/><\/a>Camara Autoguider SynGuider II<br \/>\n<\/strong><\/p>\n<p>\u2022 C\u00e2mara de autoguiagem independente<br \/>\n\u2022 Trabalha sem PC (visor)<br \/>\n\u2022 Sensor APTINA MT9V034C12STM CMOS<br \/>\n\u2022 Resolu\u00e7\u00e3o 752x480px<br \/>\n\u2022 Tamanho dos pixeis 6.0 microns<br \/>\n\u2022 Tamanho do sensor 4.51mm x 2.88mm<br \/>\n\u2022 Alimenta\u00e7\u00e3o DC 4.5V~14V, 150mA;<br \/>\nrecomend\u00e1vel\u00a0 +5V Jack: 2.1mm ou USB tipo B<\/p>\n<p>\u2022 Ficha compativel ST4<br \/>\n\u2022 Interface M42 e 1,25&#8243;<br \/>\n\u2022 comando de m\u00e3o<br \/>\n\u2022 Firmware actualizavel<br \/>\n\u2022 Exposi\u00e7\u00f5es:<br \/>\n1, 2, 4, 8, 16, 32, 64, 128, 256, 512, 1024, 2048, 4096 mS<\/p>\n<p><strong><em>*<\/em><\/strong><em>****Tipicamente o SynGuider pode captar e guiar<\/em><em><br \/>\npor uma estrela at\u00e9 magnitude 8 com um refractor de 80mm,<br \/>\n2048ms de tempo de exposi\u00e7\u00e3o e bom &#8220;seeing&#8221;<\/em><\/p>\n<p><a href=\"http:\/\/site.astrofoto.com.pt\/welcome\/produto\/buscador-modulo\/\"><em>\u25ba ver sugest\u00e3o de buscador<\/em><\/a><\/p>\n","protected":false},"excerpt":{"rendered":"<p>Camara Autoguider SynGuider II \u2022 C\u00e2mara de autoguiagem independente \u2022 Trabalha sem PC (visor) \u2022 Sensor APTINA MT9V034C12STM CMOS \u2022 Resolu\u00e7\u00e3o 752x480px \u2022 Tamanho dos pixeis 6.0 microns \u2022 Tamanho do sensor 4.51mm x 2.88mm \u2022 Alimenta\u00e7\u00e3o DC 4.5V~14V, 150mA; recomend\u00e1vel\u00a0 +5V Jack: 2.1mm ou USB tipo B \u2022 Ficha compativel ST4 \u2022 Interface M42<\/p>\n<div class=\"more-link\">\n\t\t\t\t <a href=\"https:\/\/site.astrofoto.com.pt\/welcome\/produto\/camara-sw-autoguider-synguider-ii\/\" class=\"btn theme-btn inverted\"><span>Continuar a Ler <\/span><\/a>\n\t\t\t<\/div>\n","protected":false},"featured_media":3046,"comment_status":"closed","ping_status":"closed","template":"","meta":[],"product_brand":[],"product_cat":[34,24,47],"product_tag":[],"class_list":{"0":"post-3041","1":"product","2":"type-product","3":"status-publish","4":"has-post-thumbnail","6":"product_cat-acessoriosfotografia","7":"product_cat-fotografia-astronomica","8":"product_cat-sugestoes-de-natal","10":"first","11":"onbackorder","12":"sale","13":"shipping-taxable","14":"purchasable","15":"product-type-simple"},"_links":{"self":[{"href":"https:\/\/site.astrofoto.com.pt\/welcome\/wp-json\/wp\/v2\/product\/3041","targetHints":{"allow":["GET"]}}],"collection":[{"href":"https:\/\/site.astrofoto.com.pt\/welcome\/wp-json\/wp\/v2\/product"}],"about":[{"href":"https:\/\/site.astrofoto.com.pt\/welcome\/wp-json\/wp\/v2\/types\/product"}],"replies":[{"embeddable":true,"href":"https:\/\/site.astrofoto.com.pt\/welcome\/wp-json\/wp\/v2\/comments?post=3041"}],"wp:featuredmedia":[{"embeddable":true,"href":"https:\/\/site.astrofoto.com.pt\/welcome\/wp-json\/wp\/v2\/media\/3046"}],"wp:attachment":[{"href":"https:\/\/site.astrofoto.com.pt\/welcome\/wp-json\/wp\/v2\/media?parent=3041"}],"wp:term":[{"taxonomy":"product_brand","embeddable":true,"href":"https:\/\/site.astrofoto.com.pt\/welcome\/wp-json\/wp\/v2\/product_brand?post=3041"},{"taxonomy":"product_cat","embeddable":true,"href":"https:\/\/site.astrofoto.com.pt\/welcome\/wp-json\/wp\/v2\/product_cat?post=3041"},{"taxonomy":"product_tag","embeddable":true,"href":"https:\/\/site.astrofoto.com.pt\/welcome\/wp-json\/wp\/v2\/product_tag?post=3041"}],"curies":[{"name":"wp","href":"https:\/\/api.w.org\/{rel}","templated":true}]}}