{"id":2524,"date":"2017-05-02T09:17:37","date_gmt":"2017-05-02T09:17:37","guid":{"rendered":"http:\/\/site.astrofoto.com.pt\/welcome\/?post_type=product&#038;p=2524"},"modified":"2024-06-10T12:25:21","modified_gmt":"2024-06-10T12:25:21","slug":"telescopio-skywatcher-stargate-18%e2%80%b3-truss-goto","status":"publish","type":"product","link":"https:\/\/site.astrofoto.com.pt\/welcome\/produto\/telescopio-skywatcher-stargate-18%e2%80%b3-truss-goto\/","title":{"rendered":"Telescopio SkyWatcher Astrolitech-458 \u2013 18\u2033 f\/4.1 Truss GOTO"},"content":{"rendered":"<p><strong>T<a href=\"http:\/\/site.astrofoto.com.pt\/welcome\/wp-content\/uploads\/2017\/05\/SW18.jpg\"><img fetchpriority=\"high\" decoding=\"async\" class=\"alignleft size-medium wp-image-2529\" src=\"http:\/\/site.astrofoto.com.pt\/welcome\/wp-content\/uploads\/2017\/05\/SW18-300x300.jpg\" alt=\"\" width=\"300\" height=\"300\" srcset=\"https:\/\/site.astrofoto.com.pt\/welcome\/wp-content\/uploads\/2017\/05\/SW18-300x300.jpg 300w, https:\/\/site.astrofoto.com.pt\/welcome\/wp-content\/uploads\/2017\/05\/SW18-450x450.jpg 450w, https:\/\/site.astrofoto.com.pt\/welcome\/wp-content\/uploads\/2017\/05\/SW18-100x100.jpg 100w, https:\/\/site.astrofoto.com.pt\/welcome\/wp-content\/uploads\/2017\/05\/SW18-150x150.jpg 150w, https:\/\/site.astrofoto.com.pt\/welcome\/wp-content\/uploads\/2017\/05\/SW18.jpg 600w\" sizes=\"(max-width: 300px) 100vw, 300px\" \/><\/a>elescopio SkyWatcher Astrolitech -458 \u2013 18\u2033 f\/4.1 Truss GOTO<br \/>\n<em>\u25ba placa wi-fi integrada &#8211; controle possivel por smartphone<\/em><\/strong><br \/>\n\u2022Abertura: 458mm<br \/>\n\u2022Dist\u00e2ncia focal: 1900mm<br \/>\n\u2022Raz\u00e3o focal: f\/4.1<br \/>\n\u2022Focador: Dual Speed 2\u2033 Crayford c\/ adaptador\u00a0 1.25\u2033<br \/>\n\u2022Espelho primario: Parabolical mirror \u2013 diffraction limited<br \/>\n\u2022Espelho secundario: diametro 120mm<br \/>\n\u2022Oculares: 28mm 2\u2033<br \/>\n\u2022Buscador: 9\u00d750<br \/>\n\u2022Montagem: Tipo Dobson em metal<br \/>\n\u2022Peso: 50kg<br \/>\n<strong>\u25baSISTEMA SYNSCAN GOTO<\/strong><\/p>\n<p>A ideia principal da linha StarGate \u00e9 ter um instrumento que possa ser transportado por 1 pessoa&#8230; sem nada muito pesado. A estrutura \u00e9 do tipo Serralharia, equipada com 6 tubos em \u201cV\u201d remov\u00edveis que conectam uma \u201cgaiola\u201d que segura o espelho secund\u00e1rio e uma \u201cgaiola\u201d ao redor do espelho prim\u00e1rio. A \u201cgaiola\u201d prim\u00e1ria repousa sobre uma base que permite que o conjunto gire 360\u00b0. Em termos de transporte, o peso total \u00e9 de 50kg&#8230; mas o elemento mais pesado \u00e9 o espelho prim\u00e1rio&#8230; apenas 12kg! O instrumento pode assim ser montado por uma \u00fanica pessoa (com duas pessoas o tempo \u00e9 reduzido). O tempo de montagem \u00e9 de cerca de 25 a 30 minutos ap\u00f3s algumas noites de observa\u00e7\u00f5es.<\/p>\n<p>A gaiola secund\u00e1ria \u00e9 leve (menos de 5kg) gra\u00e7as a um \u00fanico anel que segura a aranha secund\u00e1ria e o focador. Uma prote\u00e7\u00e3o r\u00edgida, posicionada no lado oposto, limita a intrus\u00e3o de luz difusa perto do focador. A fixa\u00e7\u00e3o dos tubos \u00e9 feita facilmente por meio de pequenas al\u00e7as confort\u00e1veis \u200b\u200bde manusear. Tr\u00eas pequenos contrapesos permitem que voc\u00ea encontre sempre o equil\u00edbrio certo dependendo da sua escolha de oculares (veja uma cabe\u00e7a binocular).<\/p>\n<p><a href=\"http:\/\/skywatcher.com\/post\/review\/sky-watchers-stargate-18-inch-dobsonian-review-sky-telescope-2018-april-issue\/\"><em><strong>ver &#8220;review&#8221; na Sky &amp; Telescope<\/strong><\/em><\/a><\/p>\n<p>&nbsp;<\/p>\n","protected":false},"excerpt":{"rendered":"<p>Telescopio SkyWatcher Astrolitech -458 \u2013 18\u2033 f\/4.1 Truss GOTO \u25ba placa wi-fi integrada &#8211; controle possivel por smartphone \u2022Abertura: 458mm \u2022Dist\u00e2ncia focal: 1900mm \u2022Raz\u00e3o focal: f\/4.1 \u2022Focador: Dual Speed 2\u2033 Crayford c\/ adaptador\u00a0 1.25\u2033 \u2022Espelho primario: Parabolical mirror \u2013 diffraction limited \u2022Espelho secundario: diametro 120mm \u2022Oculares: 28mm 2\u2033 \u2022Buscador: 9\u00d750 \u2022Montagem: Tipo Dobson em metal<\/p>\n<div class=\"more-link\">\n\t\t\t\t <a href=\"https:\/\/site.astrofoto.com.pt\/welcome\/produto\/telescopio-skywatcher-stargate-18%e2%80%b3-truss-goto\/\" class=\"btn theme-btn inverted\"><span>Continuar a Ler <\/span><\/a>\n\t\t\t<\/div>\n","protected":false},"featured_media":2529,"comment_status":"closed","ping_status":"closed","template":"","meta":[],"product_brand":[],"product_cat":[92,6,15],"product_tag":[],"class_list":{"0":"post-2524","1":"product","2":"type-product","3":"status-publish","4":"has-post-thumbnail","6":"product_cat-swpromo","7":"product_cat-telescopios","8":"product_cat-telescopios-reflectores","10":"first","11":"onbackorder","12":"sale","13":"shipping-taxable","14":"purchasable","15":"product-type-simple"},"_links":{"self":[{"href":"https:\/\/site.astrofoto.com.pt\/welcome\/wp-json\/wp\/v2\/product\/2524","targetHints":{"allow":["GET"]}}],"collection":[{"href":"https:\/\/site.astrofoto.com.pt\/welcome\/wp-json\/wp\/v2\/product"}],"about":[{"href":"https:\/\/site.astrofoto.com.pt\/welcome\/wp-json\/wp\/v2\/types\/product"}],"replies":[{"embeddable":true,"href":"https:\/\/site.astrofoto.com.pt\/welcome\/wp-json\/wp\/v2\/comments?post=2524"}],"wp:featuredmedia":[{"embeddable":true,"href":"https:\/\/site.astrofoto.com.pt\/welcome\/wp-json\/wp\/v2\/media\/2529"}],"wp:attachment":[{"href":"https:\/\/site.astrofoto.com.pt\/welcome\/wp-json\/wp\/v2\/media?parent=2524"}],"wp:term":[{"taxonomy":"product_brand","embeddable":true,"href":"https:\/\/site.astrofoto.com.pt\/welcome\/wp-json\/wp\/v2\/product_brand?post=2524"},{"taxonomy":"product_cat","embeddable":true,"href":"https:\/\/site.astrofoto.com.pt\/welcome\/wp-json\/wp\/v2\/product_cat?post=2524"},{"taxonomy":"product_tag","embeddable":true,"href":"https:\/\/site.astrofoto.com.pt\/welcome\/wp-json\/wp\/v2\/product_tag?post=2524"}],"curies":[{"name":"wp","href":"https:\/\/api.w.org\/{rel}","templated":true}]}}