{"id":2320,"date":"2017-02-13T17:38:09","date_gmt":"2017-02-13T17:38:09","guid":{"rendered":"http:\/\/site.astrofoto.com.pt\/welcome\/?post_type=product&#038;p=2320"},"modified":"2022-10-24T12:12:56","modified_gmt":"2022-10-24T12:12:56","slug":"conjunto-de-filtros-omegon-pro-lrgb-1-25","status":"publish","type":"product","link":"https:\/\/site.astrofoto.com.pt\/welcome\/produto\/conjunto-de-filtros-omegon-pro-lrgb-1-25\/","title":{"rendered":"Conjunto de filtros Omegon Pro LRGB 1.25&#8221;"},"content":{"rendered":"<p><a href=\"http:\/\/site.astrofoto.com.pt\/welcome\/wp-content\/uploads\/2017\/02\/Omegon-Pro-1-25-LRGB-filter-set.jpg\"><img fetchpriority=\"high\" decoding=\"async\" class=\"alignleft size-full wp-image-2321\" src=\"http:\/\/site.astrofoto.com.pt\/welcome\/wp-content\/uploads\/2017\/02\/Omegon-Pro-1-25-LRGB-filter-set.jpg\" alt=\"\" width=\"300\" height=\"300\" srcset=\"https:\/\/site.astrofoto.com.pt\/welcome\/wp-content\/uploads\/2017\/02\/Omegon-Pro-1-25-LRGB-filter-set.jpg 300w, https:\/\/site.astrofoto.com.pt\/welcome\/wp-content\/uploads\/2017\/02\/Omegon-Pro-1-25-LRGB-filter-set-100x100.jpg 100w, https:\/\/site.astrofoto.com.pt\/welcome\/wp-content\/uploads\/2017\/02\/Omegon-Pro-1-25-LRGB-filter-set-150x150.jpg 150w\" sizes=\"(max-width: 300px) 100vw, 300px\" \/><\/a><\/p>\n<p><strong>Conjunto de filtros Omegon Pro LRGB 1.25&#8221;\u00a0 <\/strong><\/p>\n<p>\u00c1reas de uso<\/p>\n<ul>\n<li>Contra polui\u00e7\u00e3o luminosa<\/li>\n<li>Nebulosa de hidrog\u00e9nio<\/li>\n<li>Nebulosa planet\u00e1ria<\/li>\n<li>Cometas<\/li>\n<li>Estrelas centrais<\/li>\n<li>Restos de supernova<\/li>\n<li>\u00datil fotograficamente<\/li>\n<li>\u00datil visualmente<\/li>\n<\/ul>\n<p>&nbsp;<\/p>\n<p><strong>\u00a0<\/strong><\/p>\n","protected":false},"excerpt":{"rendered":"<p>Conjunto de filtros Omegon Pro LRGB 1.25&#8221;\u00a0 \u00c1reas de uso Contra polui\u00e7\u00e3o luminosa Nebulosa de hidrog\u00e9nio Nebulosa planet\u00e1ria Cometas Estrelas centrais Restos de supernova \u00datil fotograficamente \u00datil visualmente &nbsp; \u00a0<\/p>\n","protected":false},"featured_media":2321,"comment_status":"closed","ping_status":"closed","template":"","meta":[],"product_brand":[],"product_cat":[51],"product_tag":[],"class_list":{"0":"post-2320","1":"product","2":"type-product","3":"status-publish","4":"has-post-thumbnail","6":"product_cat-acessorios-para-telescopios","8":"first","9":"onbackorder","10":"shipping-taxable","11":"purchasable","12":"product-type-simple"},"_links":{"self":[{"href":"https:\/\/site.astrofoto.com.pt\/welcome\/wp-json\/wp\/v2\/product\/2320","targetHints":{"allow":["GET"]}}],"collection":[{"href":"https:\/\/site.astrofoto.com.pt\/welcome\/wp-json\/wp\/v2\/product"}],"about":[{"href":"https:\/\/site.astrofoto.com.pt\/welcome\/wp-json\/wp\/v2\/types\/product"}],"replies":[{"embeddable":true,"href":"https:\/\/site.astrofoto.com.pt\/welcome\/wp-json\/wp\/v2\/comments?post=2320"}],"wp:featuredmedia":[{"embeddable":true,"href":"https:\/\/site.astrofoto.com.pt\/welcome\/wp-json\/wp\/v2\/media\/2321"}],"wp:attachment":[{"href":"https:\/\/site.astrofoto.com.pt\/welcome\/wp-json\/wp\/v2\/media?parent=2320"}],"wp:term":[{"taxonomy":"product_brand","embeddable":true,"href":"https:\/\/site.astrofoto.com.pt\/welcome\/wp-json\/wp\/v2\/product_brand?post=2320"},{"taxonomy":"product_cat","embeddable":true,"href":"https:\/\/site.astrofoto.com.pt\/welcome\/wp-json\/wp\/v2\/product_cat?post=2320"},{"taxonomy":"product_tag","embeddable":true,"href":"https:\/\/site.astrofoto.com.pt\/welcome\/wp-json\/wp\/v2\/product_tag?post=2320"}],"curies":[{"name":"wp","href":"https:\/\/api.w.org\/{rel}","templated":true}]}}