{"id":2270,"date":"2017-02-08T14:26:34","date_gmt":"2017-02-08T14:26:34","guid":{"rendered":"http:\/\/site.astrofoto.com.pt\/welcome\/?post_type=product&#038;p=2270"},"modified":"2025-12-01T18:25:03","modified_gmt":"2025-12-01T18:25:03","slug":"fotografar-o-ceu","status":"publish","type":"product","link":"https:\/\/site.astrofoto.com.pt\/welcome\/produto\/fotografar-o-ceu\/","title":{"rendered":"Fotografar o C\u00e9u"},"content":{"rendered":"<p><strong><a href=\"http:\/\/site.astrofoto.com.pt\/welcome\/wp-content\/uploads\/2017\/02\/foto.png\"><img fetchpriority=\"high\" decoding=\"async\" class=\"alignleft size-full wp-image-2271\" src=\"http:\/\/site.astrofoto.com.pt\/welcome\/wp-content\/uploads\/2017\/02\/foto.png\" alt=\"\" width=\"196\" height=\"280\" srcset=\"https:\/\/site.astrofoto.com.pt\/welcome\/wp-content\/uploads\/2017\/02\/foto.png 196w, https:\/\/site.astrofoto.com.pt\/welcome\/wp-content\/uploads\/2017\/02\/foto-150x214.png 150w\" sizes=\"(max-width: 196px) 100vw, 196px\" \/><\/a>Fotografar o C\u00e9u Livro<br \/>\n<\/strong><em><strong>Pedro R\u00e9<br \/>\n<\/strong><\/em>As t\u00e9cnicas da fotografia por um experiente mestre<\/p>\n<p><em>Edi\u00e7\u00e3o\/reimpress\u00e3o: 2002 <\/em><br \/>\n<em>P\u00e1ginas: 306 <\/em><br \/>\n<em>Editor: Pl\u00e1tano-Edi\u00e7\u00f5es T\u00e9cnicas <\/em><br \/>\n<em>ISBN: 9789727073450 <\/em><br \/>\n<em>Idioma: Portugu\u00eas<\/em><\/p>\n<p><a href=\"http:\/\/www.apaa.co.pt\/PRe\/fotografar_o_ceu_pre.pdf\">mais info em PDF<\/a><\/p>\n<p>&nbsp;<\/p>\n","protected":false},"excerpt":{"rendered":"<p>Fotografar o C\u00e9u Livro Pedro R\u00e9 As t\u00e9cnicas da fotografia por um experiente mestre Edi\u00e7\u00e3o\/reimpress\u00e3o: 2002 P\u00e1ginas: 306 Editor: Pl\u00e1tano-Edi\u00e7\u00f5es T\u00e9cnicas ISBN: 9789727073450 Idioma: Portugu\u00eas mais info em PDF &nbsp;<\/p>\n","protected":false},"featured_media":2271,"comment_status":"open","ping_status":"closed","template":"","meta":[],"product_brand":[],"product_cat":[35],"product_tag":[],"class_list":{"0":"post-2270","1":"product","2":"type-product","3":"status-publish","4":"has-post-thumbnail","6":"product_cat-livro-e-dvd","8":"first","9":"outofstock","10":"shipping-taxable","11":"purchasable","12":"product-type-simple"},"_links":{"self":[{"href":"https:\/\/site.astrofoto.com.pt\/welcome\/wp-json\/wp\/v2\/product\/2270","targetHints":{"allow":["GET"]}}],"collection":[{"href":"https:\/\/site.astrofoto.com.pt\/welcome\/wp-json\/wp\/v2\/product"}],"about":[{"href":"https:\/\/site.astrofoto.com.pt\/welcome\/wp-json\/wp\/v2\/types\/product"}],"replies":[{"embeddable":true,"href":"https:\/\/site.astrofoto.com.pt\/welcome\/wp-json\/wp\/v2\/comments?post=2270"}],"wp:featuredmedia":[{"embeddable":true,"href":"https:\/\/site.astrofoto.com.pt\/welcome\/wp-json\/wp\/v2\/media\/2271"}],"wp:attachment":[{"href":"https:\/\/site.astrofoto.com.pt\/welcome\/wp-json\/wp\/v2\/media?parent=2270"}],"wp:term":[{"taxonomy":"product_brand","embeddable":true,"href":"https:\/\/site.astrofoto.com.pt\/welcome\/wp-json\/wp\/v2\/product_brand?post=2270"},{"taxonomy":"product_cat","embeddable":true,"href":"https:\/\/site.astrofoto.com.pt\/welcome\/wp-json\/wp\/v2\/product_cat?post=2270"},{"taxonomy":"product_tag","embeddable":true,"href":"https:\/\/site.astrofoto.com.pt\/welcome\/wp-json\/wp\/v2\/product_tag?post=2270"}],"curies":[{"name":"wp","href":"https:\/\/api.w.org\/{rel}","templated":true}]}}