{"id":2222,"date":"2017-02-02T17:45:02","date_gmt":"2017-02-02T17:45:02","guid":{"rendered":"http:\/\/site.astrofoto.com.pt\/welcome\/?post_type=product&#038;p=2222"},"modified":"2021-10-07T14:31:20","modified_gmt":"2021-10-07T14:31:20","slug":"roda-de-filtros-manual-atik","status":"publish","type":"product","link":"https:\/\/site.astrofoto.com.pt\/welcome\/produto\/roda-de-filtros-manual-atik\/","title":{"rendered":"RODA DE FILTROS MANUAL ATIK"},"content":{"rendered":"<p><a href=\"http:\/\/site.astrofoto.com.pt\/welcome\/wp-content\/uploads\/2017\/02\/ATIK_RodaManual.jpg\"><img fetchpriority=\"high\" decoding=\"async\" class=\"alignleft size-medium wp-image-2249\" src=\"http:\/\/site.astrofoto.com.pt\/welcome\/wp-content\/uploads\/2017\/02\/ATIK_RodaManual-300x250.jpg\" alt=\"\" width=\"300\" height=\"250\" srcset=\"https:\/\/site.astrofoto.com.pt\/welcome\/wp-content\/uploads\/2017\/02\/ATIK_RodaManual-300x250.jpg 300w, https:\/\/site.astrofoto.com.pt\/welcome\/wp-content\/uploads\/2017\/02\/ATIK_RodaManual-150x125.jpg 150w, https:\/\/site.astrofoto.com.pt\/welcome\/wp-content\/uploads\/2017\/02\/ATIK_RodaManual.jpg 360w\" sizes=\"(max-width: 300px) 100vw, 300px\" \/><\/a><\/p>\n<p><strong>RODA DE FILTROS MANUAL ATIK<\/strong><\/p>\n<p>\u2022 Liga\u00e7\u00e3o ao telesc\u00f3pio: barril 1.25\u201d e T2 f\u00eamea<br \/>\n\u2022 Liga\u00e7\u00e3o \u00c0 c\u00e2mara: T2 macho com ajuste de dist\u00e2ncia<br \/>\n\u2022 Roda at\u00e9 5 filtros 1.25\u201d<br \/>\n\u2022 Espessura: 19,5mm<\/p>\n","protected":false},"excerpt":{"rendered":"<p>RODA DE FILTROS MANUAL ATIK \u2022 Liga\u00e7\u00e3o ao telesc\u00f3pio: barril 1.25\u201d e T2 f\u00eamea \u2022 Liga\u00e7\u00e3o \u00c0 c\u00e2mara: T2 macho com ajuste de dist\u00e2ncia \u2022 Roda at\u00e9 5 filtros 1.25\u201d \u2022 Espessura: 19,5mm<\/p>\n","protected":false},"featured_media":2249,"comment_status":"open","ping_status":"closed","template":"","meta":[],"product_brand":[],"product_cat":[34,24],"product_tag":[],"class_list":{"0":"post-2222","1":"product","2":"type-product","3":"status-publish","4":"has-post-thumbnail","6":"product_cat-acessoriosfotografia","7":"product_cat-fotografia-astronomica","9":"first","10":"outofstock","11":"shipping-taxable","12":"purchasable","13":"product-type-simple"},"_links":{"self":[{"href":"https:\/\/site.astrofoto.com.pt\/welcome\/wp-json\/wp\/v2\/product\/2222","targetHints":{"allow":["GET"]}}],"collection":[{"href":"https:\/\/site.astrofoto.com.pt\/welcome\/wp-json\/wp\/v2\/product"}],"about":[{"href":"https:\/\/site.astrofoto.com.pt\/welcome\/wp-json\/wp\/v2\/types\/product"}],"replies":[{"embeddable":true,"href":"https:\/\/site.astrofoto.com.pt\/welcome\/wp-json\/wp\/v2\/comments?post=2222"}],"wp:featuredmedia":[{"embeddable":true,"href":"https:\/\/site.astrofoto.com.pt\/welcome\/wp-json\/wp\/v2\/media\/2249"}],"wp:attachment":[{"href":"https:\/\/site.astrofoto.com.pt\/welcome\/wp-json\/wp\/v2\/media?parent=2222"}],"wp:term":[{"taxonomy":"product_brand","embeddable":true,"href":"https:\/\/site.astrofoto.com.pt\/welcome\/wp-json\/wp\/v2\/product_brand?post=2222"},{"taxonomy":"product_cat","embeddable":true,"href":"https:\/\/site.astrofoto.com.pt\/welcome\/wp-json\/wp\/v2\/product_cat?post=2222"},{"taxonomy":"product_tag","embeddable":true,"href":"https:\/\/site.astrofoto.com.pt\/welcome\/wp-json\/wp\/v2\/product_tag?post=2222"}],"curies":[{"name":"wp","href":"https:\/\/api.w.org\/{rel}","templated":true}]}}