{"id":2212,"date":"2017-02-01T18:43:41","date_gmt":"2017-02-01T18:43:41","guid":{"rendered":"http:\/\/site.astrofoto.com.pt\/welcome\/?post_type=product&#038;p=2212"},"modified":"2023-11-29T10:38:22","modified_gmt":"2023-11-29T10:38:22","slug":"telescopio-skywatcher-esprit-120ed-pro-triplet","status":"publish","type":"product","link":"https:\/\/site.astrofoto.com.pt\/welcome\/produto\/telescopio-skywatcher-esprit-120ed-pro-triplet\/","title":{"rendered":"Telescopio SkyWatcher Esprit 120ED Pro Triplet"},"content":{"rendered":"<p><a href=\"http:\/\/site.astrofoto.com.pt\/welcome\/wp-content\/uploads\/2017\/02\/SWesprit120ED-1.jpg\"><img fetchpriority=\"high\" decoding=\"async\" class=\"alignleft size-medium wp-image-2213\" src=\"http:\/\/site.astrofoto.com.pt\/welcome\/wp-content\/uploads\/2017\/02\/SWesprit120ED-1-300x300.jpg\" alt=\"\" width=\"300\" height=\"300\" srcset=\"https:\/\/site.astrofoto.com.pt\/welcome\/wp-content\/uploads\/2017\/02\/SWesprit120ED-1-300x300.jpg 300w, https:\/\/site.astrofoto.com.pt\/welcome\/wp-content\/uploads\/2017\/02\/SWesprit120ED-1-450x450.jpg 450w, https:\/\/site.astrofoto.com.pt\/welcome\/wp-content\/uploads\/2017\/02\/SWesprit120ED-1-100x100.jpg 100w, https:\/\/site.astrofoto.com.pt\/welcome\/wp-content\/uploads\/2017\/02\/SWesprit120ED-1-150x150.jpg 150w, https:\/\/site.astrofoto.com.pt\/welcome\/wp-content\/uploads\/2017\/02\/SWesprit120ED-1.jpg 600w\" sizes=\"(max-width: 300px) 100vw, 300px\" \/><\/a><strong>Telescopio SkyWatcher Esprit 120ED Pro Triplet\u00a0\u00a0<\/strong><br \/>\nO CORRECTOR DE CAMPO com duas lentes 48mm oferece um campo perfeitamente plano\u00a0 em todo o c\u00edrculo dos 44mm da imagem. Suas lentes sobredimensionadas proporcionam uma abertura mais ampla e mais clara e n\u00e3o t\u00eam reflex\u00e3o interna.<\/p>\n<p>\u25ba O uso de tratamentos multi-revestidos em todas as superf\u00edcies limita drasticamente as perdas devido \u00e0 passagem da luz pela lente, tornando o Esprit 120ED mais brilhante e mais contrastado do que os refratores convencionais menos bem corrigidos. O tratamento &#8220;Metallic High-Transmission&#8221; (MHC) \u00e9 depositado nas superf\u00edcies de vidro, garantindo resultados de tirar o f\u00f4lego (transmiss\u00e3o pr\u00f3xima a 99,5%)<\/p>\n<p>\u2022 Tubo \u00d3ptico\u00a0\u00a0 \u00a0Alum\u00ednio<br \/>\n\u2022 <strong>Objectiva de 120mm APO de 3 elementos <span class=\"PBLongTxt PBItemDesc ng-scope ng-isolate-scope c-app-product-tabs c-app-product-tabs--tabs c-app-product-tabs--horizontal c-app-product-tabs--left\"> FPL-53 (Ohara\/Schott)<\/span> espa\u00e7ados a ar<br \/>\n<\/strong>\u2022Dist\u00e2ncia focal:\u00a0 840mm f\/7<br \/>\n\u2022Focador:\u00a0 Crayford Linear com redu\u00e7\u00e3o 1:11 rotativo integrado no tubo<br \/>\n\u2022Diagonal dielectrica<br \/>\n\u2022Buscador 9&#215;50<br \/>\n\u2022Peso do Tubo: 10kg<br \/>\n\u2022Comprimento do Tubo: 762mm (para-humidade retractil)<br \/>\n\u2022Poder de resolu\u00e7\u00e3o\u00a0\u00a0 \u00a01&#8243;<br \/>\n\u2022Magnitude limite: 12.9<br \/>\n\u2022Luminosidade: 400x<br \/>\n\u2022Back-focus visual\u00a0 &gt;225mm<br \/>\n\u2022Back-focus depois do corrector de campo: 75mm<br \/>\n\u2022Campo em plena luz depois do corrector: 44mm<\/p>\n<p>\u25baEquipamento entregue:<\/p>\n<ul>\n<li>1 Tubo optico Sky-Watcher Esprit 120ED Pro triplet<\/li>\n<li>1 Corrector de campo<\/li>\n<li>1 Buscador angulo recto 9\u00d750<\/li>\n<li>1 Diagonal dielectrica 2\u2033 \/1.25\u2033<\/li>\n<li>2 Bra\u00e7adeiras \u201cDeluxe\u201d<\/li>\n<li>1 Dovetail tipo Losmandy<\/li>\n<li>1 Mala de transporte<\/li>\n<\/ul>\n","protected":false},"excerpt":{"rendered":"<p>Telescopio SkyWatcher Esprit 120ED Pro Triplet\u00a0\u00a0 O CORRECTOR DE CAMPO com duas lentes 48mm oferece um campo perfeitamente plano\u00a0 em todo o c\u00edrculo dos 44mm da imagem. Suas lentes sobredimensionadas proporcionam uma abertura mais ampla e mais clara e n\u00e3o t\u00eam reflex\u00e3o interna. \u25ba O uso de tratamentos multi-revestidos em todas as superf\u00edcies limita drasticamente<\/p>\n<div class=\"more-link\">\n\t\t\t\t <a href=\"https:\/\/site.astrofoto.com.pt\/welcome\/produto\/telescopio-skywatcher-esprit-120ed-pro-triplet\/\" class=\"btn theme-btn inverted\"><span>Continuar a Ler <\/span><\/a>\n\t\t\t<\/div>\n","protected":false},"featured_media":8090,"comment_status":"open","ping_status":"closed","template":"","meta":[],"product_brand":[],"product_cat":[16],"product_tag":[],"class_list":{"0":"post-2212","1":"product","2":"type-product","3":"status-publish","4":"has-post-thumbnail","6":"product_cat-telescopios-refractores","8":"first","9":"onbackorder","10":"shipping-taxable","11":"purchasable","12":"product-type-simple"},"_links":{"self":[{"href":"https:\/\/site.astrofoto.com.pt\/welcome\/wp-json\/wp\/v2\/product\/2212","targetHints":{"allow":["GET"]}}],"collection":[{"href":"https:\/\/site.astrofoto.com.pt\/welcome\/wp-json\/wp\/v2\/product"}],"about":[{"href":"https:\/\/site.astrofoto.com.pt\/welcome\/wp-json\/wp\/v2\/types\/product"}],"replies":[{"embeddable":true,"href":"https:\/\/site.astrofoto.com.pt\/welcome\/wp-json\/wp\/v2\/comments?post=2212"}],"wp:featuredmedia":[{"embeddable":true,"href":"https:\/\/site.astrofoto.com.pt\/welcome\/wp-json\/wp\/v2\/media\/8090"}],"wp:attachment":[{"href":"https:\/\/site.astrofoto.com.pt\/welcome\/wp-json\/wp\/v2\/media?parent=2212"}],"wp:term":[{"taxonomy":"product_brand","embeddable":true,"href":"https:\/\/site.astrofoto.com.pt\/welcome\/wp-json\/wp\/v2\/product_brand?post=2212"},{"taxonomy":"product_cat","embeddable":true,"href":"https:\/\/site.astrofoto.com.pt\/welcome\/wp-json\/wp\/v2\/product_cat?post=2212"},{"taxonomy":"product_tag","embeddable":true,"href":"https:\/\/site.astrofoto.com.pt\/welcome\/wp-json\/wp\/v2\/product_tag?post=2212"}],"curies":[{"name":"wp","href":"https:\/\/api.w.org\/{rel}","templated":true}]}}