{"id":1941,"date":"2016-11-22T18:16:00","date_gmt":"2016-11-22T18:16:00","guid":{"rendered":"http:\/\/site.astrofoto.com.pt\/welcome\/?post_type=product&#038;p=1941"},"modified":"2025-03-24T18:51:23","modified_gmt":"2025-03-24T18:51:23","slug":"telescopio-sky-watcher-mak-90-star","status":"publish","type":"product","link":"https:\/\/site.astrofoto.com.pt\/welcome\/produto\/telescopio-sky-watcher-mak-90-star\/","title":{"rendered":"Telesc\u00f3pio SkyWatcher Mak 90\/1250 StarQuest"},"content":{"rendered":"<p><strong>Telesc\u00f3pio SkyWatcher Mak90\/1250 Starquest<\/strong><\/p>\n<p>\u25bamontando ver no <a href=\"https:\/\/www.youtube.com\/watch?v=nMUsQi9N9JQ\">youtube\u00a0\u00a0\u00a0<\/a>(Jenham&#8217;s Astro)<\/p>\n<p>\u25ba ver no <a href=\"https:\/\/www.youtube.com\/watch?v=sDgSNs9anUE\">youtube\u00a0\u00a0 <\/a>(Jenham&#8217;s Astro)<\/p>\n<p>\u2022Maksutov\/Cassegrain<br \/>\n\u2022Mak90 SkWatcher<br \/>\n\u2022Montagem equatorial\u00a0 Starquest*\u25bapermite acompanhar manualmente o astro que &#8220;foge&#8221; na ocular<br \/>\n\u25baEquatorial e Altazimutal (util em vis\u00e3o terrestre)<br \/>\n\u2022Tubo Optico em Alum\u00ednio<br \/>\n\u2022Dovetail integrada<br \/>\n\u2022Abertura: 90mm<br \/>\n\u2022Dist\u00e2ncia Focal: 1250mm<br \/>\n\u2022Porta-Oculares\u00a0 de 1.25&#8243; com adapta\u00e7\u00e3o a Rosca T<br \/>\n\u2022Oculares: Super 20mm (62X) e Super 10mm (125X)<br \/>\n\u2022Peso do tubo:\u00a0 1.4kg<br \/>\n\u2022Dimens\u00e3o do tubo: 100mm x 254mm<br \/>\n\u2022Poder de resolu\u00e7\u00e3o: 1.3&#8243;<br \/>\n\u2022Magnitude limite: 12.5<br \/>\n\u2022C\u00edrculos graduados nos 2 eixos<br \/>\n\u2022Trip\u00e9 em alum\u00ednio regul\u00e1vel em altura (71cm a 123cm)<br \/>\n\u2022 Liga\u00e7\u00e3o directa a c\u00e2mara DSLR (ao anel T2)<br \/>\n\u2022 Tubo optico com rosca de trip\u00e9 (pode ser colocado em trip\u00e9 fotogr\u00e1fico)<br \/>\n\u2022 Adaptador a smartphone incluido<br \/>\n\u25ba \u00f3ptimo em planetas<br \/>\n\u25ba aceit\u00e1vel em C\u00e9u Profundo (estrelas duplas, etc)<br \/>\n\u25ba em Altazimutal pode ter imagem terrestre <a href=\"https:\/\/site.astrofoto.com.pt\/welcome\/produto\/erector-de-imagem-45o\/\"><em>ver extra<\/em><\/a><\/p>\n<p>\u25ba ver no <a href=\"https:\/\/www.youtube.com\/watch?v=sDgSNs9anUE\">youtube\u00a0\u00a0 <\/a>(Jenham&#8217;s Astro)<\/p>\n<p>***** excelente como port\u00e1til mesmo depois de ter um telesc\u00f3pio maior.<\/p>\n","protected":false},"excerpt":{"rendered":"<p>Telesc\u00f3pio SkyWatcher Mak90\/1250 Starquest \u25bamontando ver no youtube\u00a0\u00a0\u00a0(Jenham&#8217;s Astro) \u25ba ver no youtube\u00a0\u00a0 (Jenham&#8217;s Astro) \u2022Maksutov\/Cassegrain \u2022Mak90 SkWatcher \u2022Montagem equatorial\u00a0 Starquest*\u25bapermite acompanhar manualmente o astro que &#8220;foge&#8221; na ocular \u25baEquatorial e Altazimutal (util em vis\u00e3o terrestre) \u2022Tubo Optico em Alum\u00ednio \u2022Dovetail integrada \u2022Abertura: 90mm \u2022Dist\u00e2ncia Focal: 1250mm \u2022Porta-Oculares\u00a0 de 1.25&#8243; com adapta\u00e7\u00e3o a Rosca T<\/p>\n<div class=\"more-link\">\n\t\t\t\t <a href=\"https:\/\/site.astrofoto.com.pt\/welcome\/produto\/telescopio-sky-watcher-mak-90-star\/\" class=\"btn theme-btn inverted\"><span>Continuar a Ler <\/span><\/a>\n\t\t\t<\/div>\n","protected":false},"featured_media":4024,"comment_status":"open","ping_status":"closed","template":"","meta":[],"product_brand":[],"product_cat":[17],"product_tag":[],"class_list":{"0":"post-1941","1":"product","2":"type-product","3":"status-publish","4":"has-post-thumbnail","6":"product_cat-telescopios-catadioptricos","8":"first","9":"onbackorder","10":"shipping-taxable","11":"purchasable","12":"product-type-simple"},"_links":{"self":[{"href":"https:\/\/site.astrofoto.com.pt\/welcome\/wp-json\/wp\/v2\/product\/1941","targetHints":{"allow":["GET"]}}],"collection":[{"href":"https:\/\/site.astrofoto.com.pt\/welcome\/wp-json\/wp\/v2\/product"}],"about":[{"href":"https:\/\/site.astrofoto.com.pt\/welcome\/wp-json\/wp\/v2\/types\/product"}],"replies":[{"embeddable":true,"href":"https:\/\/site.astrofoto.com.pt\/welcome\/wp-json\/wp\/v2\/comments?post=1941"}],"wp:featuredmedia":[{"embeddable":true,"href":"https:\/\/site.astrofoto.com.pt\/welcome\/wp-json\/wp\/v2\/media\/4024"}],"wp:attachment":[{"href":"https:\/\/site.astrofoto.com.pt\/welcome\/wp-json\/wp\/v2\/media?parent=1941"}],"wp:term":[{"taxonomy":"product_brand","embeddable":true,"href":"https:\/\/site.astrofoto.com.pt\/welcome\/wp-json\/wp\/v2\/product_brand?post=1941"},{"taxonomy":"product_cat","embeddable":true,"href":"https:\/\/site.astrofoto.com.pt\/welcome\/wp-json\/wp\/v2\/product_cat?post=1941"},{"taxonomy":"product_tag","embeddable":true,"href":"https:\/\/site.astrofoto.com.pt\/welcome\/wp-json\/wp\/v2\/product_tag?post=1941"}],"curies":[{"name":"wp","href":"https:\/\/api.w.org\/{rel}","templated":true}]}}