{"id":1801,"date":"2016-11-11T11:41:09","date_gmt":"2016-11-11T11:41:09","guid":{"rendered":"http:\/\/site.astrofoto.com.pt\/welcome\/?post_type=product&#038;p=1801"},"modified":"2024-02-07T15:09:05","modified_gmt":"2024-02-07T15:09:05","slug":"camara-ccd-atik-16200-nova","status":"publish","type":"product","link":"https:\/\/site.astrofoto.com.pt\/welcome\/produto\/camara-ccd-atik-16200-nova\/","title":{"rendered":"C\u00e2mara CCD ATIK 16200"},"content":{"rendered":"<p><a href=\"http:\/\/site.astrofoto.com.pt\/welcome\/wp-content\/uploads\/2016\/11\/Atik-Cameras-16200.jpg\"><img fetchpriority=\"high\" decoding=\"async\" class=\"alignleft size-medium wp-image-1802\" src=\"http:\/\/site.astrofoto.com.pt\/welcome\/wp-content\/uploads\/2016\/11\/Atik-Cameras-16200-300x300.jpg\" alt=\"atik-cameras-16200\" width=\"300\" height=\"300\" srcset=\"https:\/\/site.astrofoto.com.pt\/welcome\/wp-content\/uploads\/2016\/11\/Atik-Cameras-16200-300x300.jpg 300w, https:\/\/site.astrofoto.com.pt\/welcome\/wp-content\/uploads\/2016\/11\/Atik-Cameras-16200-450x450.jpg 450w, https:\/\/site.astrofoto.com.pt\/welcome\/wp-content\/uploads\/2016\/11\/Atik-Cameras-16200-100x100.jpg 100w, https:\/\/site.astrofoto.com.pt\/welcome\/wp-content\/uploads\/2016\/11\/Atik-Cameras-16200-600x600.jpg 600w, https:\/\/site.astrofoto.com.pt\/welcome\/wp-content\/uploads\/2016\/11\/Atik-Cameras-16200-150x150.jpg 150w, https:\/\/site.astrofoto.com.pt\/welcome\/wp-content\/uploads\/2016\/11\/Atik-Cameras-16200-768x768.jpg 768w, https:\/\/site.astrofoto.com.pt\/welcome\/wp-content\/uploads\/2016\/11\/Atik-Cameras-16200.jpg 1000w\" sizes=\"(max-width: 300px) 100vw, 300px\" \/><\/a><strong>C\u00e2mara CCD ATIK 16200<\/strong><\/p>\n<ul>\n<li>Sensor Type: CCD &#8211; KAF-16200<\/li>\n<li>Horizontal Resolution: 4499 pixels<\/li>\n<li>Vertical Resolution: 3599 pixels<\/li>\n<li>Pixel Size: 6 \u00b5m x 6 \u00b5m<\/li>\n<li>ADC: 16 bit<\/li>\n<li>Readout Noise: 9e- typical value<\/li>\n<li>Gain Factor: 0.6e-\/ ADU<\/li>\n<li>Full Well: ~40,000e-<\/li>\n<li>Dark Current: &gt;0.25 electrons\/second at 0\u00b0C<\/li>\n<li>Interface: USB 2.0 High Speed<\/li>\n<li>Power: 12v DC 2.5A<\/li>\n<li>Maximum Exposure Length: Unlimited<\/li>\n<li>Minimum Exposure Length: 200 ms<\/li>\n<li>Cooling: Thermoelectric set point with max \u0394T=&gt;-50\u00b0C (-45\u00b0C typ.)<\/li>\n<li>Weight: approx. 1.3 kg<\/li>\n<li>Backfocus: \u00b119.5 mm<\/li>\n<li>Available as mono or colour, with colour version to follow early 2017<\/li>\n<\/ul>\n<p>We would like to point out is that this camera draws around 2.5A, so we will also be introducing a new, higher current version of our power supply for use with this camera.<\/p>\n<p>The incredible size of this sensor means that it\u2019ll take 2\u201d inch filters, so it\u2019s fully compatible with the 2\u201d carousel for the EFW2. We\u2019re also moving a 7-position 2\u201d filter wheel higher up the to-do-list, so watch out for more news about that in 2017.<br \/>\n<strong>O que vem na caixa?<\/strong><\/p>\n<ul>\n<li>Camara com adaptador de 2&#8243;<\/li>\n<li>Cabo USB USB 3 m<\/li>\n<li>Cabo de isqueiro 1,8m<\/li>\n<li>CD-ROM com drivers, software e manual (PDF)<\/li>\n<li>Quickstart guide (paper)<\/li>\n<\/ul>\n<p>\u00c9 f\u00e1cil pensar no 16200 como um 8300 superalimentado, mas \u00e9 muito, muito mais. Com um sensor full-frame APS-H uma diagonal de 35mm, esta c\u00e2mara \u00e9 uma mistura incr\u00edvel de alta resolu\u00e7\u00e3o e sensor tempo real. Esta \u00e9 uma \u00f3tima not\u00edcia para os astrofot\u00f3grafos exigentes que querem tirar o m\u00e1ximo proveito dos seus equipamentos.<br \/>\nA grande coisa sobre o Atik 16200 \u00e9 que seus pixels de 6 \u03bcm faz dela um grande ponto para uma gama de telesc\u00f3pios, e tudo a um pre\u00e7o muito mais acess\u00edvel do que as c\u00e2maras baseadas nos \u00a0KAF-11002 e KAF-16803.<br \/>\nA nova caixa exterior: O CCD \u00e9 alojado numa c\u00e2mara selada, purgada com argon, complementada por um peltier de dupla fase e um poderoso dissipador para um arrefecimento \u00f3timo. Esta c\u00e2mara tem o delta mais baixo que j\u00e1 foi visto na ATIK: -45 \u00b0 C t\u00edpico e -50 \u00b0 C m\u00e1ximo.<br \/>\nPor tr\u00e1s disto, n\u00f3s temos a qualidade eletr\u00f3nica esperada da nossa parte com um ru\u00eddo de leitura de apenas 9e- tipicamente.<br \/>\nNa parte frontal, usamos um obturador de l\u00e2mina high-end que d\u00e1 desempenho consistente e confi\u00e1vel durante toda a vida \u00fatil da c\u00e2mara. Tudo isso pesa apenas 1,3 kg, o que \u00e9 muito menor do que outras c\u00e2maras atualmente vistas nesta classe.<\/p>\n","protected":false},"excerpt":{"rendered":"<p>C\u00e2mara CCD ATIK 16200 Sensor Type: CCD &#8211; KAF-16200 Horizontal Resolution: 4499 pixels Vertical Resolution: 3599 pixels Pixel Size: 6 \u00b5m x 6 \u00b5m ADC: 16 bit Readout Noise: 9e- typical value Gain Factor: 0.6e-\/ ADU Full Well: ~40,000e- Dark Current: &gt;0.25 electrons\/second at 0\u00b0C Interface: USB 2.0 High Speed Power: 12v DC 2.5A Maximum<\/p>\n<div class=\"more-link\">\n\t\t\t\t <a href=\"https:\/\/site.astrofoto.com.pt\/welcome\/produto\/camara-ccd-atik-16200-nova\/\" class=\"btn theme-btn inverted\"><span>Continuar a Ler <\/span><\/a>\n\t\t\t<\/div>\n","protected":false},"featured_media":1802,"comment_status":"open","ping_status":"closed","template":"","meta":[],"product_brand":[],"product_cat":[24],"product_tag":[],"class_list":{"0":"post-1801","1":"product","2":"type-product","3":"status-publish","4":"has-post-thumbnail","6":"product_cat-fotografia-astronomica","8":"first","9":"onbackorder","10":"shipping-taxable","11":"purchasable","12":"product-type-simple"},"_links":{"self":[{"href":"https:\/\/site.astrofoto.com.pt\/welcome\/wp-json\/wp\/v2\/product\/1801","targetHints":{"allow":["GET"]}}],"collection":[{"href":"https:\/\/site.astrofoto.com.pt\/welcome\/wp-json\/wp\/v2\/product"}],"about":[{"href":"https:\/\/site.astrofoto.com.pt\/welcome\/wp-json\/wp\/v2\/types\/product"}],"replies":[{"embeddable":true,"href":"https:\/\/site.astrofoto.com.pt\/welcome\/wp-json\/wp\/v2\/comments?post=1801"}],"wp:featuredmedia":[{"embeddable":true,"href":"https:\/\/site.astrofoto.com.pt\/welcome\/wp-json\/wp\/v2\/media\/1802"}],"wp:attachment":[{"href":"https:\/\/site.astrofoto.com.pt\/welcome\/wp-json\/wp\/v2\/media?parent=1801"}],"wp:term":[{"taxonomy":"product_brand","embeddable":true,"href":"https:\/\/site.astrofoto.com.pt\/welcome\/wp-json\/wp\/v2\/product_brand?post=1801"},{"taxonomy":"product_cat","embeddable":true,"href":"https:\/\/site.astrofoto.com.pt\/welcome\/wp-json\/wp\/v2\/product_cat?post=1801"},{"taxonomy":"product_tag","embeddable":true,"href":"https:\/\/site.astrofoto.com.pt\/welcome\/wp-json\/wp\/v2\/product_tag?post=1801"}],"curies":[{"name":"wp","href":"https:\/\/api.w.org\/{rel}","templated":true}]}}