{"id":1723,"date":"2016-11-02T17:57:19","date_gmt":"2016-11-02T17:57:19","guid":{"rendered":"http:\/\/site.astrofoto.com.pt\/welcome\/?post_type=product&#038;p=1723"},"modified":"2023-10-20T09:04:53","modified_gmt":"2023-10-20T09:04:53","slug":"takahashi-toa-130-0ta","status":"publish","type":"product","link":"https:\/\/site.astrofoto.com.pt\/welcome\/produto\/takahashi-toa-130-0ta\/","title":{"rendered":"Takahashi TOA 130NS 0TA"},"content":{"rendered":"<p><a href=\"http:\/\/site.astrofoto.com.pt\/welcome\/wp-content\/uploads\/2016\/11\/t8.jpg\"><img decoding=\"async\" class=\"alignleft size-full wp-image-1724\" src=\"http:\/\/site.astrofoto.com.pt\/welcome\/wp-content\/uploads\/2016\/11\/t8.jpg\" alt=\"t8\" width=\"175\" height=\"140\" srcset=\"https:\/\/site.astrofoto.com.pt\/welcome\/wp-content\/uploads\/2016\/11\/t8.jpg 175w, https:\/\/site.astrofoto.com.pt\/welcome\/wp-content\/uploads\/2016\/11\/t8-150x120.jpg 150w\" sizes=\"(max-width: 175px) 100vw, 175px\" \/><\/a><\/p>\n<p><a href=\"http:\/\/www.takahashi-europe.com\/support\/systemCharts\/current\/en\/png\/1200\/TOA-130S_200709_en.png\"><img decoding=\"async\" src=\"http:\/\/astrofoto.com.pt\/imagenscatalogo\/TakaPic.gif\" alt=\"acessorios para este modelo\" width=\"17\" height=\"17\" border=\"0\" \/><\/a>\u00a0\u00a0 <a href=\"http:\/\/www.takahashi-europe.com\/support\/systemCharts\/current\/en\/pdf\/TOA-130S_200709_en.pdf\"><img decoding=\"async\" src=\"http:\/\/astrofoto.com.pt\/imagenscatalogo\/TakaPdf.gif\" alt=\"acessorios para este modelo PDF\" width=\"17\" height=\"17\" border=\"0\" \/><\/a><\/p>\n<p>\u2022 TOA-130 OTA<br \/>\n\u2022 Diametro:130mm<br \/>\n\u2022 Focal:1000mm<br \/>\n\u2022 f\/7.7<br \/>\n\u2022 Adaptador 2&#8243;\/1.25&#8243;<br \/>\n\u2022 Triplet Ortho &#8211; Apocromatico com parassol retr\u00e1ctil<\/p>\n<p>&nbsp;<\/p>\n<p class=\"style1\">** os portes dos telesc\u00f3pios n\u00e3o est\u00e3o incluidos na taxa de 5 \u20ac:<br \/>\n<a href=\"http:\/\/www.astrofoto.com.pt\/envios.html\" target=\"_self\" rel=\"noopener noreferrer\">http:\/\/www.astrofoto.com.pt\/envios.html<\/a><\/p>\n","protected":false},"excerpt":{"rendered":"<p>\u00a0\u00a0 \u2022 TOA-130 OTA \u2022 Diametro:130mm \u2022 Focal:1000mm \u2022 f\/7.7 \u2022 Adaptador 2&#8243;\/1.25&#8243; \u2022 Triplet Ortho &#8211; Apocromatico com parassol retr\u00e1ctil &nbsp; ** os portes dos telesc\u00f3pios n\u00e3o est\u00e3o incluidos na taxa de 5 \u20ac: http:\/\/www.astrofoto.com.pt\/envios.html<\/p>\n","protected":false},"featured_media":1724,"comment_status":"open","ping_status":"closed","template":"","meta":[],"product_brand":[],"product_cat":[16],"product_tag":[],"class_list":{"0":"post-1723","1":"product","2":"type-product","3":"status-publish","4":"has-post-thumbnail","6":"product_cat-telescopios-refractores","8":"first","9":"onbackorder","10":"shipping-taxable","11":"purchasable","12":"product-type-simple"},"_links":{"self":[{"href":"https:\/\/site.astrofoto.com.pt\/welcome\/wp-json\/wp\/v2\/product\/1723","targetHints":{"allow":["GET"]}}],"collection":[{"href":"https:\/\/site.astrofoto.com.pt\/welcome\/wp-json\/wp\/v2\/product"}],"about":[{"href":"https:\/\/site.astrofoto.com.pt\/welcome\/wp-json\/wp\/v2\/types\/product"}],"replies":[{"embeddable":true,"href":"https:\/\/site.astrofoto.com.pt\/welcome\/wp-json\/wp\/v2\/comments?post=1723"}],"wp:featuredmedia":[{"embeddable":true,"href":"https:\/\/site.astrofoto.com.pt\/welcome\/wp-json\/wp\/v2\/media\/1724"}],"wp:attachment":[{"href":"https:\/\/site.astrofoto.com.pt\/welcome\/wp-json\/wp\/v2\/media?parent=1723"}],"wp:term":[{"taxonomy":"product_brand","embeddable":true,"href":"https:\/\/site.astrofoto.com.pt\/welcome\/wp-json\/wp\/v2\/product_brand?post=1723"},{"taxonomy":"product_cat","embeddable":true,"href":"https:\/\/site.astrofoto.com.pt\/welcome\/wp-json\/wp\/v2\/product_cat?post=1723"},{"taxonomy":"product_tag","embeddable":true,"href":"https:\/\/site.astrofoto.com.pt\/welcome\/wp-json\/wp\/v2\/product_tag?post=1723"}],"curies":[{"name":"wp","href":"https:\/\/api.w.org\/{rel}","templated":true}]}}