{"id":1160,"date":"2015-10-16T19:00:05","date_gmt":"2015-10-16T19:00:05","guid":{"rendered":"http:\/\/site.astrofoto.com.pt\/welcome\/?post_type=product&#038;p=1160"},"modified":"2018-02-16T15:50:55","modified_gmt":"2018-02-16T15:50:55","slug":"relogio-de-sol-vertical-pastor-papel","status":"publish","type":"product","link":"https:\/\/site.astrofoto.com.pt\/welcome\/produto\/relogio-de-sol-vertical-pastor-papel\/","title":{"rendered":"Rel\u00f3gio de Sol Vertical Pastor Papel"},"content":{"rendered":"<p><a href=\"http:\/\/site.astrofoto.com.pt\/welcome\/wp-content\/uploads\/2015\/10\/r15.jpg\"><img fetchpriority=\"high\" decoding=\"async\" class=\"alignleft size-medium wp-image-1161\" src=\"http:\/\/site.astrofoto.com.pt\/welcome\/wp-content\/uploads\/2015\/10\/r15-300x200.jpg\" alt=\"r15\" width=\"300\" height=\"200\" srcset=\"https:\/\/site.astrofoto.com.pt\/welcome\/wp-content\/uploads\/2015\/10\/r15-300x200.jpg 300w, https:\/\/site.astrofoto.com.pt\/welcome\/wp-content\/uploads\/2015\/10\/r15-150x100.jpg 150w, https:\/\/site.astrofoto.com.pt\/welcome\/wp-content\/uploads\/2015\/10\/r15-272x182.jpg 272w, https:\/\/site.astrofoto.com.pt\/welcome\/wp-content\/uploads\/2015\/10\/r15.jpg 360w\" sizes=\"(max-width: 300px) 100vw, 300px\" \/><\/a>Rel\u00f3gio de Sol Vertical Pastor Papel<\/p>\n<p>Tamanho: 250x50mm<\/p>\n<p>&nbsp;<\/p>\n<p>Quando os rel\u00f3gios de sol se popularizaram e ainda n\u00e3o tinham surgidos os rel\u00f3gios mec\u00e2nicos, surgiram uma serie de rel\u00f3gios port\u00e1teis que representavam o culminar da arte Gnom\u00f3nica.<\/p>\n<p>Um deste rel\u00f3gios \u00e9 o que se denomina de pastor, por serem estes os primeiros a ser utilizados nas longas jornadas pelos pastores de transum\u00e2ncia.<\/p>\n<p>Pertencem aos denominados rel\u00f3gios solares verticais, em que a hora \u00e9 determinada pela altura do sol.<\/p>\n<p>A r\u00e9plica apresentada \u00e9 uma reprodu\u00e7\u00e3o de 1548 que se<br \/>\nconserva no Museu Kunsthistoriches em Viena.<\/p>\n","protected":false},"excerpt":{"rendered":"<p>Rel\u00f3gio de Sol Vertical Pastor Papel Tamanho: 250x50mm &nbsp; Quando os rel\u00f3gios de sol se popularizaram e ainda n\u00e3o tinham surgidos os rel\u00f3gios mec\u00e2nicos, surgiram uma serie de rel\u00f3gios port\u00e1teis que representavam o culminar da arte Gnom\u00f3nica. Um deste rel\u00f3gios \u00e9 o que se denomina de pastor, por serem estes os primeiros a ser utilizados<\/p>\n<div class=\"more-link\">\n\t\t\t\t <a href=\"https:\/\/site.astrofoto.com.pt\/welcome\/produto\/relogio-de-sol-vertical-pastor-papel\/\" class=\"btn theme-btn inverted\"><span>Continuar a Ler <\/span><\/a>\n\t\t\t<\/div>\n","protected":false},"featured_media":1161,"comment_status":"open","ping_status":"closed","template":"","meta":[],"product_brand":[],"product_cat":[36],"product_tag":[],"class_list":{"0":"post-1160","1":"product","2":"type-product","3":"status-publish","4":"has-post-thumbnail","6":"product_cat-replicas","8":"first","9":"onbackorder","10":"sale","11":"shipping-taxable","12":"purchasable","13":"product-type-simple"},"_links":{"self":[{"href":"https:\/\/site.astrofoto.com.pt\/welcome\/wp-json\/wp\/v2\/product\/1160","targetHints":{"allow":["GET"]}}],"collection":[{"href":"https:\/\/site.astrofoto.com.pt\/welcome\/wp-json\/wp\/v2\/product"}],"about":[{"href":"https:\/\/site.astrofoto.com.pt\/welcome\/wp-json\/wp\/v2\/types\/product"}],"replies":[{"embeddable":true,"href":"https:\/\/site.astrofoto.com.pt\/welcome\/wp-json\/wp\/v2\/comments?post=1160"}],"wp:featuredmedia":[{"embeddable":true,"href":"https:\/\/site.astrofoto.com.pt\/welcome\/wp-json\/wp\/v2\/media\/1161"}],"wp:attachment":[{"href":"https:\/\/site.astrofoto.com.pt\/welcome\/wp-json\/wp\/v2\/media?parent=1160"}],"wp:term":[{"taxonomy":"product_brand","embeddable":true,"href":"https:\/\/site.astrofoto.com.pt\/welcome\/wp-json\/wp\/v2\/product_brand?post=1160"},{"taxonomy":"product_cat","embeddable":true,"href":"https:\/\/site.astrofoto.com.pt\/welcome\/wp-json\/wp\/v2\/product_cat?post=1160"},{"taxonomy":"product_tag","embeddable":true,"href":"https:\/\/site.astrofoto.com.pt\/welcome\/wp-json\/wp\/v2\/product_tag?post=1160"}],"curies":[{"name":"wp","href":"https:\/\/api.w.org\/{rel}","templated":true}]}}

Relógio de Sol Vertical Pastor Papel

<p><a href="http://site.astrofoto.com.pt/welcome/wp-content/uploads/2015/10/r15.jpg"><img fetchpriority="high" decoding="async" class="alignleft size-medium wp-image-1161" src="http://site.astrofoto.com.pt/welcome/wp-content/uploads/2015/10/r15-300x200.jpg" alt="r15" width="300" height="200" srcset="https://site.astrofoto.com.pt/welcome/wp-content/uploads/2015/10/r15-300x200.jpg 300w, https://site.astrofoto.com.pt/welcome/wp-content/uploads/2015/10/r15-150x100.jpg 150w, https://site.astrofoto.com.pt/welcome/wp-content/uploads/2015/10/r15-272x182.jpg 272w, https://site.astrofoto.com.pt/welcome/wp-content/uploads/2015/10/r15.jpg 360w" sizes="(max-width: 300px) 100vw, 300px" /></a>Relógio de Sol Vertical Pastor Papel</p>
<p>Tamanho: 250x50mm</p>
<p>&nbsp;</p>
<p>Quando os relógios de sol se popularizaram e ainda não tinham surgidos os relógios mecânicos, surgiram uma serie de relógios portáteis que representavam o culminar da arte Gnomónica.</p>
<p>Um deste relógios é o que se denomina de pastor, por serem estes os primeiros a ser utilizados nas longas jornadas pelos pastores de transumância.</p>
<p>Pertencem aos denominados relógios solares verticais, em que a hora é determinada pela altura do sol.</p>
<p>A réplica apresentada é uma reprodução de 1548 que se<br />
conserva no Museu Kunsthistoriches em Viena.</p>

<p>Relógio de Sol Vertical Pastor Papel Tamanho: 250x50mm &nbsp; Quando os relógios de sol se popularizaram e ainda não tinham surgidos os relógios mecânicos, surgiram uma serie de relógios portáteis que representavam o culminar da arte Gnomónica. Um deste relógios é o que se denomina de pastor, por serem estes os primeiros a ser utilizados</p>
<div class="more-link">
				 <a href="https://site.astrofoto.com.pt/welcome/produto/relogio-de-sol-vertical-pastor-papel/" class="btn theme-btn inverted"><span>Continuar a Ler </span></a>
			</div>
